{"id":1426,"date":"2022-08-28T08:14:41","date_gmt":"2022-08-28T07:14:41","guid":{"rendered":"https:\/\/roussesinfo.fr\/patrimoine\/?page_id=1426"},"modified":"2025-08-22T07:43:57","modified_gmt":"2025-08-22T06:43:57","slug":"felix-andiarena","status":"publish","type":"page","link":"https:\/\/roussesinfo.fr\/patrimoine\/activites-industrielles\/cable-forestier\/felix-andiarena\/","title":{"rendered":"F\u00e9lix Andiar\u00e9na"},"content":{"rendered":"<p>[et_pb_section fb_built=\u00a0\u00bb1&Prime; _builder_version=\u00a0\u00bb4.18.0&Prime; _module_preset=\u00a0\u00bbdefault\u00a0\u00bb background_image=\u00a0\u00bbhttps:\/\/roussesinfo.fr\/patrimoine\/wp-content\/uploads\/2022\/08\/Textures-parcemin_01-scaled.jpg\u00a0\u00bb custom_padding=\u00a0\u00bb11px|||||\u00a0\u00bb global_colors_info=\u00a0\u00bb{}\u00a0\u00bb][et_pb_row admin_label=\u00a0\u00bbFil arianne\u00a0\u00bb _builder_version=\u00a0\u00bb4.27.4&Prime; _module_preset=\u00a0\u00bbdefault\u00a0\u00bb width=\u00a0\u00bb95%\u00a0\u00bb max_width=\u00a0\u00bb1711px\u00a0\u00bb custom_padding=\u00a0\u00bb5px|||||\u00a0\u00bb global_colors_info=\u00a0\u00bb{}\u00a0\u00bb theme_builder_area=\u00a0\u00bbpost_content\u00a0\u00bb][et_pb_column type=\u00a0\u00bb4_4&Prime; _builder_version=\u00a0\u00bb4.25.2&Prime; _module_preset=\u00a0\u00bbdefault\u00a0\u00bb global_colors_info=\u00a0\u00bb{}\u00a0\u00bb theme_builder_area=\u00a0\u00bbpost_content\u00a0\u00bb][lwp_divi_breadcrumbs use_before_icon=\u00a0\u00bbon\u00a0\u00bb before_icon=\u00a0\u00bb&#xe074;||divi||400&Prime; link_color=\u00a0\u00bb#E02B20&Prime; separator_color=\u00a0\u00bb#0C71C3&Prime; current_text_color=\u00a0\u00bb#000000&Prime; admin_label=\u00a0\u00bbFil arianne\u00a0\u00bb _builder_version=\u00a0\u00bb4.27.4&Prime; _module_preset=\u00a0\u00bbdefault\u00a0\u00bb module_font=\u00a0\u00bbTimes New Roman|600|on||||||\u00a0\u00bb module_text_color=\u00a0\u00bb#000000&Prime; module_font_size=\u00a0\u00bb19px\u00a0\u00bb custom_margin=\u00a0\u00bb2px|||||\u00a0\u00bb global_colors_info=\u00a0\u00bb{}\u00a0\u00bb theme_builder_area=\u00a0\u00bbpost_content\u00a0\u00bb][\/lwp_divi_breadcrumbs][\/et_pb_column][\/et_pb_row][et_pb_row _builder_version=\u00a0\u00bb4.18.0&Prime; _module_preset=\u00a0\u00bbdefault\u00a0\u00bb custom_padding=\u00a0\u00bb2px|||||\u00a0\u00bb global_colors_info=\u00a0\u00bb{}\u00a0\u00bb][et_pb_column type=\u00a0\u00bb4_4&Prime; _builder_version=\u00a0\u00bb4.18.0&Prime; _module_preset=\u00a0\u00bbdefault\u00a0\u00bb global_colors_info=\u00a0\u00bb{}\u00a0\u00bb][et_pb_text _builder_version=\u00a0\u00bb4.18.0&Prime; _module_preset=\u00a0\u00bbdefault\u00a0\u00bb global_colors_info=\u00a0\u00bb{}\u00a0\u00bb]<\/p>\n<p style=\"text-align: center;\"><span style=\"font-size: 18pt;\"><strong><em><span style=\"font-family: 'times new roman', times, serif; color: #000000;\">Rousses Souvenir : F\u00e9lix Andiar\u00e9na, apr\u00e8s avoir v\u00e9cu la Retirada, avait \u00e9t\u00e9 adopt\u00e9 par le village<\/span><\/em><\/strong><\/span><\/p>\n<p>[\/et_pb_text][\/et_pb_column][\/et_pb_row][et_pb_row column_structure=\u00a0\u00bb2_3,1_3&Prime; _builder_version=\u00a0\u00bb4.18.0&Prime; _module_preset=\u00a0\u00bbdefault\u00a0\u00bb custom_margin=\u00a0\u00bb-19px|auto||auto||\u00a0\u00bb custom_padding=\u00a0\u00bb||2px|||\u00a0\u00bb global_colors_info=\u00a0\u00bb{}\u00a0\u00bb][et_pb_column type=\u00a0\u00bb2_3&Prime; _builder_version=\u00a0\u00bb4.18.0&Prime; _module_preset=\u00a0\u00bbdefault\u00a0\u00bb global_colors_info=\u00a0\u00bb{}\u00a0\u00bb][et_pb_text _builder_version=\u00a0\u00bb4.18.0&Prime; _module_preset=\u00a0\u00bbdefault\u00a0\u00bb custom_margin=\u00a0\u00bb||-1px|||\u00a0\u00bb custom_padding=\u00a0\u00bb39px|||||\u00a0\u00bb global_colors_info=\u00a0\u00bb{}\u00a0\u00bb]<\/p>\n<p style=\"text-align: justify;\"><strong><em><span style=\"font-size: 14pt; font-family: 'times new roman', times, serif; color: #000000;\">En ce d\u00e9but d&rsquo;ann\u00e9e 2019, on c\u00e9l\u00e8bre un peu partout la Retirada, ce grand mouvement d&rsquo;exode au cours duquel, voici quatre-vingts ans, pr\u00e8s de 500 000 Espagnols ont travers\u00e9 les Pyr\u00e9n\u00e9es vers la France pour: fuir leur pays d\u00e9sormais sous le joug de Franco et des fascistes qui le soutenaient. En ce froid hiver 1939, ces pauvres familles ont connu la mis\u00e8re, le froid, le d\u00e9nuement, la s\u00e9paration (voir l&rsquo;exposition aux Archives d\u00e9partementales de la Loz\u00e8re). Force de la nature \u00c0 Rousses, les habitants ont bien connu l&rsquo;un des participants \u00e0 cet exil forc\u00e9, devenu \u00e9vident pour de nombreux R\u00e9publicains espagnols. N\u00e9 \u00e0 Pampelonne le 11 juillet 1912, F\u00e9lix Andiar\u00e9na (bien peu de gens ont connu son nom de famille&#8230;) a fui son pays et s&rsquo;est retrouv\u00e9 \u00e0 Bordeaux. Il a notamment travaill\u00e9 dans une entreprise de ma\u00e7onnerie, dans des conditions de travail tr\u00e8s dures. Ensuite, il a \u00e9t\u00e9 embauch\u00e9 dans une entreprise foresti\u00e8re. Vers 1950, l&rsquo;un des responsables de cette entreprise a ouvert un chantier \u00e0 Rousses, et plusieurs ouvriers,<\/span><\/em><\/strong><\/p>\n<p>[\/et_pb_text][\/et_pb_column][et_pb_column type=\u00a0\u00bb1_3&Prime; _builder_version=\u00a0\u00bb4.18.0&Prime; _module_preset=\u00a0\u00bbdefault\u00a0\u00bb global_colors_info=\u00a0\u00bb{}\u00a0\u00bb][et_pb_image src=\u00a0\u00bbhttps:\/\/roussesinfo.fr\/patrimoine\/wp-content\/uploads\/2022\/08\/photo-de-felix.jpg\u00a0\u00bb title_text=\u00a0\u00bbphoto de felix\u00a0\u00bb align=\u00a0\u00bbcenter\u00a0\u00bb _builder_version=\u00a0\u00bb4.18.0&Prime; _module_preset=\u00a0\u00bbdefault\u00a0\u00bb global_colors_info=\u00a0\u00bb{}\u00a0\u00bb][\/et_pb_image][\/et_pb_column][\/et_pb_row][et_pb_row _builder_version=\u00a0\u00bb4.18.0&Prime; _module_preset=\u00a0\u00bbdefault\u00a0\u00bb global_colors_info=\u00a0\u00bb{}\u00a0\u00bb][et_pb_column type=\u00a0\u00bb4_4&Prime; _builder_version=\u00a0\u00bb4.18.0&Prime; _module_preset=\u00a0\u00bbdefault\u00a0\u00bb global_colors_info=\u00a0\u00bb{}\u00a0\u00bb][et_pb_text _builder_version=\u00a0\u00bb4.18.0&Prime; _module_preset=\u00a0\u00bbdefault\u00a0\u00bb custom_margin=\u00a0\u00bb-41px|||||\u00a0\u00bb global_colors_info=\u00a0\u00bb{}\u00a0\u00bb]<\/p>\n<p style=\"text-align: justify;\"><strong><em><span style=\"font-size: 14pt; font-family: 'times new roman', times, serif; color: #000000;\">F\u00e9lix Andiar\u00e9na \u00e9tait venu \u00e0 Rousses couper du bois pour les traverses de chemin de fer.<\/span><\/em><\/strong><\/p>\n<p style=\"text-align: justify;\"><strong><em><span style=\"font-size: 14pt; font-family: 'times new roman', times, serif; color: #000000;\">Dont certains en famille, se sont install\u00e9s ici. 11 s&rsquo;agissait d&rsquo;exploiter du h\u00eatre dans le bois des Ablatas. Le bois, destin\u00e9 \u00e0 fabriquer des traverses de chemin de fer, \u00e9tait achemin\u00e9 par un c\u00e2ble jusqu&rsquo;au village. Beaucoup se souviennent encore du portique construit au-dessus de la route pour \u00e9viter tout accident au passage des bal-lots de bois. Ceux-ci \u00e9taient\u00a0<\/span><\/em><\/strong><strong><em><span style=\"font-size: 14pt; font-family: 'times new roman', times, serif; color: #000000;\">ensuite sci\u00e9s par une scie \u00e0 ruban mue par une locomotive \u00e0 vapeur. Le mat\u00e9riau, charg\u00e9 sur des camions, \u00e9tait alors achemin\u00e9 vers la gare de Florac. F\u00e9lix faisait partie du personnel de l&rsquo;entreprise : il abattait les arbres tout au long de la journ\u00e9e. C&rsquo;\u00e9tait une force de la nature, un travailleur infatigable. Apr\u00e8s l&rsquo;arr\u00eat de cette exploitation,\u00a0<\/span><\/em><\/strong><strong><em><span style=\"font-size: 14pt; font-family: 'times new roman', times, serif; color: #000000;\">en 1954-1955, F\u00e9lix est rest\u00e9 \u00e0 Rousses, au hameau des Ablatats, et il a travaill\u00e9 \u00e0 la journ\u00e9e, chez des agriculteurs notamment. Vingt ans plus tard, il s&rsquo;est install\u00e9 \u00e0 Rousses, \u00e0 l&#8217;emplacement du restaurant actuel, o\u00f9 il s&rsquo;est occup\u00e9 d&rsquo;une personne \u00e2g\u00e9e jusqu&rsquo;\u00e0 son d\u00e9c\u00e8s. Les enfants de l&rsquo;\u00e9cole se souviennent de lui, car il leur achetait des bonbons. F\u00e9lix aimait bavarder ou partager un coup \u00e0 boire avec tous ceux qui passaient par l\u00e0, mais il avait une langue bien \u00e0 lui, m\u00ealant fran\u00e7ais, espagnol et un zeste d&rsquo;occitan, ce qui d\u00e9stabilisait parfois ceux qui ne le connaissaient pas bien. Il gardait le lien avec sa famille, rest\u00e9e en Espagne, qui venait parfois le voir, mais quant \u00e0 lui, m\u00eame apr\u00e8s la disparition de Franco, il n&rsquo;a jamais voulu retourner dans son pays, doutant de son \u00e9volution. Mais il parlait peu de son parcours. 11 avait \u00e9t\u00e9 adopt\u00e9 par le village qui connaissait ses grands \u00e9clats de rire comme ses sautes d&rsquo;humeur et ses coups de gueule. Frapp\u00e9 par la maladie, il s&rsquo;est \u00e9teint apr\u00e8s quelques jours d&rsquo;hospitalisation, en 1996. Mais tous ceux qui l&rsquo;ont connu gardent avec affection son souvenir. \u00ab Pop, pop, pop ! \u00bb<\/span><\/em><\/strong><\/p>\n<p style=\"text-align: justify;\"><span style=\"color: #000000; font-family: times new roman, times, serif;\"><span style=\"font-size: 18.6667px;\"><b><i>Correspondante<\/i><\/b><\/span><\/span><strong><em><span style=\"font-size: 14pt; font-family: 'times new roman', times, serif; color: #000000;\">\u00a0Midi libre<\/span><\/em><\/strong><\/p>\n<p>[\/et_pb_text][\/et_pb_column][\/et_pb_row][\/et_pb_section]<\/p>\n","protected":false},"excerpt":{"rendered":"<p><div class=\"et_pb_module lwp_divi_breadcrumbs lwp_divi_breadcrumbs_0\">\n\t\t\t\t\n\t\t\t\t\n\t\t\t\t\n\t\t\t\t\n\t\t\t\t\n\t\t\t\t\n\t\t\t\t<div class=\"et_pb_module_inner\">\n\t\t\t\t\t<div class=\"lwp-breadcrumbs\"><span class=\"before-icon et-pb-icon\">\ue074<\/span> <span class=\"before\"><\/span> <span vocab=\"https:\/\/schema.org\/\" typeof=\"BreadcrumbList\"><span property=\"itemListElement\" typeof=\"ListItem\"><a property=\"item\" typeof=\"WebPage\" href=\"https:\/\/roussesinfo.fr\/patrimoine\/\" class=\"home\"><span property=\"name\">Home<\/span><\/a><meta property=\"position\" content=\"1\"><\/span> <span class=\"separator et-pb-icon\">&#x39;<\/span> <\/span><\/div>\n\t\t\t\t<\/div>\n\t\t\t<\/div>Rousses Souvenir : F\u00e9lix Andiar\u00e9na, apr\u00e8s avoir v\u00e9cu la Retirada, avait \u00e9t\u00e9 adopt\u00e9 par le villageEn ce d\u00e9but d&rsquo;ann\u00e9e 2019, on c\u00e9l\u00e8bre un peu partout la Retirada, ce grand mouvement d&rsquo;exode au cours duquel, voici quatre-vingts ans, pr\u00e8s [&hellip;]<\/p>\n","protected":false},"author":1,"featured_media":0,"parent":1405,"menu_order":0,"comment_status":"closed","ping_status":"closed","template":"","meta":{"_et_pb_use_builder":"on","_et_pb_old_content":"","_et_gb_content_width":"","footnotes":""},"class_list":["post-1426","page","type-page","status-publish","hentry"],"_links":{"self":[{"href":"https:\/\/roussesinfo.fr\/patrimoine\/wp-json\/wp\/v2\/pages\/1426","targetHints":{"allow":["GET"]}}],"collection":[{"href":"https:\/\/roussesinfo.fr\/patrimoine\/wp-json\/wp\/v2\/pages"}],"about":[{"href":"https:\/\/roussesinfo.fr\/patrimoine\/wp-json\/wp\/v2\/types\/page"}],"author":[{"embeddable":true,"href":"https:\/\/roussesinfo.fr\/patrimoine\/wp-json\/wp\/v2\/users\/1"}],"replies":[{"embeddable":true,"href":"https:\/\/roussesinfo.fr\/patrimoine\/wp-json\/wp\/v2\/comments?post=1426"}],"version-history":[{"count":0,"href":"https:\/\/roussesinfo.fr\/patrimoine\/wp-json\/wp\/v2\/pages\/1426\/revisions"}],"up":[{"embeddable":true,"href":"https:\/\/roussesinfo.fr\/patrimoine\/wp-json\/wp\/v2\/pages\/1405"}],"wp:attachment":[{"href":"https:\/\/roussesinfo.fr\/patrimoine\/wp-json\/wp\/v2\/media?parent=1426"}],"curies":[{"name":"wp","href":"https:\/\/api.w.org\/{rel}","templated":true}]}}

Félix Andiaréna

<p>[et_pb_section fb_built= »1&Prime; _builder_version= »4.18.0&Prime; _module_preset= »default » background_image= »https://roussesinfo.fr/patrimoine/wp-content/uploads/2022/08/Textures-parcemin_01-scaled.jpg » custom_padding= »11px||||| » global_colors_info= »{} »][et_pb_row admin_label= »Fil arianne » _builder_version= »4.27.4&Prime; _module_preset= »default » width= »95% » max_width= »1711px » custom_padding= »5px||||| » global_colors_info= »{} » theme_builder_area= »post_content »][et_pb_column type= »4_4&Prime; _builder_version= »4.25.2&Prime; _module_preset= »default » global_colors_info= »{} » theme_builder_area= »post_content »][lwp_divi_breadcrumbs use_before_icon= »on » before_icon= »&#xe074;||divi||400&Prime; link_color= »#E02B20&Prime; separator_color= »#0C71C3&Prime; current_text_color= »#000000&Prime; admin_label= »Fil arianne » _builder_version= »4.27.4&Prime; _module_preset= »default » module_font= »Times New Roman|600|on|||||| » module_text_color= »#000000&Prime; module_font_size= »19px » custom_margin= »2px||||| » global_colors_info= »{} » theme_builder_area= »post_content »][/lwp_divi_breadcrumbs][/et_pb_column][/et_pb_row][et_pb_row _builder_version= »4.18.0&Prime; _module_preset= »default » custom_padding= »2px||||| » global_colors_info= »{} »][et_pb_column type= »4_4&Prime; _builder_version= »4.18.0&Prime; _module_preset= »default » global_colors_info= »{} »][et_pb_text _builder_version= »4.18.0&Prime; _module_preset= »default » global_colors_info= »{} »]</p>
<p style="text-align: center;"><span style="font-size: 18pt;"><strong><em><span style="font-family: 'times new roman', times, serif; color: #000000;">Rousses Souvenir : Félix Andiaréna, après avoir vécu la Retirada, avait été adopté par le village</span></em></strong></span></p>
<p>[/et_pb_text][/et_pb_column][/et_pb_row][et_pb_row column_structure= »2_3,1_3&Prime; _builder_version= »4.18.0&Prime; _module_preset= »default » custom_margin= »-19px|auto||auto|| » custom_padding= »||2px||| » global_colors_info= »{} »][et_pb_column type= »2_3&Prime; _builder_version= »4.18.0&Prime; _module_preset= »default » global_colors_info= »{} »][et_pb_text _builder_version= »4.18.0&Prime; _module_preset= »default » custom_margin= »||-1px||| » custom_padding= »39px||||| » global_colors_info= »{} »]</p>
<p style="text-align: justify;"><strong><em><span style="font-size: 14pt; font-family: 'times new roman', times, serif; color: #000000;">En ce début d&rsquo;année 2019, on célèbre un peu partout la Retirada, ce grand mouvement d&rsquo;exode au cours duquel, voici quatre-vingts ans, près de 500 000 Espagnols ont traversé les Pyrénées vers la France pour: fuir leur pays désormais sous le joug de Franco et des fascistes qui le soutenaient. En ce froid hiver 1939, ces pauvres familles ont connu la misère, le froid, le dénuement, la séparation (voir l&rsquo;exposition aux Archives départementales de la Lozère). Force de la nature À Rousses, les habitants ont bien connu l&rsquo;un des participants à cet exil forcé, devenu évident pour de nombreux Républicains espagnols. Né à Pampelonne le 11 juillet 1912, Félix Andiaréna (bien peu de gens ont connu son nom de famille&#8230;) a fui son pays et s&rsquo;est retrouvé à Bordeaux. Il a notamment travaillé dans une entreprise de maçonnerie, dans des conditions de travail très dures. Ensuite, il a été embauché dans une entreprise forestière. Vers 1950, l&rsquo;un des responsables de cette entreprise a ouvert un chantier à Rousses, et plusieurs ouvriers,</span></em></strong></p>
<p>[/et_pb_text][/et_pb_column][et_pb_column type= »1_3&Prime; _builder_version= »4.18.0&Prime; _module_preset= »default » global_colors_info= »{} »][et_pb_image src= »https://roussesinfo.fr/patrimoine/wp-content/uploads/2022/08/photo-de-felix.jpg » title_text= »photo de felix » align= »center » _builder_version= »4.18.0&Prime; _module_preset= »default » global_colors_info= »{} »][/et_pb_image][/et_pb_column][/et_pb_row][et_pb_row _builder_version= »4.18.0&Prime; _module_preset= »default » global_colors_info= »{} »][et_pb_column type= »4_4&Prime; _builder_version= »4.18.0&Prime; _module_preset= »default » global_colors_info= »{} »][et_pb_text _builder_version= »4.18.0&Prime; _module_preset= »default » custom_margin= »-41px||||| » global_colors_info= »{} »]</p>
<p style="text-align: justify;"><strong><em><span style="font-size: 14pt; font-family: 'times new roman', times, serif; color: #000000;">Félix Andiaréna était venu à Rousses couper du bois pour les traverses de chemin de fer.</span></em></strong></p>
<p style="text-align: justify;"><strong><em><span style="font-size: 14pt; font-family: 'times new roman', times, serif; color: #000000;">Dont certains en famille, se sont installés ici. 11 s&rsquo;agissait d&rsquo;exploiter du hêtre dans le bois des Ablatas. Le bois, destiné à fabriquer des traverses de chemin de fer, était acheminé par un câble jusqu&rsquo;au village. Beaucoup se souviennent encore du portique construit au-dessus de la route pour éviter tout accident au passage des bal-lots de bois. Ceux-ci étaient </span></em></strong><strong><em><span style="font-size: 14pt; font-family: 'times new roman', times, serif; color: #000000;">ensuite sciés par une scie à ruban mue par une locomotive à vapeur. Le matériau, chargé sur des camions, était alors acheminé vers la gare de Florac. Félix faisait partie du personnel de l&rsquo;entreprise : il abattait les arbres tout au long de la journée. C&rsquo;était une force de la nature, un travailleur infatigable. Après l&rsquo;arrêt de cette exploitation, </span></em></strong><strong><em><span style="font-size: 14pt; font-family: 'times new roman', times, serif; color: #000000;">en 1954-1955, Félix est resté à Rousses, au hameau des Ablatats, et il a travaillé à la journée, chez des agriculteurs notamment. Vingt ans plus tard, il s&rsquo;est installé à Rousses, à l&#8217;emplacement du restaurant actuel, où il s&rsquo;est occupé d&rsquo;une personne âgée jusqu&rsquo;à son décès. Les enfants de l&rsquo;école se souviennent de lui, car il leur achetait des bonbons. Félix aimait bavarder ou partager un coup à boire avec tous ceux qui passaient par là, mais il avait une langue bien à lui, mêlant français, espagnol et un zeste d&rsquo;occitan, ce qui déstabilisait parfois ceux qui ne le connaissaient pas bien. Il gardait le lien avec sa famille, restée en Espagne, qui venait parfois le voir, mais quant à lui, même après la disparition de Franco, il n&rsquo;a jamais voulu retourner dans son pays, doutant de son évolution. Mais il parlait peu de son parcours. 11 avait été adopté par le village qui connaissait ses grands éclats de rire comme ses sautes d&rsquo;humeur et ses coups de gueule. Frappé par la maladie, il s&rsquo;est éteint après quelques jours d&rsquo;hospitalisation, en 1996. Mais tous ceux qui l&rsquo;ont connu gardent avec affection son souvenir. « Pop, pop, pop ! »</span></em></strong></p>
<p style="text-align: justify;"><span style="color: #000000; font-family: times new roman, times, serif;"><span style="font-size: 18.6667px;"><b><i>Correspondante</i></b></span></span><strong><em><span style="font-size: 14pt; font-family: 'times new roman', times, serif; color: #000000;"> Midi libre</span></em></strong></p>
<p>[/et_pb_text][/et_pb_column][/et_pb_row][/et_pb_section]</p>

<p><div class="et_pb_module lwp_divi_breadcrumbs lwp_divi_breadcrumbs_0">
				
				
				
				
				
				
				<div class="et_pb_module_inner">
					<div class="lwp-breadcrumbs"><span class="before-icon et-pb-icon"></span> <span class="before"></span> <span vocab="https://schema.org/" typeof="BreadcrumbList"><span property="itemListElement" typeof="ListItem"><a property="item" typeof="WebPage" href="https://roussesinfo.fr/patrimoine/" class="home"><span property="name">Home</span></a><meta property="position" content="1"></span> <span class="separator et-pb-icon">&#x39;</span> </span></div>
				</div>
			</div>Rousses Souvenir : Félix Andiaréna, après avoir vécu la Retirada, avait été adopté par le villageEn ce début d&rsquo;année 2019, on célèbre un peu partout la Retirada, ce grand mouvement d&rsquo;exode au cours duquel, voici quatre-vingts ans, près [&hellip;]</p>
