{"id":1455,"date":"2022-08-28T10:23:25","date_gmt":"2022-08-28T09:23:25","guid":{"rendered":"https:\/\/roussesinfo.fr\/patrimoine\/?page_id=1455"},"modified":"2025-08-22T07:44:49","modified_gmt":"2025-08-22T06:44:49","slug":"les-cablistes-italiens-dans-les-pyrenees","status":"publish","type":"page","link":"https:\/\/roussesinfo.fr\/patrimoine\/activites-industrielles\/cable-forestier\/les-cablistes-italiens-dans-les-pyrenees\/","title":{"rendered":"Les cablistes Italiens dans les Pyr\u00e9n\u00e9es"},"content":{"rendered":"<p>[et_pb_section fb_built=\u00a0\u00bb1&Prime; _builder_version=\u00a0\u00bb4.18.0&Prime; _module_preset=\u00a0\u00bbdefault\u00a0\u00bb background_image=\u00a0\u00bbhttps:\/\/roussesinfo.fr\/patrimoine\/wp-content\/uploads\/2022\/08\/Textures-parcemin_01-scaled.jpg\u00a0\u00bb custom_padding=\u00a0\u00bb3px|||||\u00a0\u00bb global_colors_info=\u00a0\u00bb{}\u00a0\u00bb][et_pb_row admin_label=\u00a0\u00bbFil arianne\u00a0\u00bb _builder_version=\u00a0\u00bb4.27.4&Prime; _module_preset=\u00a0\u00bbdefault\u00a0\u00bb width=\u00a0\u00bb95%\u00a0\u00bb max_width=\u00a0\u00bb1711px\u00a0\u00bb custom_padding=\u00a0\u00bb5px|||||\u00a0\u00bb global_colors_info=\u00a0\u00bb{}\u00a0\u00bb theme_builder_area=\u00a0\u00bbpost_content\u00a0\u00bb][et_pb_column type=\u00a0\u00bb4_4&Prime; _builder_version=\u00a0\u00bb4.25.2&Prime; _module_preset=\u00a0\u00bbdefault\u00a0\u00bb global_colors_info=\u00a0\u00bb{}\u00a0\u00bb theme_builder_area=\u00a0\u00bbpost_content\u00a0\u00bb][lwp_divi_breadcrumbs use_before_icon=\u00a0\u00bbon\u00a0\u00bb before_icon=\u00a0\u00bb&#xe074;||divi||400&Prime; link_color=\u00a0\u00bb#E02B20&Prime; separator_color=\u00a0\u00bb#0C71C3&Prime; current_text_color=\u00a0\u00bb#000000&Prime; admin_label=\u00a0\u00bbFil arianne\u00a0\u00bb _builder_version=\u00a0\u00bb4.27.4&Prime; _module_preset=\u00a0\u00bbdefault\u00a0\u00bb module_font=\u00a0\u00bbTimes New Roman|600|on||||||\u00a0\u00bb module_text_color=\u00a0\u00bb#000000&Prime; module_font_size=\u00a0\u00bb19px\u00a0\u00bb custom_margin=\u00a0\u00bb2px|||||\u00a0\u00bb global_colors_info=\u00a0\u00bb{}\u00a0\u00bb theme_builder_area=\u00a0\u00bbpost_content\u00a0\u00bb][\/lwp_divi_breadcrumbs][\/et_pb_column][\/et_pb_row][et_pb_row _builder_version=\u00a0\u00bb4.18.0&Prime; _module_preset=\u00a0\u00bbdefault\u00a0\u00bb width=\u00a0\u00bb85%\u00a0\u00bb max_width=\u00a0\u00bb2175px\u00a0\u00bb custom_padding=\u00a0\u00bb8px|||||\u00a0\u00bb global_colors_info=\u00a0\u00bb{}\u00a0\u00bb][et_pb_column type=\u00a0\u00bb4_4&Prime; _builder_version=\u00a0\u00bb4.18.0&Prime; _module_preset=\u00a0\u00bbdefault\u00a0\u00bb global_colors_info=\u00a0\u00bb{}\u00a0\u00bb][et_pb_text _builder_version=\u00a0\u00bb4.18.0&Prime; _module_preset=\u00a0\u00bbdefault\u00a0\u00bb global_colors_info=\u00a0\u00bb{}\u00a0\u00bb]<\/p>\n<p style=\"text-align: center;\"><span style=\"font-size: 18pt; font-family: 'times new roman', times, serif; color: #000000;\"><strong><em>Les cablistes Italiens dans les Pyr\u00e9n\u00e9es<\/em><\/strong><\/span><\/p>\n<p style=\"text-align: center;\"><span style=\"color: #000000;\"><strong><em><span style=\"font-size: 14pt; font-family: 'times new roman', times, serif;\">15 Oct 2013\u00a0|\u00a0<a style=\"color: #000000;\" href=\"https:\/\/www.radici-press.net\/category\/archive\/\">Archive<\/a>,\u00a0<a style=\"color: #000000;\" href=\"https:\/\/www.radici-press.net\/category\/emigrazione\/\">Emigrazione<\/a>,\u00a0<a style=\"color: #000000;\" href=\"https:\/\/www.radici-press.net\/category\/archive\/radici-69\/\">N\u00b0 69<\/a>\u00a0|\u00a0<a style=\"color: #000000;\" href=\"https:\/\/www.radici-press.net\/cablistes\/#comments\" target=\"_blank\" rel=\"noopener\">0\u00a0 \u00a0 \u00a0 \u00a0 \u00a0 \u00a0 \u00a0 \u00a0 \u00a0 \u00a0 \u00a0 \u00a0 \u00a0 \u00a0 \u00a0 \u00a0 <\/a><\/span><\/em><\/strong><\/span><span style=\"font-family: 'times new roman', times, serif; font-size: 12pt; color: #000000;\"><em><strong><a style=\"color: #000000;\" href=\"https:\/\/roussesinfo.fr\/patrimoine\/wp-content\/uploads\/2022\/09\/Les-cablistes-Italiens-dans-les-Pyrenees.pdf\" target=\"_blank\" rel=\"attachment noopener wp-att-3257\">Voir &amp; t\u00e9l\u00e9charger le \u00ab\u00a0Pdf \u00ab\u00a0<\/a><\/strong><\/em><\/span><\/p>\n<p>[\/et_pb_text][et_pb_text _builder_version=\u00a0\u00bb4.18.0&Prime; _module_preset=\u00a0\u00bbdefault\u00a0\u00bb global_colors_info=\u00a0\u00bb{}\u00a0\u00bb]<a href=\"https:\/\/roussesinfo.fr\/patrimoine\/wp-content\/uploads\/2022\/08\/tricable-pour-italien.jpg\"><img type=\"image\/webp\" class=\"wp-image-1458 alignnone size-full lws-optimize-lazyload\" style=\"display: block; margin-left: auto; margin-right: auto;\"  alt=\"\" width=\"810\" height=\"540\" \/ data-src=\"https:\/\/roussesinfo.fr\/patrimoine\/wp-content\/uploads\/2022\/08\/tricable-pour-italien.jpg\"><\/a><\/p>\n<p style=\"text-align: justify;\">\u00a0<span style=\"color: #000000;\"><strong><em><span style=\"font-size: 14pt; font-family: 'times new roman', times, serif;\">A la fin du\u00a0 XIXE\u00a0 si\u00e8cle, les Bergamasques ont invent\u00e9 un formidable outil pour d\u00e9barder les arbres en montagne: Le tric\u00e2ble.<\/span><\/em><\/strong><\/span><\/p>\n<p style=\"text-align: justify;\"><span style=\"color: #000000;\"><strong><em><span style=\"font-size: 14pt; font-family: 'times new roman', times, serif;\">Pr\u00e9sentation de cette invention m\u00e9connue gr\u00e2ce \u00e0 laquelle ont pu \u00eatre davantage exploit\u00e9s les bois des for\u00eats fran\u00e7aises.<\/span><\/em><\/strong><\/span><\/p>\n<p style=\"text-align: justify;\"><span style=\"color: #000000;\"><strong><em><span style=\"font-size: 14pt; font-family: 'times new roman', times, serif;\">Le tric\u00e2ble ? Une installation de transport des bois, longue de plusieurs kilom\u00e8tres et fonctionnant \u00e0 l\u2019aide de la simple gravit\u00e9, faite de bois, d\u2019acier et de savoir-faire humain. La famille Moretti, originaire de Brambilla, nous conduira dans les Pyr\u00e9n\u00e9es ; comme d\u2019autres Bergamasques, durant la premi\u00e8re moiti\u00e9 du XXe si\u00e8cle, elle y installa des tric\u00e2bles dont certains sont encore c\u00e9l\u00e8bres.<\/span><\/em><\/strong><\/span><\/p>\n<p style=\"text-align: justify;\"><span style=\"color: #000000;\"><strong><em><span style=\"font-size: 14pt; font-family: 'times new roman', times, serif;\">Les tric\u00e2bles, une invention des Bergamasques\u00a0<\/span><\/em><\/strong><\/span><br \/>\n<span style=\"color: #000000;\"><strong><em><span style=\"font-size: 14pt; font-family: 'times new roman', times, serif;\">Avant que n\u2019existent les routes foresti\u00e8res \u2013 qui ont remplac\u00e9 les c\u00e2bles de transport \u2013, toutes les grumes (troncs d\u2019arbres abattus) des montagnes de France \u00e9taient descendues par d\u2019\u00e9normes installations de bois et d\u2019acier selon un savoir-faire mis au point dans les Alpes bergamasques, encore austro-hongroises lors de l\u2019invention des tric\u00e2bles. \u00c0 l\u2019\u00e9poque, les possibilit\u00e9s de lan\u00e7age de bois dans les pentes \u00e9taient toujours limit\u00e9es. En France, durant un demi-si\u00e8cle, la totalit\u00e9 des tric\u00e2bles fut install\u00e9e et mise en \u0153uvre par les inventeurs de ce t\u00e9l\u00e9ph\u00e9rique \u00e0 la fois rustique et ing\u00e9nieux. Le principe des t\u00e9l\u00e9ph\u00e9riques des stations de ski est \u00e0 peu pr\u00e8s le m\u00eame. Il s\u2019agissait alors d\u2019un outil gigantesque, avec des trac\u00e9s en parfaite ligne droite pouvant atteindre, comme \u00e0 Laruns (Pyr\u00e9n\u00e9es-Atlantiques) 13 km, un record. Il est difficile de d\u00e9crire rapidement les divers \u00e9l\u00e9ments d\u2019un tric\u00e2ble (cf. sch\u00e9ma ci-dessus) et d\u2019expliquer comment, sans autre \u00e9nergie que la gravit\u00e9, des dizaines de millions de m3 de bois ont \u00e9t\u00e9 ainsi d\u00e9bard\u00e9s des hautes montagnes fran\u00e7aises.<\/span><\/em><\/strong><\/span><br \/>\n<span style=\"color: #000000;\"><strong><em><span style=\"font-size: 14pt; font-family: 'times new roman', times, serif;\">Seul un film montre le montage d\u2019un tric\u00e2ble. Tourn\u00e9 en 1958 par l\u2019\u00c9cole nationale des Eaux et For\u00eats de Nancy, il illustre on ne peut mieux les conditions de travail n\u00e9cessaires pour le construire. Avant d\u2019installer le c\u00e2ble lui-m\u00eame, il fallait creuser, pour les ancrages en amont et en aval, des trous de 25 m3, capables de supporter des tensions de 10 \u00e0 15 tonnes. Il fallait monter des pyl\u00f4nes avec une partie des arbres, construire les quais de d\u00e9part et d\u2019arriv\u00e9e des grumes, \u00e9difier les b\u00e2tis pour supporter les poulies. L\u2019ensemble de ces travaux en bois \u00e9tait r\u00e9alis\u00e9 sur place, \u00e0 la hache et au passe-partout. Un film du site du mus\u00e9e d\u2019Udine permet de voir le fonctionnement d\u2019un tric\u00e2ble en 1948.<\/span><\/em><\/strong><\/span><br \/>\n<span style=\"color: #000000;\"><strong><em><span style=\"font-size: 14pt; font-family: 'times new roman', times, serif;\">Dans les Alpes, le tric\u00e2ble se r\u00e9pand tr\u00e8s vite. En 1895, dans le seul Tessin, on comptait d\u00e9j\u00e0 165 km de lignes de tric\u00e2bles. En 1878, c\u2019est la famille Mazza qui en monte un en Haute-Savoie, une premi\u00e8re en France. En 1975, c\u2019est \u00e9galement un Mazza qui montera le dernier tric\u00e2ble fran\u00e7ais \u00e0 Cauterets (Hautes-Pyr\u00e9n\u00e9es). Les Mazza et leurs \u00e9quipes de c\u00e2blistes \u00e9taient, depuis 1917, devenus salari\u00e9s de l\u2019entreprise Lombardi et Morello. Ing\u00e9nieurs, ce Suisse (du Tessin) et cet Italien (de Palerme) disposaient ainsi d\u2019outils de d\u00e9bardage int\u00e9gr\u00e9s \u00e0 leur entreprise de sciage et de construction de pr\u00e9fabriqu\u00e9s en bois. Avec plus de 1 000 employ\u00e9s \u00e0 la fin des ann\u00e9es 1930, l\u2019entreprise b\u00e9arnaise \u00e9tait devenue la plus importante de France dans ce domaine. Durant cinquante ans, tout leur approvisionnement d\u00e9pendit du savoir-faire des c\u00e2blistes italiens.<\/span><\/em><\/strong><\/span><\/p>\n<h3 style=\"text-align: justify;\"><span style=\"color: #000000;\"><strong><em><span style=\"font-size: 14pt; font-family: 'times new roman', times, serif;\">Michel Bartoli et Ode Pereira<\/span><\/em><\/strong><\/span><\/h3>\n<p>[\/et_pb_text][\/et_pb_column][\/et_pb_row][\/et_pb_section]<\/p>\n","protected":false},"excerpt":{"rendered":"<p><div class=\"et_pb_module lwp_divi_breadcrumbs lwp_divi_breadcrumbs_0\">\n\t\t\t\t\n\t\t\t\t\n\t\t\t\t\n\t\t\t\t\n\t\t\t\t\n\t\t\t\t\n\t\t\t\t<div class=\"et_pb_module_inner\">\n\t\t\t\t\t<div class=\"lwp-breadcrumbs\"><span class=\"before-icon et-pb-icon\">\ue074<\/span> <span class=\"before\"><\/span> <span vocab=\"https:\/\/schema.org\/\" typeof=\"BreadcrumbList\"><span property=\"itemListElement\" typeof=\"ListItem\"><a property=\"item\" typeof=\"WebPage\" href=\"https:\/\/roussesinfo.fr\/patrimoine\/\" class=\"home\"><span property=\"name\">Home<\/span><\/a><meta property=\"position\" content=\"1\"><\/span> <span class=\"separator et-pb-icon\">&#x39;<\/span> <\/span><\/div>\n\t\t\t\t<\/div>\n\t\t\t<\/div>Les cablistes Italiens dans les Pyr\u00e9n\u00e9es 15 Oct 2013\u00a0|\u00a0Archive,\u00a0Emigrazione,\u00a0N\u00b0 69\u00a0|\u00a00\u00a0 \u00a0 \u00a0 \u00a0 \u00a0 \u00a0 \u00a0 \u00a0 \u00a0 \u00a0 \u00a0 \u00a0 \u00a0 \u00a0 \u00a0 \u00a0 Voir &amp; t\u00e9l\u00e9charger le \u00ab\u00a0Pdf \u00a0\u00bb \u00a0A la fin du\u00a0 XIXE\u00a0 si\u00e8cle, les [&hellip;]<\/p>\n","protected":false},"author":1,"featured_media":0,"parent":1405,"menu_order":0,"comment_status":"closed","ping_status":"closed","template":"","meta":{"_et_pb_use_builder":"on","_et_pb_old_content":"","_et_gb_content_width":"","footnotes":""},"class_list":["post-1455","page","type-page","status-publish","hentry"],"_links":{"self":[{"href":"https:\/\/roussesinfo.fr\/patrimoine\/wp-json\/wp\/v2\/pages\/1455","targetHints":{"allow":["GET"]}}],"collection":[{"href":"https:\/\/roussesinfo.fr\/patrimoine\/wp-json\/wp\/v2\/pages"}],"about":[{"href":"https:\/\/roussesinfo.fr\/patrimoine\/wp-json\/wp\/v2\/types\/page"}],"author":[{"embeddable":true,"href":"https:\/\/roussesinfo.fr\/patrimoine\/wp-json\/wp\/v2\/users\/1"}],"replies":[{"embeddable":true,"href":"https:\/\/roussesinfo.fr\/patrimoine\/wp-json\/wp\/v2\/comments?post=1455"}],"version-history":[{"count":0,"href":"https:\/\/roussesinfo.fr\/patrimoine\/wp-json\/wp\/v2\/pages\/1455\/revisions"}],"up":[{"embeddable":true,"href":"https:\/\/roussesinfo.fr\/patrimoine\/wp-json\/wp\/v2\/pages\/1405"}],"wp:attachment":[{"href":"https:\/\/roussesinfo.fr\/patrimoine\/wp-json\/wp\/v2\/media?parent=1455"}],"curies":[{"name":"wp","href":"https:\/\/api.w.org\/{rel}","templated":true}]}}

Les cablistes Italiens dans les Pyrénées

<p>[et_pb_section fb_built= »1&Prime; _builder_version= »4.18.0&Prime; _module_preset= »default » background_image= »https://roussesinfo.fr/patrimoine/wp-content/uploads/2022/08/Textures-parcemin_01-scaled.jpg » custom_padding= »3px||||| » global_colors_info= »{} »][et_pb_row admin_label= »Fil arianne » _builder_version= »4.27.4&Prime; _module_preset= »default » width= »95% » max_width= »1711px » custom_padding= »5px||||| » global_colors_info= »{} » theme_builder_area= »post_content »][et_pb_column type= »4_4&Prime; _builder_version= »4.25.2&Prime; _module_preset= »default » global_colors_info= »{} » theme_builder_area= »post_content »][lwp_divi_breadcrumbs use_before_icon= »on » before_icon= »&#xe074;||divi||400&Prime; link_color= »#E02B20&Prime; separator_color= »#0C71C3&Prime; current_text_color= »#000000&Prime; admin_label= »Fil arianne » _builder_version= »4.27.4&Prime; _module_preset= »default » module_font= »Times New Roman|600|on|||||| » module_text_color= »#000000&Prime; module_font_size= »19px » custom_margin= »2px||||| » global_colors_info= »{} » theme_builder_area= »post_content »][/lwp_divi_breadcrumbs][/et_pb_column][/et_pb_row][et_pb_row _builder_version= »4.18.0&Prime; _module_preset= »default » width= »85% » max_width= »2175px » custom_padding= »8px||||| » global_colors_info= »{} »][et_pb_column type= »4_4&Prime; _builder_version= »4.18.0&Prime; _module_preset= »default » global_colors_info= »{} »][et_pb_text _builder_version= »4.18.0&Prime; _module_preset= »default » global_colors_info= »{} »]</p>
<p style="text-align: center;"><span style="font-size: 18pt; font-family: 'times new roman', times, serif; color: #000000;"><strong><em>Les cablistes Italiens dans les Pyrénées</em></strong></span></p>
<p style="text-align: center;"><span style="color: #000000;"><strong><em><span style="font-size: 14pt; font-family: 'times new roman', times, serif;">15 Oct 2013 | <a style="color: #000000;" href="https://www.radici-press.net/category/archive/">Archive</a>, <a style="color: #000000;" href="https://www.radici-press.net/category/emigrazione/">Emigrazione</a>, <a style="color: #000000;" href="https://www.radici-press.net/category/archive/radici-69/">N° 69</a> | <a style="color: #000000;" href="https://www.radici-press.net/cablistes/#comments" target="_blank" rel="noopener">0                                </a></span></em></strong></span><span style="font-family: 'times new roman', times, serif; font-size: 12pt; color: #000000;"><em><strong><a style="color: #000000;" href="https://roussesinfo.fr/patrimoine/wp-content/uploads/2022/09/Les-cablistes-Italiens-dans-les-Pyrenees.pdf" target="_blank" rel="attachment noopener wp-att-3257">Voir &amp; télécharger le « Pdf « </a></strong></em></span></p>
<p>[/et_pb_text][et_pb_text _builder_version= »4.18.0&Prime; _module_preset= »default » global_colors_info= »{} »]<a href="https://roussesinfo.fr/patrimoine/wp-content/uploads/2022/08/tricable-pour-italien.jpg"><img type="image/webp" class="wp-image-1458 alignnone size-full lws-optimize-lazyload" style="display: block; margin-left: auto; margin-right: auto;"  alt="" width="810" height="540" / data-src="https://roussesinfo.fr/patrimoine/wp-content/uploads/2022/08/tricable-pour-italien.jpg"></a></p>
<p style="text-align: justify;"> <span style="color: #000000;"><strong><em><span style="font-size: 14pt; font-family: 'times new roman', times, serif;">A la fin du  XIXE  siècle, les Bergamasques ont inventé un formidable outil pour débarder les arbres en montagne: Le tricâble.</span></em></strong></span></p>
<p style="text-align: justify;"><span style="color: #000000;"><strong><em><span style="font-size: 14pt; font-family: 'times new roman', times, serif;">Présentation de cette invention méconnue grâce à laquelle ont pu être davantage exploités les bois des forêts françaises.</span></em></strong></span></p>
<p style="text-align: justify;"><span style="color: #000000;"><strong><em><span style="font-size: 14pt; font-family: 'times new roman', times, serif;">Le tricâble ? Une installation de transport des bois, longue de plusieurs kilomètres et fonctionnant à l’aide de la simple gravité, faite de bois, d’acier et de savoir-faire humain. La famille Moretti, originaire de Brambilla, nous conduira dans les Pyrénées ; comme d’autres Bergamasques, durant la première moitié du XXe siècle, elle y installa des tricâbles dont certains sont encore célèbres.</span></em></strong></span></p>
<p style="text-align: justify;"><span style="color: #000000;"><strong><em><span style="font-size: 14pt; font-family: 'times new roman', times, serif;">Les tricâbles, une invention des Bergamasques </span></em></strong></span><br />
<span style="color: #000000;"><strong><em><span style="font-size: 14pt; font-family: 'times new roman', times, serif;">Avant que n’existent les routes forestières – qui ont remplacé les câbles de transport –, toutes les grumes (troncs d’arbres abattus) des montagnes de France étaient descendues par d’énormes installations de bois et d’acier selon un savoir-faire mis au point dans les Alpes bergamasques, encore austro-hongroises lors de l’invention des tricâbles. À l’époque, les possibilités de lançage de bois dans les pentes étaient toujours limitées. En France, durant un demi-siècle, la totalité des tricâbles fut installée et mise en œuvre par les inventeurs de ce téléphérique à la fois rustique et ingénieux. Le principe des téléphériques des stations de ski est à peu près le même. Il s’agissait alors d’un outil gigantesque, avec des tracés en parfaite ligne droite pouvant atteindre, comme à Laruns (Pyrénées-Atlantiques) 13 km, un record. Il est difficile de décrire rapidement les divers éléments d’un tricâble (cf. schéma ci-dessus) et d’expliquer comment, sans autre énergie que la gravité, des dizaines de millions de m3 de bois ont été ainsi débardés des hautes montagnes françaises.</span></em></strong></span><br />
<span style="color: #000000;"><strong><em><span style="font-size: 14pt; font-family: 'times new roman', times, serif;">Seul un film montre le montage d’un tricâble. Tourné en 1958 par l’École nationale des Eaux et Forêts de Nancy, il illustre on ne peut mieux les conditions de travail nécessaires pour le construire. Avant d’installer le câble lui-même, il fallait creuser, pour les ancrages en amont et en aval, des trous de 25 m3, capables de supporter des tensions de 10 à 15 tonnes. Il fallait monter des pylônes avec une partie des arbres, construire les quais de départ et d’arrivée des grumes, édifier les bâtis pour supporter les poulies. L’ensemble de ces travaux en bois était réalisé sur place, à la hache et au passe-partout. Un film du site du musée d’Udine permet de voir le fonctionnement d’un tricâble en 1948.</span></em></strong></span><br />
<span style="color: #000000;"><strong><em><span style="font-size: 14pt; font-family: 'times new roman', times, serif;">Dans les Alpes, le tricâble se répand très vite. En 1895, dans le seul Tessin, on comptait déjà 165 km de lignes de tricâbles. En 1878, c’est la famille Mazza qui en monte un en Haute-Savoie, une première en France. En 1975, c’est également un Mazza qui montera le dernier tricâble français à Cauterets (Hautes-Pyrénées). Les Mazza et leurs équipes de câblistes étaient, depuis 1917, devenus salariés de l’entreprise Lombardi et Morello. Ingénieurs, ce Suisse (du Tessin) et cet Italien (de Palerme) disposaient ainsi d’outils de débardage intégrés à leur entreprise de sciage et de construction de préfabriqués en bois. Avec plus de 1 000 employés à la fin des années 1930, l’entreprise béarnaise était devenue la plus importante de France dans ce domaine. Durant cinquante ans, tout leur approvisionnement dépendit du savoir-faire des câblistes italiens.</span></em></strong></span></p>
<h3 style="text-align: justify;"><span style="color: #000000;"><strong><em><span style="font-size: 14pt; font-family: 'times new roman', times, serif;">Michel Bartoli et Ode Pereira</span></em></strong></span></h3>
<p>[/et_pb_text][/et_pb_column][/et_pb_row][/et_pb_section]</p>

<p><div class="et_pb_module lwp_divi_breadcrumbs lwp_divi_breadcrumbs_0">
				
				
				
				
				
				
				<div class="et_pb_module_inner">
					<div class="lwp-breadcrumbs"><span class="before-icon et-pb-icon"></span> <span class="before"></span> <span vocab="https://schema.org/" typeof="BreadcrumbList"><span property="itemListElement" typeof="ListItem"><a property="item" typeof="WebPage" href="https://roussesinfo.fr/patrimoine/" class="home"><span property="name">Home</span></a><meta property="position" content="1"></span> <span class="separator et-pb-icon">&#x39;</span> </span></div>
				</div>
			</div>Les cablistes Italiens dans les Pyrénées 15 Oct 2013 | Archive, Emigrazione, N° 69 | 0                                Voir &amp; télécharger le « Pdf  »  A la fin du  XIXE  siècle, les [&hellip;]</p>
