{"id":1630,"date":"2022-08-29T16:31:08","date_gmt":"2022-08-29T15:31:08","guid":{"rendered":"https:\/\/roussesinfo.fr\/patrimoine\/?page_id=1630"},"modified":"2024-07-01T07:45:03","modified_gmt":"2024-07-01T06:45:03","slug":"liens","status":"publish","type":"page","link":"https:\/\/roussesinfo.fr\/patrimoine\/liens\/","title":{"rendered":"liens"},"content":{"rendered":"<p>[et_pb_section fb_built=\u00a0\u00bb1&Prime; _builder_version=\u00a0\u00bb4.18.0&Prime; _module_preset=\u00a0\u00bbdefault\u00a0\u00bb background_image=\u00a0\u00bbhttps:\/\/roussesinfo.fr\/patrimoine\/wp-content\/uploads\/2022\/08\/Textures-parcemin_02-scaled.jpg\u00a0\u00bb custom_padding=\u00a0\u00bb8px|||||\u00a0\u00bb global_colors_info=\u00a0\u00bb{}\u00a0\u00bb][et_pb_row _builder_version=\u00a0\u00bb4.25.2&Prime; _module_preset=\u00a0\u00bbdefault\u00a0\u00bb custom_padding=\u00a0\u00bb5px|||||\u00a0\u00bb global_colors_info=\u00a0\u00bb{}\u00a0\u00bb theme_builder_area=\u00a0\u00bbpost_content\u00a0\u00bb][et_pb_column type=\u00a0\u00bb4_4&Prime; _builder_version=\u00a0\u00bb4.25.2&Prime; _module_preset=\u00a0\u00bbdefault\u00a0\u00bb global_colors_info=\u00a0\u00bb{}\u00a0\u00bb theme_builder_area=\u00a0\u00bbpost_content\u00a0\u00bb][lwp_divi_breadcrumbs home_text=\u00a0\u00bbAccueil\u00a0\u00bb use_before_icon=\u00a0\u00bbon\u00a0\u00bb before_icon=\u00a0\u00bb&#xe074;||divi||400&Prime; _builder_version=\u00a0\u00bb4.25.2&Prime; _module_preset=\u00a0\u00bbdefault\u00a0\u00bb custom_margin=\u00a0\u00bb2px|||||\u00a0\u00bb global_colors_info=\u00a0\u00bb{}\u00a0\u00bb theme_builder_area=\u00a0\u00bbpost_content\u00a0\u00bb][\/lwp_divi_breadcrumbs][\/et_pb_column][\/et_pb_row][et_pb_row _builder_version=\u00a0\u00bb4.18.0&Prime; _module_preset=\u00a0\u00bbdefault\u00a0\u00bb custom_padding=\u00a0\u00bb8px|||||\u00a0\u00bb global_colors_info=\u00a0\u00bb{}\u00a0\u00bb][et_pb_column type=\u00a0\u00bb4_4&Prime; _builder_version=\u00a0\u00bb4.18.0&Prime; _module_preset=\u00a0\u00bbdefault\u00a0\u00bb global_colors_info=\u00a0\u00bb{}\u00a0\u00bb][et_pb_text _builder_version=\u00a0\u00bb4.18.0&Prime; _module_preset=\u00a0\u00bbdefault\u00a0\u00bb global_colors_info=\u00a0\u00bb{}\u00a0\u00bb]<\/p>\n<p style=\"text-align: center;\"><em><strong><span style=\"font-size: 18pt; font-family: 'times new roman', times, serif; color: #000000;\">Liens\u00a0<\/span><\/strong><\/em><\/p>\n<p>[\/et_pb_text][\/et_pb_column][\/et_pb_row][et_pb_row column_structure=\u00a0\u00bb1_2,1_2&Prime; _builder_version=\u00a0\u00bb4.18.0&Prime; _module_preset=\u00a0\u00bbdefault\u00a0\u00bb custom_padding=\u00a0\u00bb0px|||||\u00a0\u00bb global_colors_info=\u00a0\u00bb{}\u00a0\u00bb][et_pb_column type=\u00a0\u00bb1_2&Prime; _builder_version=\u00a0\u00bb4.18.0&Prime; _module_preset=\u00a0\u00bbdefault\u00a0\u00bb global_colors_info=\u00a0\u00bb{}\u00a0\u00bb][et_pb_text _builder_version=\u00a0\u00bb4.22.2&Prime; _module_preset=\u00a0\u00bbdefault\u00a0\u00bb custom_padding=\u00a0\u00bb81px|||||\u00a0\u00bb global_colors_info=\u00a0\u00bb{}\u00a0\u00bb]<\/p>\n<p><span style=\"color: #0000ff;\"><em><strong><span style=\"font-size: 14pt; font-family: 'times new roman', times, serif;\"><a style=\"color: #0000ff;\" href=\"https:\/\/geneafrance.com\/?i=48130\" target=\"_blank\" rel=\"noopener\">G\u00e9n\u00e9afrance page de Rousses<\/a><\/span><\/strong><\/em><\/span><\/p>\n<p><span style=\"color: #0000ff;\"><span style=\"font-family: 'times new roman', times, serif; font-size: 14pt;\"><strong><em><a style=\"color: #0000ff;\" href=\"https:\/\/www.reveeveille.net\/cevennevivante\/\" target=\"_blank\" rel=\"noopener\">C\u00e9vennes vivantes de Marc\u00a0<\/a><\/em><\/strong><\/span><span style=\"font-family: 'times new roman', times, serif;\"><span style=\"font-size: 18.6667px;\"><b><i>Lemonnier<\/i><\/b><\/span><\/span><\/span><\/p>\n<p><span style=\"font-family: 'times new roman', times, serif; font-size: 14pt; color: #0000ff;\"><strong><em><a style=\"color: #0000ff;\" href=\"https:\/\/www.maisonrouge-musee.fr\/\" target=\"_blank\" rel=\"noopener\">Le mus\u00e9e C\u00e9venol Maison Rouge<\/a> <\/em><\/strong><\/span><\/p>\n<p><span style=\"font-family: 'times new roman', times, serif; font-size: 14pt; color: #0000ff;\"><strong><em><a style=\"color: #0000ff;\" href=\"https:\/\/www.tourismegard.com\/mialet\/le-musee-du-desert\/tabid\/2861\/offreid\/03abef1f-b7ca-414a-80fd-182751d5a59f\" target=\"_blank\" rel=\"noopener\">Le Mus\u00e9e du D\u00e9sert<\/a> <\/em><\/strong><\/span><\/p>\n<p><span style=\"font-family: 'times new roman', times, serif; font-size: 14pt; color: #0000ff;\"><strong><em><a style=\"color: #0000ff;\" href=\"https:\/\/patrimoine-bassurels.fr\/\" target=\"_blank\" rel=\"noopener\">Patrimoine de Bassurels<\/a> <\/em><\/strong><\/span><\/p>\n<p><span style=\"font-family: 'times new roman', times, serif; font-size: 14pt; color: #0000ff;\"><strong><em><a style=\"color: #0000ff;\" href=\"http:\/\/www.causses-et-cevennes.fr\/\" target=\"_blank\" rel=\"noopener\">Causses et C\u00e9vennes<\/a><\/em><\/strong><\/span><\/p>\n<p><span style=\"color: #0000ff;\"><span style=\"font-family: 'times new roman', times, serif; font-size: 14pt;\"><strong><em><a style=\"color: #0000ff;\" href=\"https:\/\/lozere.fr\/solidarite-territoriale-attractivite\/culture\/le-patrimoine-culturel-de-la-lozere.html#:~:text=Avec%20la%20pr%C3%A9sence%20de%20plus%20de%20350%20menhirs,suscitent%20toujours%20l%27int%C3%A9r%C3%AAt%20des%20curieux%20et%20des%20chercheurs.\" target=\"_blank\" rel=\"noopener\">Patrimoine culturel de la\u00a0<\/a><\/em><\/strong><\/span><span style=\"font-family: 'times new roman', times, serif;\"><span style=\"font-size: 18.6667px;\"><b><i>Loz\u00e8re<\/i><\/b><\/span><\/span><\/span><\/p>\n<p>[\/et_pb_text][\/et_pb_column][et_pb_column type=\u00a0\u00bb1_2&Prime; _builder_version=\u00a0\u00bb4.18.0&Prime; _module_preset=\u00a0\u00bbdefault\u00a0\u00bb global_colors_info=\u00a0\u00bb{}\u00a0\u00bb][et_pb_image src=\u00a0\u00bbhttps:\/\/roussesinfo.fr\/patrimoine\/wp-content\/uploads\/2022\/08\/clede-05.jpg\u00a0\u00bb title_text=\u00a0\u00bbclede-05&Prime; show_in_lightbox=\u00a0\u00bbon\u00a0\u00bb align=\u00a0\u00bbcenter\u00a0\u00bb _builder_version=\u00a0\u00bb4.18.0&Prime; _module_preset=\u00a0\u00bbdefault\u00a0\u00bb global_colors_info=\u00a0\u00bb{}\u00a0\u00bb][\/et_pb_image][\/et_pb_column][\/et_pb_row][\/et_pb_section]<\/p>\n","protected":false},"excerpt":{"rendered":"<p><div class=\"et_pb_module lwp_divi_breadcrumbs lwp_divi_breadcrumbs_0\">\n\t\t\t\t\n\t\t\t\t\n\t\t\t\t\n\t\t\t\t\n\t\t\t\t\n\t\t\t\t\n\t\t\t\t<div class=\"et_pb_module_inner\">\n\t\t\t\t\t<div class=\"lwp-breadcrumbs\"><span class=\"before-icon et-pb-icon\">\ue074<\/span> <span class=\"before\"><\/span> <span vocab=\"https:\/\/schema.org\/\" typeof=\"BreadcrumbList\"><span property=\"itemListElement\" typeof=\"ListItem\"><a property=\"item\" typeof=\"WebPage\" href=\"https:\/\/roussesinfo.fr\/patrimoine\/\" class=\"home\"><span property=\"name\">Accueil<\/span><\/a><meta property=\"position\" content=\"1\"><\/span> <span class=\"separator et-pb-icon\">&#x39;<\/span> <\/span><\/div>\n\t\t\t\t<\/div>\n\t\t\t<\/div>Liens\u00a0G\u00e9n\u00e9afrance page de Rousses C\u00e9vennes vivantes de Marc\u00a0Lemonnier Le mus\u00e9e C\u00e9venol Maison Rouge Le Mus\u00e9e du D\u00e9sert Patrimoine de Bassurels Causses et C\u00e9vennes Patrimoine culturel de la\u00a0Loz\u00e8re<\/p>\n","protected":false},"author":1,"featured_media":0,"parent":0,"menu_order":0,"comment_status":"closed","ping_status":"closed","template":"","meta":{"_et_pb_use_builder":"on","_et_pb_old_content":"","_et_gb_content_width":"","footnotes":""},"class_list":["post-1630","page","type-page","status-publish","hentry"],"_links":{"self":[{"href":"https:\/\/roussesinfo.fr\/patrimoine\/wp-json\/wp\/v2\/pages\/1630","targetHints":{"allow":["GET"]}}],"collection":[{"href":"https:\/\/roussesinfo.fr\/patrimoine\/wp-json\/wp\/v2\/pages"}],"about":[{"href":"https:\/\/roussesinfo.fr\/patrimoine\/wp-json\/wp\/v2\/types\/page"}],"author":[{"embeddable":true,"href":"https:\/\/roussesinfo.fr\/patrimoine\/wp-json\/wp\/v2\/users\/1"}],"replies":[{"embeddable":true,"href":"https:\/\/roussesinfo.fr\/patrimoine\/wp-json\/wp\/v2\/comments?post=1630"}],"version-history":[{"count":0,"href":"https:\/\/roussesinfo.fr\/patrimoine\/wp-json\/wp\/v2\/pages\/1630\/revisions"}],"wp:attachment":[{"href":"https:\/\/roussesinfo.fr\/patrimoine\/wp-json\/wp\/v2\/media?parent=1630"}],"curies":[{"name":"wp","href":"https:\/\/api.w.org\/{rel}","templated":true}]}}