{"id":1748,"date":"2022-08-31T17:37:32","date_gmt":"2022-08-31T16:37:32","guid":{"rendered":"https:\/\/roussesinfo.fr\/patrimoine\/?page_id=1748"},"modified":"2026-02-14T11:01:56","modified_gmt":"2026-02-14T10:01:56","slug":"activites-agricoles","status":"publish","type":"page","link":"https:\/\/roussesinfo.fr\/patrimoine\/activites-agricoles\/","title":{"rendered":"02 &#8211; Activit\u00e9s agricoles"},"content":{"rendered":"<p>[et_pb_section fb_built=\u00a0\u00bb1&Prime; _builder_version=\u00a0\u00bb4.18.0&Prime; _module_preset=\u00a0\u00bbdefault\u00a0\u00bb background_image=\u00a0\u00bbhttps:\/\/roussesinfo.fr\/patrimoine\/wp-content\/uploads\/2022\/08\/Textures-parcemin_01-scaled.jpg\u00a0\u00bb custom_padding=\u00a0\u00bb5px|||||\u00a0\u00bb global_colors_info=\u00a0\u00bb{}\u00a0\u00bb][et_pb_row admin_label=\u00a0\u00bbFil arianne\u00a0\u00bb _builder_version=\u00a0\u00bb4.27.4&Prime; _module_preset=\u00a0\u00bbdefault\u00a0\u00bb width=\u00a0\u00bb95%\u00a0\u00bb max_width=\u00a0\u00bb1711px\u00a0\u00bb custom_padding=\u00a0\u00bb5px|||||\u00a0\u00bb global_colors_info=\u00a0\u00bb{}\u00a0\u00bb][et_pb_column type=\u00a0\u00bb4_4&Prime; _builder_version=\u00a0\u00bb4.25.2&Prime; _module_preset=\u00a0\u00bbdefault\u00a0\u00bb global_colors_info=\u00a0\u00bb{}\u00a0\u00bb][lwp_divi_breadcrumbs use_before_icon=\u00a0\u00bbon\u00a0\u00bb before_icon=\u00a0\u00bb&#xe074;||divi||400&Prime; link_color=\u00a0\u00bb#E02B20&Prime; separator_color=\u00a0\u00bb#0C71C3&Prime; current_text_color=\u00a0\u00bb#000000&Prime; admin_label=\u00a0\u00bbFil arianne\u00a0\u00bb _builder_version=\u00a0\u00bb4.27.4&Prime; _module_preset=\u00a0\u00bbdefault\u00a0\u00bb module_font=\u00a0\u00bbTimes New Roman|600|on||||||\u00a0\u00bb module_text_color=\u00a0\u00bb#000000&Prime; module_font_size=\u00a0\u00bb19px\u00a0\u00bb custom_margin=\u00a0\u00bb2px|||||\u00a0\u00bb global_colors_info=\u00a0\u00bb{}\u00a0\u00bb][\/lwp_divi_breadcrumbs][\/et_pb_column][\/et_pb_row][et_pb_row _builder_version=\u00a0\u00bb4.18.0&Prime; _module_preset=\u00a0\u00bbdefault\u00a0\u00bb global_colors_info=\u00a0\u00bb{}\u00a0\u00bb][et_pb_column type=\u00a0\u00bb4_4&Prime; _builder_version=\u00a0\u00bb4.18.0&Prime; _module_preset=\u00a0\u00bbdefault\u00a0\u00bb global_colors_info=\u00a0\u00bb{}\u00a0\u00bb][et_pb_text _builder_version=\u00a0\u00bb4.27.5&Prime; _module_preset=\u00a0\u00bbdefault\u00a0\u00bb background_image=\u00a0\u00bbhttps:\/\/roussesinfo.fr\/patrimoine\/wp-content\/uploads\/2022\/08\/Textures-parcemin_01-scaled.jpg\u00a0\u00bb hover_enabled=\u00a0\u00bb0&Prime; global_colors_info=\u00a0\u00bb{}\u00a0\u00bb sticky_enabled=\u00a0\u00bb0&Prime;]<\/p>\n<p style=\"text-align: center;\"><span style=\"color: #ff0000;\"><em><strong><span style=\"font-family: 'times new roman', times, serif; font-size: 18pt;\">Activit\u00e9s agricoles<\/span><\/strong><\/em><\/span><\/p>\n<p>&nbsp;<\/p>\n<p>[\/et_pb_text][et_pb_text _builder_version=\u00a0\u00bb4.27.5&Prime; _module_preset=\u00a0\u00bbdefault\u00a0\u00bb hover_enabled=\u00a0\u00bb0&Prime; global_colors_info=\u00a0\u00bb{}\u00a0\u00bb sticky_enabled=\u00a0\u00bb0&Prime;]<\/p>\n<ul class=\"children\">\n<li class=\"page-item-1005 page_item\"><strong><em><span style=\"font-size: 14pt; font-family: 'times new roman', times, serif; color: #0000ff;\"><a style=\"color: #0000ff;\" href=\"https:\/\/roussesinfo.fr\/patrimoine\/activites-agricoles\/1878-construction-des-auges-de-la-fontaine\/\">1878 Construction des auges de la fontaine<\/a><\/span><\/em><\/strong><\/li>\n<li class=\"page-item-3389 page_item\"><strong><em><span style=\"font-size: 14pt; font-family: 'times new roman', times, serif; color: #0000ff;\"><a style=\"color: #0000ff;\" href=\"https:\/\/roussesinfo.fr\/patrimoine\/activites-agricoles\/a-la-decouverte-des-restes-du-moulin-des-ablatats\/\">A la d\u00e9couverte des restes du moulin des Ablatats<\/a><\/span><\/em><\/strong><\/li>\n<li class=\"page-item-373 page_item\"><strong><em><span style=\"font-size: 14pt; font-family: 'times new roman', times, serif; color: #0000ff;\"><a style=\"color: #0000ff;\" href=\"https:\/\/roussesinfo.fr\/patrimoine\/activites-agricoles\/attache-bete\/\">Attache b\u00eate<\/a><\/span><\/em><\/strong><\/li>\n<li class=\"page-item-4909 page_item\"><strong><em><span style=\"font-size: 14pt; font-family: 'times new roman', times, serif; color: #0000ff;\"><a style=\"color: #0000ff;\" href=\"https:\/\/roussesinfo.fr\/patrimoine\/activites-agricoles\/autrefois-le-travail-avec-les-boeufs\/\">Autrefois \u2013 Le travail avec les boeufs<\/a><\/span><\/em><\/strong><\/li>\n<li class=\"page-item-743 page_item\"><strong><em><span style=\"font-size: 14pt; font-family: 'times new roman', times, serif; color: #0000ff;\"><a style=\"color: #0000ff;\" href=\"https:\/\/roussesinfo.fr\/patrimoine\/activites-agricoles\/charrue-brabant\/\">Charrue Brabant<\/a><\/span><\/em><\/strong><\/li>\n<li class=\"page-item-358 page_item\"><strong><em><span style=\"font-size: 14pt; font-family: 'times new roman', times, serif; color: #0000ff;\"><a style=\"color: #0000ff;\" href=\"https:\/\/roussesinfo.fr\/patrimoine\/activites-agricoles\/citerne-au-dessus-des-abreuvoirs\/\">Citerne au dessus des abreuvoirs<\/a><\/span><\/em><\/strong><\/li>\n<li class=\"page-item-1586 page_item\"><strong><em><span style=\"font-size: 14pt; font-family: 'times new roman', times, serif; color: #0000ff;\"><a style=\"color: #0000ff;\" href=\"https:\/\/roussesinfo.fr\/patrimoine\/activites-agricoles\/degagement-dun-ancien-reservoir\/\">D\u00e9gagement d\u2019un ancien r\u00e9servoir<\/a><\/span><\/em><\/strong><\/li>\n<li class=\"page-item-4798 page_item\"><strong><em><span style=\"font-size: 14pt; font-family: 'times new roman', times, serif; color: #0000ff;\"><a style=\"color: #0000ff;\" href=\"https:\/\/roussesinfo.fr\/patrimoine\/activites-agricoles\/lelevage-des-vers-a-soie-en-cevennes\/\">L\u2019\u00e9levage des vers \u00e0 soie en CEVENNES<\/a><\/span><\/em><\/strong><\/li>\n<li class=\"page-item-766 page_item\"><strong><em><span style=\"font-size: 14pt; font-family: 'times new roman', times, serif; color: #0000ff;\"><a style=\"color: #0000ff;\" href=\"https:\/\/roussesinfo.fr\/patrimoine\/activites-agricoles\/la-fontaine-du-village\/\">La fontaine du village<\/a><\/span><\/em><\/strong><\/li>\n<li class=\"page-item-5317 page_item\"><strong><em><span style=\"font-size: 14pt; font-family: 'times new roman', times, serif; color: #0000ff;\"><a style=\"color: #0000ff;\" href=\"https:\/\/roussesinfo.fr\/patrimoine\/activites-agricoles\/le-parc-a-moutons\/\">Le parc de la transhumance<\/a><\/span><\/em><\/strong><\/li>\n<li class=\"page-item-7616 page_item\"><strong><em><span style=\"font-size: 14pt; font-family: 'times new roman', times, serif; color: #0000ff;\"><a style=\"color: #0000ff;\" href=\"https:\/\/roussesinfo.fr\/patrimoine\/activites-agricoles\/le-vivier-de-marcel-pialot\/\">Le vivier de Marcel Pialot<\/a><\/span><\/em><\/strong><\/li>\n<li class=\"page-item-2498 page_item page_item_has_children\"><strong><em><span style=\"font-size: 14pt; font-family: 'times new roman', times, serif; color: #0000ff;\"><a style=\"color: #0000ff;\" href=\"https:\/\/roussesinfo.fr\/patrimoine\/activites-agricoles\/les-beals\/\">Les B\u00e9als<\/a><\/span><\/em><\/strong>\n<ul class=\"children\">\n<li class=\"page-item-2049 page_item\"><strong><em><span style=\"font-size: 14pt; font-family: 'times new roman', times, serif; color: #0000ff;\"><a style=\"color: #0000ff;\" href=\"https:\/\/roussesinfo.fr\/patrimoine\/activites-agricoles\/les-beals\/beal-de-coussac\/\">B\u00e9al de Coussac<\/a><\/span><\/em><\/strong><\/li>\n<li class=\"page-item-846 page_item\"><strong><em><span style=\"font-size: 14pt; font-family: 'times new roman', times, serif; color: #0000ff;\"><a style=\"color: #0000ff;\" href=\"https:\/\/roussesinfo.fr\/patrimoine\/activites-agricoles\/les-beals\/beal-de-mouffre\/\">B\u00e9al de Mouffre<\/a><\/span><\/em><\/strong><\/li>\n<\/ul>\n<\/li>\n<li class=\"page-item-601 page_item\"><strong><em><span style=\"font-size: 14pt; font-family: 'times new roman', times, serif; color: #0000ff;\"><a style=\"color: #0000ff;\" href=\"https:\/\/roussesinfo.fr\/patrimoine\/activites-agricoles\/mine-a-eau\/\">Mine \u00e0 eau<\/a><\/span><\/em><\/strong><\/li>\n<li class=\"page-item-1990 page_item\"><strong><em><span style=\"font-size: 14pt; font-family: 'times new roman', times, serif; color: #0000ff;\"><a style=\"color: #0000ff;\" href=\"https:\/\/roussesinfo.fr\/patrimoine\/activites-agricoles\/papillon-grand-paon-de-nuit\/\">Papillon \u00bb Grand paon de nuit \u00ab\u00a0<\/a><\/span><\/em><\/strong><\/li>\n<li class=\"page-item-585 page_item\"><strong><em><span style=\"font-size: 14pt; font-family: 'times new roman', times, serif; color: #0000ff;\"><a style=\"color: #0000ff;\" href=\"https:\/\/roussesinfo.fr\/patrimoine\/activites-agricoles\/puisard\/\">Puisard<\/a><\/span><\/em><\/strong><\/li>\n<li class=\"page-item-595 page_item\"><strong><em><span style=\"font-size: 14pt; font-family: 'times new roman', times, serif; color: #0000ff;\"><a style=\"color: #0000ff;\" href=\"https:\/\/roussesinfo.fr\/patrimoine\/activites-agricoles\/ruche-tronc\/\">Ruche tronc<\/a><\/span><\/em><\/strong><\/li>\n<li class=\"page-item-1080 page_item\"><strong><em><span style=\"font-size: 14pt; font-family: 'times new roman', times, serif; color: #0000ff;\"><a style=\"color: #0000ff;\" href=\"https:\/\/roussesinfo.fr\/patrimoine\/activites-agricoles\/transformation-du-lait-en-beurre-ou-fromage\/\">Transformation du lait ( les outils )<\/a><\/span><\/em><\/strong><\/li>\n<li class=\"page-item-7368 page_item\"><strong><em><span style=\"font-size: 14pt; font-family: 'times new roman', times, serif; color: #0000ff;\"><a style=\"color: #0000ff;\" href=\"https:\/\/roussesinfo.fr\/patrimoine\/activites-agricoles\/un-chevreuil-rencontre-les-vaches\/\">Un chevreuil rencontre les vaches<\/a><\/span><\/em><\/strong><\/li>\n<\/ul>\n<p>&nbsp;<\/p>\n<p>&nbsp;<\/p>\n<p>&nbsp;<\/p>\n<p>[\/et_pb_text][\/et_pb_column][\/et_pb_row][\/et_pb_section]<\/p>\n","protected":false},"excerpt":{"rendered":"<p><div class=\"et_pb_module lwp_divi_breadcrumbs lwp_divi_breadcrumbs_0\">\n\t\t\t\t\n\t\t\t\t\n\t\t\t\t\n\t\t\t\t\n\t\t\t\t\n\t\t\t\t\n\t\t\t\t<div class=\"et_pb_module_inner\">\n\t\t\t\t\t<div class=\"lwp-breadcrumbs\"><span class=\"before-icon et-pb-icon\">\ue074<\/span> <span class=\"before\"><\/span> <span vocab=\"https:\/\/schema.org\/\" typeof=\"BreadcrumbList\"><span property=\"itemListElement\" typeof=\"ListItem\"><a property=\"item\" typeof=\"WebPage\" href=\"https:\/\/roussesinfo.fr\/patrimoine\/\" class=\"home\"><span property=\"name\">Home<\/span><\/a><meta property=\"position\" content=\"1\"><\/span> <span class=\"separator et-pb-icon\">&#x39;<\/span> <\/span><\/div>\n\t\t\t\t<\/div>\n\t\t\t<\/div>Activit\u00e9s agricoles &nbsp; 1878 Construction des auges de la fontaine A la d\u00e9couverte des restes du moulin des Ablatats Attache b\u00eate Autrefois \u2013 Le travail avec les boeufs Charrue Brabant Citerne au dessus des abreuvoirs D\u00e9gagement d\u2019un ancien r\u00e9servoir [&hellip;]<\/p>\n","protected":false},"author":1,"featured_media":0,"parent":0,"menu_order":0,"comment_status":"closed","ping_status":"closed","template":"","meta":{"_et_pb_use_builder":"on","_et_pb_old_content":"","_et_gb_content_width":"","footnotes":""},"class_list":["post-1748","page","type-page","status-publish","hentry"],"yoast_head":"<!-- This site is optimized with the Yoast SEO plugin v27.4 - https:\/\/yoast.com\/product\/yoast-seo-wordpress\/ -->\n<title>02 - Activit\u00e9s agricoles - Patrimoine de Rousses<\/title>\n<meta name=\"robots\" content=\"index, follow, max-snippet:-1, max-image-preview:large, max-video-preview:-1\" \/>\n<link rel=\"canonical\" href=\"https:\/\/roussesinfo.fr\/patrimoine\/activites-agricoles\/\" \/>\n<meta property=\"og:locale\" content=\"fr_FR\" \/>\n<meta property=\"og:type\" content=\"article\" \/>\n<meta property=\"og:title\" content=\"02 - Activit\u00e9s agricoles - Patrimoine de Rousses\" \/>\n<meta property=\"og:description\" content=\"Activit\u00e9s agricoles &nbsp; 1878 Construction des auges de la fontaine A la d\u00e9couverte des restes du moulin des Ablatats Attache b\u00eate Autrefois \u2013 Le travail avec les boeufs Charrue Brabant Citerne au dessus des abreuvoirs D\u00e9gagement d\u2019un ancien r\u00e9servoir [&hellip;]\" \/>\n<meta property=\"og:url\" content=\"https:\/\/roussesinfo.fr\/patrimoine\/activites-agricoles\/\" \/>\n<meta property=\"og:site_name\" content=\"Patrimoine de Rousses\" \/>\n<meta property=\"article:modified_time\" content=\"2026-02-14T10:01:56+00:00\" \/>\n<meta name=\"twitter:card\" content=\"summary_large_image\" \/>\n<meta name=\"twitter:label1\" content=\"Dur\u00e9e de lecture estim\u00e9e\" \/>\n\t<meta name=\"twitter:data1\" content=\"1 minute\" \/>\n<script type=\"application\/ld+json\" class=\"yoast-schema-graph\">{\"@context\":\"https:\\\/\\\/schema.org\",\"@graph\":[{\"@type\":\"WebPage\",\"@id\":\"https:\\\/\\\/roussesinfo.fr\\\/patrimoine\\\/activites-agricoles\\\/\",\"url\":\"https:\\\/\\\/roussesinfo.fr\\\/patrimoine\\\/activites-agricoles\\\/\",\"name\":\"02 - Activit\u00e9s agricoles - Patrimoine de Rousses\",\"isPartOf\":{\"@id\":\"https:\\\/\\\/roussesinfo.fr\\\/patrimoine\\\/#website\"},\"datePublished\":\"2022-08-31T16:37:32+00:00\",\"dateModified\":\"2026-02-14T10:01:56+00:00\",\"breadcrumb\":{\"@id\":\"https:\\\/\\\/roussesinfo.fr\\\/patrimoine\\\/activites-agricoles\\\/#breadcrumb\"},\"inLanguage\":\"fr-FR\",\"potentialAction\":[{\"@type\":\"ReadAction\",\"target\":[\"https:\\\/\\\/roussesinfo.fr\\\/patrimoine\\\/activites-agricoles\\\/\"]}]},{\"@type\":\"BreadcrumbList\",\"@id\":\"https:\\\/\\\/roussesinfo.fr\\\/patrimoine\\\/activites-agricoles\\\/#breadcrumb\",\"itemListElement\":[{\"@type\":\"ListItem\",\"position\":1,\"name\":\"Accueil\",\"item\":\"https:\\\/\\\/roussesinfo.fr\\\/patrimoine\\\/\"},{\"@type\":\"ListItem\",\"position\":2,\"name\":\"02 &#8211; Activit\u00e9s agricoles\"}]},{\"@type\":\"WebSite\",\"@id\":\"https:\\\/\\\/roussesinfo.fr\\\/patrimoine\\\/#website\",\"url\":\"https:\\\/\\\/roussesinfo.fr\\\/patrimoine\\\/\",\"name\":\"Patrimoine de Rousses\",\"description\":\"Patrimoine, Histoires et Souvenirs\",\"publisher\":{\"@id\":\"https:\\\/\\\/roussesinfo.fr\\\/patrimoine\\\/#\\\/schema\\\/person\\\/0bc170361239025627ae6e89178ba963\"},\"potentialAction\":[{\"@type\":\"SearchAction\",\"target\":{\"@type\":\"EntryPoint\",\"urlTemplate\":\"https:\\\/\\\/roussesinfo.fr\\\/patrimoine\\\/?s={search_term_string}\"},\"query-input\":{\"@type\":\"PropertyValueSpecification\",\"valueRequired\":true,\"valueName\":\"search_term_string\"}}],\"inLanguage\":\"fr-FR\"},{\"@type\":[\"Person\",\"Organization\"],\"@id\":\"https:\\\/\\\/roussesinfo.fr\\\/patrimoine\\\/#\\\/schema\\\/person\\\/0bc170361239025627ae6e89178ba963\",\"name\":\"admin\",\"image\":{\"@type\":\"ImageObject\",\"inLanguage\":\"fr-FR\",\"@id\":\"https:\\\/\\\/roussesinfo.fr\\\/patrimoine\\\/wp-content\\\/uploads\\\/2022\\\/08\\\/Pont-dessin_lwsoptimized.webp\",\"url\":\"https:\\\/\\\/roussesinfo.fr\\\/patrimoine\\\/wp-content\\\/uploads\\\/2022\\\/08\\\/Pont-dessin_lwsoptimized.webp\",\"contentUrl\":\"https:\\\/\\\/roussesinfo.fr\\\/patrimoine\\\/wp-content\\\/uploads\\\/2022\\\/08\\\/Pont-dessin_lwsoptimized.webp\",\"width\":514,\"height\":289,\"caption\":\"admin\"},\"logo\":{\"@id\":\"https:\\\/\\\/roussesinfo.fr\\\/patrimoine\\\/wp-content\\\/uploads\\\/2022\\\/08\\\/Pont-dessin_lwsoptimized.webp\"}}]}<\/script>\n<!-- \/ Yoast SEO plugin. -->","yoast_head_json":{"title":"02 - Activit\u00e9s agricoles - Patrimoine de Rousses","robots":{"index":"index","follow":"follow","max-snippet":"max-snippet:-1","max-image-preview":"max-image-preview:large","max-video-preview":"max-video-preview:-1"},"canonical":"https:\/\/roussesinfo.fr\/patrimoine\/activites-agricoles\/","og_locale":"fr_FR","og_type":"article","og_title":"02 - Activit\u00e9s agricoles - Patrimoine de Rousses","og_description":"Activit\u00e9s agricoles &nbsp; 1878 Construction des auges de la fontaine A la d\u00e9couverte des restes du moulin des Ablatats Attache b\u00eate Autrefois \u2013 Le travail avec les boeufs Charrue Brabant Citerne au dessus des abreuvoirs D\u00e9gagement d\u2019un ancien r\u00e9servoir [&hellip;]","og_url":"https:\/\/roussesinfo.fr\/patrimoine\/activites-agricoles\/","og_site_name":"Patrimoine de Rousses","article_modified_time":"2026-02-14T10:01:56+00:00","twitter_card":"summary_large_image","twitter_misc":{"Dur\u00e9e de lecture estim\u00e9e":"1 minute"},"schema":{"@context":"https:\/\/schema.org","@graph":[{"@type":"WebPage","@id":"https:\/\/roussesinfo.fr\/patrimoine\/activites-agricoles\/","url":"https:\/\/roussesinfo.fr\/patrimoine\/activites-agricoles\/","name":"02 - Activit\u00e9s agricoles - Patrimoine de Rousses","isPartOf":{"@id":"https:\/\/roussesinfo.fr\/patrimoine\/#website"},"datePublished":"2022-08-31T16:37:32+00:00","dateModified":"2026-02-14T10:01:56+00:00","breadcrumb":{"@id":"https:\/\/roussesinfo.fr\/patrimoine\/activites-agricoles\/#breadcrumb"},"inLanguage":"fr-FR","potentialAction":[{"@type":"ReadAction","target":["https:\/\/roussesinfo.fr\/patrimoine\/activites-agricoles\/"]}]},{"@type":"BreadcrumbList","@id":"https:\/\/roussesinfo.fr\/patrimoine\/activites-agricoles\/#breadcrumb","itemListElement":[{"@type":"ListItem","position":1,"name":"Accueil","item":"https:\/\/roussesinfo.fr\/patrimoine\/"},{"@type":"ListItem","position":2,"name":"02 &#8211; Activit\u00e9s agricoles"}]},{"@type":"WebSite","@id":"https:\/\/roussesinfo.fr\/patrimoine\/#website","url":"https:\/\/roussesinfo.fr\/patrimoine\/","name":"Patrimoine de Rousses","description":"Patrimoine, Histoires et Souvenirs","publisher":{"@id":"https:\/\/roussesinfo.fr\/patrimoine\/#\/schema\/person\/0bc170361239025627ae6e89178ba963"},"potentialAction":[{"@type":"SearchAction","target":{"@type":"EntryPoint","urlTemplate":"https:\/\/roussesinfo.fr\/patrimoine\/?s={search_term_string}"},"query-input":{"@type":"PropertyValueSpecification","valueRequired":true,"valueName":"search_term_string"}}],"inLanguage":"fr-FR"},{"@type":["Person","Organization"],"@id":"https:\/\/roussesinfo.fr\/patrimoine\/#\/schema\/person\/0bc170361239025627ae6e89178ba963","name":"admin","image":{"@type":"ImageObject","inLanguage":"fr-FR","@id":"https:\/\/roussesinfo.fr\/patrimoine\/wp-content\/uploads\/2022\/08\/Pont-dessin_lwsoptimized.webp","url":"https:\/\/roussesinfo.fr\/patrimoine\/wp-content\/uploads\/2022\/08\/Pont-dessin_lwsoptimized.webp","contentUrl":"https:\/\/roussesinfo.fr\/patrimoine\/wp-content\/uploads\/2022\/08\/Pont-dessin_lwsoptimized.webp","width":514,"height":289,"caption":"admin"},"logo":{"@id":"https:\/\/roussesinfo.fr\/patrimoine\/wp-content\/uploads\/2022\/08\/Pont-dessin_lwsoptimized.webp"}}]}},"_links":{"self":[{"href":"https:\/\/roussesinfo.fr\/patrimoine\/wp-json\/wp\/v2\/pages\/1748","targetHints":{"allow":["GET"]}}],"collection":[{"href":"https:\/\/roussesinfo.fr\/patrimoine\/wp-json\/wp\/v2\/pages"}],"about":[{"href":"https:\/\/roussesinfo.fr\/patrimoine\/wp-json\/wp\/v2\/types\/page"}],"author":[{"embeddable":true,"href":"https:\/\/roussesinfo.fr\/patrimoine\/wp-json\/wp\/v2\/users\/1"}],"replies":[{"embeddable":true,"href":"https:\/\/roussesinfo.fr\/patrimoine\/wp-json\/wp\/v2\/comments?post=1748"}],"version-history":[{"count":0,"href":"https:\/\/roussesinfo.fr\/patrimoine\/wp-json\/wp\/v2\/pages\/1748\/revisions"}],"wp:attachment":[{"href":"https:\/\/roussesinfo.fr\/patrimoine\/wp-json\/wp\/v2\/media?parent=1748"}],"curies":[{"name":"wp","href":"https:\/\/api.w.org\/{rel}","templated":true}]}}