{"id":2288,"date":"2022-09-05T16:22:50","date_gmt":"2022-09-05T15:22:50","guid":{"rendered":"https:\/\/roussesinfo.fr\/patrimoine\/?page_id=2288"},"modified":"2025-08-22T06:53:19","modified_gmt":"2025-08-22T05:53:19","slug":"les-ablatats-village-refuge","status":"publish","type":"page","link":"https:\/\/roussesinfo.fr\/patrimoine\/generalites\/les-hameaux-habites\/les-ablatats-village-refuge\/","title":{"rendered":"Les Ablatats, village refuge"},"content":{"rendered":"<p>[et_pb_section fb_built=\u00a0\u00bb1&Prime; _builder_version=\u00a0\u00bb4.18.0&Prime; _module_preset=\u00a0\u00bbdefault\u00a0\u00bb background_image=\u00a0\u00bbhttps:\/\/roussesinfo.fr\/patrimoine\/wp-content\/uploads\/2022\/08\/Textures-parcemin_01-scaled.jpg\u00a0\u00bb custom_padding=\u00a0\u00bb11px|||||\u00a0\u00bb global_colors_info=\u00a0\u00bb{}\u00a0\u00bb][et_pb_row admin_label=\u00a0\u00bbFil arianne\u00a0\u00bb _builder_version=\u00a0\u00bb4.27.4&Prime; _module_preset=\u00a0\u00bbdefault\u00a0\u00bb width=\u00a0\u00bb95%\u00a0\u00bb max_width=\u00a0\u00bb1711px\u00a0\u00bb custom_padding=\u00a0\u00bb5px|||||\u00a0\u00bb hover_enabled=\u00a0\u00bb0&Prime; global_colors_info=\u00a0\u00bb{}\u00a0\u00bb sticky_enabled=\u00a0\u00bb0&Prime;][et_pb_column type=\u00a0\u00bb4_4&Prime; _builder_version=\u00a0\u00bb4.25.2&Prime; _module_preset=\u00a0\u00bbdefault\u00a0\u00bb global_colors_info=\u00a0\u00bb{}\u00a0\u00bb][lwp_divi_breadcrumbs use_before_icon=\u00a0\u00bbon\u00a0\u00bb before_icon=\u00a0\u00bb&#xe074;||divi||400&Prime; link_color=\u00a0\u00bb#E02B20&Prime; separator_color=\u00a0\u00bb#0C71C3&Prime; current_text_color=\u00a0\u00bb#000000&Prime; admin_label=\u00a0\u00bbFil arianne\u00a0\u00bb _builder_version=\u00a0\u00bb4.27.4&Prime; _module_preset=\u00a0\u00bbdefault\u00a0\u00bb module_font=\u00a0\u00bbTimes New Roman|600|on||||||\u00a0\u00bb module_text_color=\u00a0\u00bb#000000&Prime; module_font_size=\u00a0\u00bb19px\u00a0\u00bb custom_margin=\u00a0\u00bb2px|||||\u00a0\u00bb global_colors_info=\u00a0\u00bb{}\u00a0\u00bb][\/lwp_divi_breadcrumbs][\/et_pb_column][\/et_pb_row][et_pb_row _builder_version=\u00a0\u00bb4.18.0&Prime; _module_preset=\u00a0\u00bbdefault\u00a0\u00bb custom_margin=\u00a0\u00bb-10px|auto||auto||\u00a0\u00bb global_colors_info=\u00a0\u00bb{}\u00a0\u00bb][et_pb_column type=\u00a0\u00bb4_4&Prime; _builder_version=\u00a0\u00bb4.18.0&Prime; _module_preset=\u00a0\u00bbdefault\u00a0\u00bb global_colors_info=\u00a0\u00bb{}\u00a0\u00bb][et_pb_text _builder_version=\u00a0\u00bb4.18.0&Prime; _module_preset=\u00a0\u00bbdefault\u00a0\u00bb global_colors_info=\u00a0\u00bb{}\u00a0\u00bb]<\/p>\n<p><span style=\"color: #000000;\"><em><strong><span style=\"font-size: 14pt; font-family: 'times new roman', times, serif;\">Les Ablatats, village refuge<\/span><\/strong><\/em><\/span><\/p>\n<p><span style=\"color: #000000;\"><em><strong><span style=\"font-size: 14pt; font-family: 'times new roman', times, serif;\">Territoire \u00e0 la g\u00e9ographie accident\u00e9e, les C\u00e9vennes servirent de refuge durant la Seconde Guerre mondiale. Ainsi, une soixantaine de Juifs furent cach\u00e9s \u00e0 V\u00e9bron et Rousses, dont une dizaine dans le hameau des Ablatats. S&rsquo;ils b\u00e9n\u00e9fici\u00e8rent du silence de la population, ils purent se r\u00e9fugier ici gr\u00e2ce aux maires des deux communes, aux pasteurs ainsi qu&rsquo;\u00e0 un assistant du pr\u00e9fet. Certains d&rsquo;entre eux auraient m\u00eame \u00e9t\u00e9 envoy\u00e9s directement par la pr\u00e9fecture.<\/span><\/strong><\/em><\/span><\/p>\n<p>[\/et_pb_text][et_pb_image src=\u00a0\u00bbhttps:\/\/roussesinfo.fr\/patrimoine\/wp-content\/uploads\/2022\/09\/les-ablatats.jpg\u00a0\u00bb title_text=\u00a0\u00bbles-ablatats\u00a0\u00bb align=\u00a0\u00bbcenter\u00a0\u00bb _builder_version=\u00a0\u00bb4.18.0&Prime; _module_preset=\u00a0\u00bbdefault\u00a0\u00bb global_colors_info=\u00a0\u00bb{}\u00a0\u00bb][\/et_pb_image][\/et_pb_column][\/et_pb_row][\/et_pb_section]<\/p>\n","protected":false},"excerpt":{"rendered":"<p><div class=\"et_pb_module lwp_divi_breadcrumbs lwp_divi_breadcrumbs_0\">\n\t\t\t\t\n\t\t\t\t\n\t\t\t\t\n\t\t\t\t\n\t\t\t\t\n\t\t\t\t\n\t\t\t\t<div class=\"et_pb_module_inner\">\n\t\t\t\t\t<div class=\"lwp-breadcrumbs\"><span class=\"before-icon et-pb-icon\">\ue074<\/span> <span class=\"before\"><\/span> <span vocab=\"https:\/\/schema.org\/\" typeof=\"BreadcrumbList\"><span property=\"itemListElement\" typeof=\"ListItem\"><a property=\"item\" typeof=\"WebPage\" href=\"https:\/\/roussesinfo.fr\/patrimoine\/\" class=\"home\"><span property=\"name\">Home<\/span><\/a><meta property=\"position\" content=\"1\"><\/span> <span class=\"separator et-pb-icon\">&#x39;<\/span> <\/span><\/div>\n\t\t\t\t<\/div>\n\t\t\t<\/div>Les Ablatats, village refuge Territoire \u00e0 la g\u00e9ographie accident\u00e9e, les C\u00e9vennes servirent de refuge durant la Seconde Guerre mondiale. Ainsi, une soixantaine de Juifs furent cach\u00e9s \u00e0 V\u00e9bron et Rousses, dont une dizaine dans le hameau des Ablatats. S&rsquo;ils [&hellip;]<\/p>\n","protected":false},"author":1,"featured_media":0,"parent":2301,"menu_order":0,"comment_status":"closed","ping_status":"closed","template":"","meta":{"_et_pb_use_builder":"on","_et_pb_old_content":"","_et_gb_content_width":"","footnotes":""},"class_list":["post-2288","page","type-page","status-publish","hentry"],"_links":{"self":[{"href":"https:\/\/roussesinfo.fr\/patrimoine\/wp-json\/wp\/v2\/pages\/2288","targetHints":{"allow":["GET"]}}],"collection":[{"href":"https:\/\/roussesinfo.fr\/patrimoine\/wp-json\/wp\/v2\/pages"}],"about":[{"href":"https:\/\/roussesinfo.fr\/patrimoine\/wp-json\/wp\/v2\/types\/page"}],"author":[{"embeddable":true,"href":"https:\/\/roussesinfo.fr\/patrimoine\/wp-json\/wp\/v2\/users\/1"}],"replies":[{"embeddable":true,"href":"https:\/\/roussesinfo.fr\/patrimoine\/wp-json\/wp\/v2\/comments?post=2288"}],"version-history":[{"count":0,"href":"https:\/\/roussesinfo.fr\/patrimoine\/wp-json\/wp\/v2\/pages\/2288\/revisions"}],"up":[{"embeddable":true,"href":"https:\/\/roussesinfo.fr\/patrimoine\/wp-json\/wp\/v2\/pages\/2301"}],"wp:attachment":[{"href":"https:\/\/roussesinfo.fr\/patrimoine\/wp-json\/wp\/v2\/media?parent=2288"}],"curies":[{"name":"wp","href":"https:\/\/api.w.org\/{rel}","templated":true}]}}

<p>[et_pb_section fb_built= »1&Prime; _builder_version= »4.18.0&Prime; _module_preset= »default » background_image= »https://roussesinfo.fr/patrimoine/wp-content/uploads/2022/08/Textures-parcemin_01-scaled.jpg » custom_padding= »11px||||| » global_colors_info= »{} »][et_pb_row admin_label= »Fil arianne » _builder_version= »4.27.4&Prime; _module_preset= »default » width= »95% » max_width= »1711px » custom_padding= »5px||||| » hover_enabled= »0&Prime; global_colors_info= »{} » sticky_enabled= »0&Prime;][et_pb_column type= »4_4&Prime; _builder_version= »4.25.2&Prime; _module_preset= »default » global_colors_info= »{} »][lwp_divi_breadcrumbs use_before_icon= »on » before_icon= »&#xe074;||divi||400&Prime; link_color= »#E02B20&Prime; separator_color= »#0C71C3&Prime; current_text_color= »#000000&Prime; admin_label= »Fil arianne » _builder_version= »4.27.4&Prime; _module_preset= »default » module_font= »Times New Roman|600|on|||||| » module_text_color= »#000000&Prime; module_font_size= »19px » custom_margin= »2px||||| » global_colors_info= »{} »][/lwp_divi_breadcrumbs][/et_pb_column][/et_pb_row][et_pb_row _builder_version= »4.18.0&Prime; _module_preset= »default » custom_margin= »-10px|auto||auto|| » global_colors_info= »{} »][et_pb_column type= »4_4&Prime; _builder_version= »4.18.0&Prime; _module_preset= »default » global_colors_info= »{} »][et_pb_text _builder_version= »4.18.0&Prime; _module_preset= »default » global_colors_info= »{} »]</p>
<p><span style="color: #000000;"><em><strong><span style="font-size: 14pt; font-family: 'times new roman', times, serif;">Les Ablatats, village refuge</span></strong></em></span></p>
<p><span style="color: #000000;"><em><strong><span style="font-size: 14pt; font-family: 'times new roman', times, serif;">Territoire à la géographie accidentée, les Cévennes servirent de refuge durant la Seconde Guerre mondiale. Ainsi, une soixantaine de Juifs furent cachés à Vébron et Rousses, dont une dizaine dans le hameau des Ablatats. S&rsquo;ils bénéficièrent du silence de la population, ils purent se réfugier ici grâce aux maires des deux communes, aux pasteurs ainsi qu&rsquo;à un assistant du préfet. Certains d&rsquo;entre eux auraient même été envoyés directement par la préfecture.</span></strong></em></span></p>
<p>[/et_pb_text][et_pb_image src= »https://roussesinfo.fr/patrimoine/wp-content/uploads/2022/09/les-ablatats.jpg » title_text= »les-ablatats » align= »center » _builder_version= »4.18.0&Prime; _module_preset= »default » global_colors_info= »{} »][/et_pb_image][/et_pb_column][/et_pb_row][/et_pb_section]</p>

<p><div class="et_pb_module lwp_divi_breadcrumbs lwp_divi_breadcrumbs_0">
				
				
				
				
				
				
				<div class="et_pb_module_inner">
					<div class="lwp-breadcrumbs"><span class="before-icon et-pb-icon"></span> <span class="before"></span> <span vocab="https://schema.org/" typeof="BreadcrumbList"><span property="itemListElement" typeof="ListItem"><a property="item" typeof="WebPage" href="https://roussesinfo.fr/patrimoine/" class="home"><span property="name">Home</span></a><meta property="position" content="1"></span> <span class="separator et-pb-icon">&#x39;</span> </span></div>
				</div>
			</div>Les Ablatats, village refuge Territoire à la géographie accidentée, les Cévennes servirent de refuge durant la Seconde Guerre mondiale. Ainsi, une soixantaine de Juifs furent cachés à Vébron et Rousses, dont une dizaine dans le hameau des Ablatats. S&rsquo;ils [&hellip;]</p>
