{"id":2498,"date":"2022-09-07T17:43:40","date_gmt":"2022-09-07T16:43:40","guid":{"rendered":"https:\/\/roussesinfo.fr\/patrimoine\/?page_id=2498"},"modified":"2025-08-22T07:10:35","modified_gmt":"2025-08-22T06:10:35","slug":"les-beals","status":"publish","type":"page","link":"https:\/\/roussesinfo.fr\/patrimoine\/activites-agricoles\/les-beals\/","title":{"rendered":"Les B\u00e9als"},"content":{"rendered":"<p>[et_pb_section fb_built=\u00a0\u00bb1&Prime; _builder_version=\u00a0\u00bb4.18.0&Prime; _module_preset=\u00a0\u00bbdefault\u00a0\u00bb background_image=\u00a0\u00bbhttps:\/\/roussesinfo.fr\/patrimoine\/wp-content\/uploads\/2022\/08\/Textures-parcemin_01-scaled.jpg\u00a0\u00bb custom_padding=\u00a0\u00bb6px|||||\u00a0\u00bb global_colors_info=\u00a0\u00bb{}\u00a0\u00bb][et_pb_row admin_label=\u00a0\u00bbFil arianne\u00a0\u00bb _builder_version=\u00a0\u00bb4.27.4&Prime; _module_preset=\u00a0\u00bbdefault\u00a0\u00bb width=\u00a0\u00bb95%\u00a0\u00bb max_width=\u00a0\u00bb1711px\u00a0\u00bb custom_padding=\u00a0\u00bb5px|||||\u00a0\u00bb global_colors_info=\u00a0\u00bb{}\u00a0\u00bb theme_builder_area=\u00a0\u00bbpost_content\u00a0\u00bb][et_pb_column type=\u00a0\u00bb4_4&Prime; _builder_version=\u00a0\u00bb4.25.2&Prime; _module_preset=\u00a0\u00bbdefault\u00a0\u00bb global_colors_info=\u00a0\u00bb{}\u00a0\u00bb theme_builder_area=\u00a0\u00bbpost_content\u00a0\u00bb][lwp_divi_breadcrumbs use_before_icon=\u00a0\u00bbon\u00a0\u00bb before_icon=\u00a0\u00bb&#xe074;||divi||400&Prime; link_color=\u00a0\u00bb#E02B20&Prime; separator_color=\u00a0\u00bb#0C71C3&Prime; current_text_color=\u00a0\u00bb#000000&Prime; admin_label=\u00a0\u00bbFil arianne\u00a0\u00bb _builder_version=\u00a0\u00bb4.27.4&Prime; _module_preset=\u00a0\u00bbdefault\u00a0\u00bb module_font=\u00a0\u00bbTimes New Roman|600|on||||||\u00a0\u00bb module_text_color=\u00a0\u00bb#000000&Prime; module_font_size=\u00a0\u00bb19px\u00a0\u00bb custom_margin=\u00a0\u00bb2px|||||\u00a0\u00bb global_colors_info=\u00a0\u00bb{}\u00a0\u00bb theme_builder_area=\u00a0\u00bbpost_content\u00a0\u00bb][\/lwp_divi_breadcrumbs][\/et_pb_column][\/et_pb_row][et_pb_row column_structure=\u00a0\u00bb3_4,1_4&Prime; _builder_version=\u00a0\u00bb4.18.0&Prime; _module_preset=\u00a0\u00bbdefault\u00a0\u00bb custom_padding=\u00a0\u00bb11px||0px|||\u00a0\u00bb global_colors_info=\u00a0\u00bb{}\u00a0\u00bb][et_pb_column type=\u00a0\u00bb3_4&Prime; _builder_version=\u00a0\u00bb4.18.0&Prime; _module_preset=\u00a0\u00bbdefault\u00a0\u00bb global_colors_info=\u00a0\u00bb{}\u00a0\u00bb][et_pb_text _builder_version=\u00a0\u00bb4.18.0&Prime; _module_preset=\u00a0\u00bbdefault\u00a0\u00bb global_colors_info=\u00a0\u00bb{}\u00a0\u00bb]<\/p>\n<p style=\"text-align: center;\"><span style=\"color: #000000;\"><strong><em><span style=\"font-size: 18pt; font-family: 'times new roman', times, serif;\">Les b\u00e9als<\/span><\/em><\/strong><\/span><\/p>\n<p style=\"text-align: justify;\"><strong><em><span style=\"color: #000000;\"><span style=\"font-size: 14pt; font-family: 'times new roman', times, serif;\">Dans les C\u00e9vennes, l\u2019agriculture n\u2019est pas ais\u00e9e. Les vall\u00e9es sont encaiss\u00e9es, laissant peu de terrains plats disponibles, le sol est pauvre et l\u2019eau manque souvent. De ces conditions aust\u00e8res sont n\u00e9es une solide volont\u00e9 de d\u00e9jouer les difficult\u00e9s, une ing\u00e9niosit\u00e9 aig\u00fce et une solidarit\u00e9 renforc\u00e9e des habitants. L\u2019irrigation gravitaire pour alimenter les terrains situ\u00e9s des cours d&rsquo;eau, illustrait bien l\u2019int\u00e9r\u00eat de mutualiser les efforts pour partager les r\u00e9ussites.<\/span><\/span><\/em><\/strong><br \/><strong><em><span style=\"color: #000000;\"><span style=\"font-size: 14pt; font-family: 'times new roman', times, serif;\">\u00e0 Rousses on\u00a0 trouve des reste de B\u00e9als sur le Tarnon\u00a0 ( Mouffre et Coussac ) ainsi que dans les ruisseaux de Montcamp, des ablatas , \u2026<\/span><\/span><\/em><\/strong><\/p>\n<p style=\"text-align: justify;\"><strong><em><span style=\"color: #000000;\"><span style=\"font-size: 14pt; font-family: 'times new roman', times, serif;\"><\/span><\/span><\/em><\/strong><\/p>\n<p style=\"text-align: justify;\"><strong><em><span style=\"color: #000000;\"><span style=\"font-size: 14pt; font-family: 'times new roman', times, serif;\"><\/span><\/span><\/em><\/strong><\/p>\n<p style=\"text-align: justify;\">\n<p style=\"text-align: justify;\"><strong><em><span style=\"color: #000000;\"><span style=\"font-size: 14pt; font-family: 'times new roman', times, serif;\">Les b\u00e9als : canaux traditionnels d\u2019irrigation gravitaire<\/span><\/span><\/em><\/strong><\/p>\n<p style=\"text-align: justify;\">\n<p>[\/et_pb_text][\/et_pb_column][et_pb_column type=\u00a0\u00bb1_4&Prime; _builder_version=\u00a0\u00bb4.18.0&Prime; _module_preset=\u00a0\u00bbdefault\u00a0\u00bb global_colors_info=\u00a0\u00bb{}\u00a0\u00bb][et_pb_image src=\u00a0\u00bbhttps:\/\/roussesinfo.fr\/patrimoine\/wp-content\/uploads\/2022\/09\/beal-01-1.jpg\u00a0\u00bb title_text=\u00a0\u00bbbeal-01&Prime; align=\u00a0\u00bbcenter\u00a0\u00bb _builder_version=\u00a0\u00bb4.18.0&Prime; _module_preset=\u00a0\u00bbdefault\u00a0\u00bb width=\u00a0\u00bb80%\u00a0\u00bb custom_padding=\u00a0\u00bb12px|0px||||\u00a0\u00bb global_colors_info=\u00a0\u00bb{}\u00a0\u00bb][\/et_pb_image][\/et_pb_column][\/et_pb_row][et_pb_row _builder_version=\u00a0\u00bb4.18.0&Prime; _module_preset=\u00a0\u00bbdefault\u00a0\u00bb custom_padding=\u00a0\u00bb13px|||||\u00a0\u00bb global_colors_info=\u00a0\u00bb{}\u00a0\u00bb][et_pb_column type=\u00a0\u00bb4_4&Prime; _builder_version=\u00a0\u00bb4.18.0&Prime; _module_preset=\u00a0\u00bbdefault\u00a0\u00bb global_colors_info=\u00a0\u00bb{}\u00a0\u00bb][et_pb_text _builder_version=\u00a0\u00bb4.20.4&Prime; _module_preset=\u00a0\u00bbdefault\u00a0\u00bb custom_padding=\u00a0\u00bb0px|||||\u00a0\u00bb global_colors_info=\u00a0\u00bb{}\u00a0\u00bb]<\/p>\n<p style=\"text-align: justify;\"><strong><em><span style=\"color: #000000;\"><span style=\"font-size: 14pt; font-family: 'times new roman', times, serif;\">s b\u00e9als sont des petits canaux d\u2019irrigation gravitaire. A l\u2019origine b\u00e2tis en pierres s\u00e8ches, leurs bords peuvent \u00eatre aujourd\u2019hui renforc\u00e9s par des panneaux de bois ou de b\u00e9ton. Le fond du canal reste souvent en terre. Parfois le franchissement des ravins n\u00e9cessite de petits aqueducs, construits en troncs de ch\u00e2taigniers. Ils sont mis en eau d\u2019avril \u00e0 octobre.<\/span><\/span><\/em><\/strong><\/p>\n<p style=\"text-align: justify;\"><strong><em><span style=\"color: #000000;\"><span style=\"font-size: 14pt; font-family: 'times new roman', times, serif;\">Dans la partie amont des rivi\u00e8res, l\u2019eau est d\u00e9tourn\u00e9e de la rivi\u00e8re au profit des canaux qui traversent \u00e0 flanc de versant en suivant les courbes de niveau souvent sur plusieurs kilom\u00e8tres. La tr\u00e8s faible pente des b\u00e9als permet de distribuer l\u2019eau sur de nombreuses parcelles tout au long de son trajet. Pour r\u00e9partir l\u2019eau au mieux sur les parcelles de prairies, cultures mara\u00eech\u00e8res et ch\u00e2taigneraies, des b\u00e9ali\u00e8res \u00e9taient trac\u00e9es. Ce sont de simples sillons dans le sol, prenant l\u2019eau au b\u00e9al et l\u2019acheminant sur la parcelle.<\/span><\/span><\/em><\/strong><\/p>\n<p style=\"text-align: justify;\"><strong><em><span style=\"color: #000000;\"><span style=\"font-size: 14pt; font-family: 'times new roman', times, serif;\">Gr\u00e2ce \u00e0 ces canaux, les agriculteurs ont pu mettre en valeur des terrasses \u00e9loign\u00e9es des fonds de vall\u00e9es et assurer leur prosp\u00e9rit\u00e9. Mais cela a demand\u00e9 une organisation rigoureuse<\/span><\/span><\/em><\/strong><\/p>\n<p style=\"text-align: justify;\"><strong><em><span style=\"color: #000000;\"><span style=\"font-size: 14pt; font-family: 'times new roman', times, serif;\">D\u00e8s leur origine, une gestion collective. <\/span><\/span><\/em><\/strong><strong><em><span style=\"color: #000000;\"><span style=\"font-size: 14pt; font-family: 'times new roman', times, serif;\">Les b\u00e9als sont g\u00e9n\u00e9ralement des constructions collectives, distribuant l\u2019eau sur la totalit\u00e9 des parcelles de versant.\u00a0<\/span><\/span><\/em><\/strong><\/p>\n<p style=\"text-align: justify;\"><strong><em><span style=\"color: #000000;\"><span style=\"font-size: 14pt; font-family: 'times new roman', times, serif;\">Pour fixer les r\u00e8gles de leur accord, les propri\u00e9taires des parcelles riveraines \u00e9taient organis\u00e9s en associations verbales ou en associations notari\u00e9es. Les syndicats autoris\u00e9s existent encore aujourd\u2019hui. Ce mode d\u2019organisation a certainement contribu\u00e9 \u00e0 leur succ\u00e8s<\/span><\/span><\/em><\/strong><\/p>\n<p style=\"text-align: justify;\"><strong><em><span style=\"color: #000000;\"><span style=\"font-size: 14pt; font-family: 'times new roman', times, serif;\">Le fonctionnement \u00e9tait le suivant\u00a0: les 168 heures de la semaine \u00e9taient divis\u00e9es entre les propri\u00e9taires de fa\u00e7on proportionnelle \u00e0 la surface \u00e0 arroser pour chacun d\u2019eux. Chacun avait donc une plage horaire pendant laquelle il pouvait d\u00e9tourner l\u2019eau du canal. Le temps de pr\u00e9l\u00e8vement autoris\u00e9 prenait \u00e9galement en compte la localisation de la parcelle\u00a0: celles en bout de canal pouvaient b\u00e9n\u00e9ficier d\u2019un temps plus long puisque le d\u00e9bit \u00e9tait affaibli par les infiltrations progressives. De la m\u00eame mani\u00e8re les charges d\u2019entretien incombant \u00e0 chacun \u00e9taient proportionnelles \u00e0 la dur\u00e9e de son tour d\u2019eau. Pour s\u2019acquitter de leur part, les propri\u00e9taires pouvaient soit participer financi\u00e8rement soit effectuer des journ\u00e9es sur le terrain.<\/span><\/span><\/em><\/strong><\/p>\n<p><span style=\"color: #000000;\"><em><strong><a style=\"color: #000000;\" href=\"https:\/\/roussesinfo.fr\/patrimoine\/activites-agricoles\/les-beals\/beal-de-mouffre\/\"><span style=\"font-size: 18pt; font-family: 'times new roman', times, serif;\"><span style=\"font-size: 14pt;\">En savoir plus sur le b\u00e9al de Mouffre<\/span><\/span><\/a><\/strong><\/em><\/span><\/p>\n<p><a href=\"https:\/\/roussesinfo.fr\/patrimoine\/activites-agricoles\/les-beals\/beal-de-coussac\/\"><em><span style=\"color: #000000; font-family: times new roman, times, serif;\"><span style=\"font-size: 14pt;\"><b>En <\/b><\/span><\/span><span style=\"color: #000000; font-family: times new roman, times, serif;\"><span style=\"font-size: 18.6667px;\"><b>savoir<\/b><\/span><\/span><span style=\"color: #000000; font-family: times new roman, times, serif;\"><span style=\"font-size: 14pt;\"><b> plus sur le b\u00e9al de Coussac<\/b><\/span><\/span><\/em><\/a><\/p>\n<p><strong style=\"text-align: justify;\"><em><span style=\"color: #000000;\"><span style=\"font-size: 14pt; font-family: 'times new roman', times, serif;\">Documentation<\/span><\/span><\/em><\/strong><\/p>\n<p style=\"text-align: justify; padding-left: 40px;\"><span style=\"font-size: 14pt; color: #000000;\"><strong><em><span style=\"font-family: 'times new roman', times, serif;\">Film \u00a0\u00bb\u00a0<a style=\"color: #000000;\" href=\"https:\/\/www.youtube.com\/watch?v=IQ6lqDjYdcw\" target=\"_blank\" rel=\"noopener\">des b\u00e9als et des hommes<\/a>\u00a0\u00a0\u00bb chambre\u00a0 d&rsquo;agriculture de\u00a0Loz\u00e8re<\/span><\/em><\/strong><\/span><\/p>\n<p style=\"padding-left: 40px;\"><span style=\"font-size: 14pt; color: #000000;\"><strong><em><span style=\"font-family: 'times new roman', times, serif;\"><a style=\"color: #000000;\" href=\"https:\/\/roussesinfo.fr\/patrimoine\/wp-content\/uploads\/2022\/09\/Les-savoir-faire-lies-a-lirrigation-gravitaire-par-beals-canaux-en-Lozere-1.pdf\" target=\"_blank\" rel=\"attachment noopener wp-att-2530\">Les savoir-faire li\u00e9s \u00e0 l&rsquo;irrigation gravitaire par b\u00e9als en Loz\u00e8re<\/a><\/span><\/em><\/strong><\/span><\/p>\n<p style=\"padding-left: 40px;\"><span style=\"font-size: 14pt; color: #000000;\"><strong><em><span style=\"font-family: 'times new roman', times, serif;\"><a style=\"color: #000000;\" href=\"https:\/\/eau.amisdesparcs.fr\/spip.php?article98#sommaire_1\" target=\"_blank\" rel=\"noopener\">L&rsquo;eau Entre m\u00e9moire et devenir<\/a><\/span><\/em><\/strong><\/span><\/p>\n<p>[\/et_pb_text][\/et_pb_column][\/et_pb_row][\/et_pb_section]<\/p>\n","protected":false},"excerpt":{"rendered":"<p><div class=\"et_pb_module lwp_divi_breadcrumbs lwp_divi_breadcrumbs_0\">\n\t\t\t\t\n\t\t\t\t\n\t\t\t\t\n\t\t\t\t\n\t\t\t\t\n\t\t\t\t\n\t\t\t\t<div class=\"et_pb_module_inner\">\n\t\t\t\t\t<div class=\"lwp-breadcrumbs\"><span class=\"before-icon et-pb-icon\">\ue074<\/span> <span class=\"before\"><\/span> <span vocab=\"https:\/\/schema.org\/\" typeof=\"BreadcrumbList\"><span property=\"itemListElement\" typeof=\"ListItem\"><a property=\"item\" typeof=\"WebPage\" href=\"https:\/\/roussesinfo.fr\/patrimoine\/\" class=\"home\"><span property=\"name\">Home<\/span><\/a><meta property=\"position\" content=\"1\"><\/span> <span class=\"separator et-pb-icon\">&#x39;<\/span> <\/span><\/div>\n\t\t\t\t<\/div>\n\t\t\t<\/div>Les b\u00e9als Dans les C\u00e9vennes, l\u2019agriculture n\u2019est pas ais\u00e9e. Les vall\u00e9es sont encaiss\u00e9es, laissant peu de terrains plats disponibles, le sol est pauvre et l\u2019eau manque souvent. De ces conditions aust\u00e8res sont n\u00e9es une solide volont\u00e9 de d\u00e9jouer [&hellip;]<\/p>\n","protected":false},"author":1,"featured_media":0,"parent":1748,"menu_order":0,"comment_status":"closed","ping_status":"closed","template":"","meta":{"_et_pb_use_builder":"on","_et_pb_old_content":"","_et_gb_content_width":"","footnotes":""},"class_list":["post-2498","page","type-page","status-publish","hentry"],"_links":{"self":[{"href":"https:\/\/roussesinfo.fr\/patrimoine\/wp-json\/wp\/v2\/pages\/2498","targetHints":{"allow":["GET"]}}],"collection":[{"href":"https:\/\/roussesinfo.fr\/patrimoine\/wp-json\/wp\/v2\/pages"}],"about":[{"href":"https:\/\/roussesinfo.fr\/patrimoine\/wp-json\/wp\/v2\/types\/page"}],"author":[{"embeddable":true,"href":"https:\/\/roussesinfo.fr\/patrimoine\/wp-json\/wp\/v2\/users\/1"}],"replies":[{"embeddable":true,"href":"https:\/\/roussesinfo.fr\/patrimoine\/wp-json\/wp\/v2\/comments?post=2498"}],"version-history":[{"count":0,"href":"https:\/\/roussesinfo.fr\/patrimoine\/wp-json\/wp\/v2\/pages\/2498\/revisions"}],"up":[{"embeddable":true,"href":"https:\/\/roussesinfo.fr\/patrimoine\/wp-json\/wp\/v2\/pages\/1748"}],"wp:attachment":[{"href":"https:\/\/roussesinfo.fr\/patrimoine\/wp-json\/wp\/v2\/media?parent=2498"}],"curies":[{"name":"wp","href":"https:\/\/api.w.org\/{rel}","templated":true}]}}