{"id":342,"date":"2022-08-21T07:32:59","date_gmt":"2022-08-21T06:32:59","guid":{"rendered":"https:\/\/roussesinfo.fr\/patrimoine\/?page_id=342"},"modified":"2025-08-22T08:10:50","modified_gmt":"2025-08-22T07:10:50","slug":"foyer-rural-inauguration-en-1993","status":"publish","type":"page","link":"https:\/\/roussesinfo.fr\/patrimoine\/activites-sociales-culturelles\/foyer-rural\/foyer-rural-inauguration-en-1993\/","title":{"rendered":"Foyer rural &#8211; Inauguration en 1993"},"content":{"rendered":"<p>[et_pb_section fb_built=\u00a0\u00bb1&Prime; _builder_version=\u00a0\u00bb4.18.0&Prime; _module_preset=\u00a0\u00bbdefault\u00a0\u00bb background_image=\u00a0\u00bbhttps:\/\/roussesinfo.fr\/patrimoine\/wp-content\/uploads\/2022\/08\/Textures-parcemin_01-scaled.jpg\u00a0\u00bb custom_padding=\u00a0\u00bb10px|||||\u00a0\u00bb global_colors_info=\u00a0\u00bb{}\u00a0\u00bb][et_pb_row admin_label=\u00a0\u00bbFil arianne\u00a0\u00bb _builder_version=\u00a0\u00bb4.27.4&Prime; _module_preset=\u00a0\u00bbdefault\u00a0\u00bb width=\u00a0\u00bb95%\u00a0\u00bb max_width=\u00a0\u00bb1711px\u00a0\u00bb custom_padding=\u00a0\u00bb5px|||||\u00a0\u00bb global_colors_info=\u00a0\u00bb{}\u00a0\u00bb theme_builder_area=\u00a0\u00bbpost_content\u00a0\u00bb][et_pb_column type=\u00a0\u00bb4_4&Prime; _builder_version=\u00a0\u00bb4.25.2&Prime; _module_preset=\u00a0\u00bbdefault\u00a0\u00bb global_colors_info=\u00a0\u00bb{}\u00a0\u00bb theme_builder_area=\u00a0\u00bbpost_content\u00a0\u00bb][lwp_divi_breadcrumbs use_before_icon=\u00a0\u00bbon\u00a0\u00bb before_icon=\u00a0\u00bb&#xe074;||divi||400&Prime; link_color=\u00a0\u00bb#E02B20&Prime; separator_color=\u00a0\u00bb#0C71C3&Prime; current_text_color=\u00a0\u00bb#000000&Prime; admin_label=\u00a0\u00bbFil arianne\u00a0\u00bb _builder_version=\u00a0\u00bb4.27.4&Prime; _module_preset=\u00a0\u00bbdefault\u00a0\u00bb module_font=\u00a0\u00bbTimes New Roman|600|on||||||\u00a0\u00bb module_text_color=\u00a0\u00bb#000000&Prime; module_font_size=\u00a0\u00bb19px\u00a0\u00bb custom_margin=\u00a0\u00bb2px|||||\u00a0\u00bb global_colors_info=\u00a0\u00bb{}\u00a0\u00bb theme_builder_area=\u00a0\u00bbpost_content\u00a0\u00bb][\/lwp_divi_breadcrumbs][\/et_pb_column][\/et_pb_row][et_pb_row _builder_version=\u00a0\u00bb4.18.0&Prime; _module_preset=\u00a0\u00bbdefault\u00a0\u00bb custom_padding=\u00a0\u00bb4px|||||\u00a0\u00bb global_colors_info=\u00a0\u00bb{}\u00a0\u00bb][et_pb_column type=\u00a0\u00bb4_4&Prime; _builder_version=\u00a0\u00bb4.18.0&Prime; _module_preset=\u00a0\u00bbdefault\u00a0\u00bb global_colors_info=\u00a0\u00bb{}\u00a0\u00bb][et_pb_text _builder_version=\u00a0\u00bb4.18.0&Prime; _module_preset=\u00a0\u00bbdefault\u00a0\u00bb global_colors_info=\u00a0\u00bb{}\u00a0\u00bb]<\/p>\n<p>\u00a0<span style=\"color: #000000;\"><em><strong><span style=\"font-size: 14pt; font-family: 'times new roman', times, serif;\">ROUSSES\u00a0 &#8211; Inauguration foyer en 1993 &#8211;\u00a0<\/span><\/strong><\/em><\/span><span style=\"color: #000000;\"><em><strong><span style=\"font-size: 14pt; font-family: 'times new roman', times, serif;\">Une grande salle polyvalente pour lutter contre l&rsquo;exode rural<\/span><\/strong><\/em><\/span><\/p>\n<p>[\/et_pb_text][et_pb_image src=\u00a0\u00bbhttps:\/\/roussesinfo.fr\/patrimoine\/wp-content\/uploads\/2022\/08\/octobre-1993-photo-article-de-press.jpg\u00a0\u00bb title_text=\u00a0\u00bboctobre 1993 photo article de press\u00a0\u00bb _builder_version=\u00a0\u00bb4.18.0&Prime; _module_preset=\u00a0\u00bbdefault\u00a0\u00bb global_colors_info=\u00a0\u00bb{}\u00a0\u00bb][\/et_pb_image][et_pb_text _builder_version=\u00a0\u00bb4.18.0&Prime; _module_preset=\u00a0\u00bbdefault\u00a0\u00bb global_colors_info=\u00a0\u00bb{}\u00a0\u00bb]<\/p>\n<p style=\"text-align: justify;\"><span style=\"color: #000000;\"><em><strong><span style=\"font-size: 14pt; font-family: 'times new roman', times, serif;\">C&rsquo;\u00e9tait au d\u00e9part une gageure que de se payer une salle polyvalente pour une si petite commune (70 habitants) mais, comme l&rsquo;a soulign\u00e9 le conseiller g\u00e9n\u00e9ral J. Gasperin, lors de l&rsquo;inauguration \u00ab quand le maire est venu me solliciter, j&rsquo;ai fait en sorte pour ma part pour que Rousses ait une aide cons\u00e9quente sur la dotation et nous avons pris ensemble notre b\u00e2ton de p\u00e8lerin pour se tourner vers les grands \u00bb. C&rsquo;est ainsi que la r\u00e9gion, le conseil g\u00e9n\u00e9ral et l&rsquo;Etat ,ont aid\u00e9 Rousses \u00e0 se payer une salle qui vaut \u00e0 peu pr\u00e8s le double de son budget. Ce qui valait bien une inauguration en grande pompe avec tous ceux qui avaient particip\u00e9 \u00e0 la r\u00e9alisation et Jacques Blanc a coup\u00e9 le ruban en compagnie de J. Gasperin, repr\u00e9sentant Mme Bardou, du d\u00e9put\u00e9 J.J. Delmas et de l&rsquo;architecte. Tous les corps de m\u00e9tiers et la majorit\u00e9 de la population \u00e9taient \u00e9galement l\u00e0. \u00ab Y-a-t-il de nombreuses communes en France aussi petites qui puissent faire une inauguration avec tous les d\u00e9put\u00e9s du d\u00e9partement, le pr\u00e9sident du conseil r\u00e9gional, le conseiller g\u00e9n\u00e9ral ? \u00bb interrogea Jacques Blanc. \u00ab C&rsquo;est un t\u00e9moignage de l&rsquo;am\u00e9nagement du territoire. Cela passe aussi par le maintien de la vie dans les petites, communes, la vie dans l&rsquo;espace rural ; ce sera la meilleure r\u00e9ponse aux probl\u00e8mes du prochain mill\u00e9naire, il faut maintenir la vie ici \u00bb.<\/span><\/strong><\/em><\/span><\/p>\n<p style=\"text-align: justify;\">\u00a0<span style=\"color: #000000;\"><em><strong><span style=\"font-size: 14pt; font-family: 'times new roman', times, serif;\">Les personnalit\u00e9s couplant le traditionnel ruban.<\/span><\/strong><\/em><\/span><\/p>\n<p style=\"text-align: justify;\"><span style=\"color: #000000;\"><em><strong><span style=\"font-size: 14pt; font-family: 'times new roman', times, serif;\">C&rsquo;est au maire, Maurice Gout: qu&rsquo;est revenue la fonction de remercier tous les part: ici-ponts au projet en en faisant l&rsquo;historique : \u00ab Il est d\u00fb \u00e0 la volont\u00e9 des jeunes &lsquo;locaux, ce b\u00e2timent fut \u00e0 l&rsquo;origine la forge du mar\u00e9chal ferrant puis, devenu garage, nous avons d\u00e9cid\u00e9 d&rsquo;y fi lire une salle \u00e0 usage communaut\u00e9 eire en 1989 \u00bb. Les travaux commenc\u00e9s au d\u00e9but de l&rsquo;ann\u00e9e 1992 ont \u00e9t\u00e9 termin\u00e9s en d\u00e9cembre sous la conduite du cabinet Proh in. La part de financement de la commune (le projet reviens t \u00e0 925.000 F TTC) a \u00e9t\u00e9 compl\u00e9t\u00e9e par 330.000 F du con3eil r\u00e9gional, 55.000 F du conseil g\u00e9n\u00e9ral, et 62.479 F de l&rsquo;Etat au titre de la DGE, plus un emprunt de 250.000 F. L&rsquo;architecte a expliqu\u00e9 comment , \u00e0 partir de ce qui existait, a tt\u00e9 r\u00e9alis\u00e9 ce qui devait \u00eatre un<\/span><\/strong><\/em><\/span><\/p>\n<p style=\"text-align: justify;\"><span style=\"color: #000000;\"><em><strong><span style=\"font-size: 14pt; font-family: 'times new roman', times, serif;\">lieu d&rsquo;accueil pour les habitants du village mais aussi l&rsquo;\u00e9cole ou les r\u00e9unions de la mairie. Il &lsquo;fallait tenir compte \u00e0 la fois des soir\u00e9es ch\u00e2taignes, des concerts ou des tournois de ping-pong ou de baby-foot ; la salle sert \u00e9galement de salle de cin\u00e9ma car Rousses a son circuit Cin\u00e9co entre au-tres fort nombreuses animations.<\/span><\/strong><\/em><\/span><\/p>\n<p style=\"text-align: justify;\"><span style=\"color: #000000;\"><em><strong><span style=\"font-size: 14pt; font-family: 'times new roman', times, serif;\">Celles-ci sont l&rsquo;\u0153uvre du foyer rural.- r\u00e9gi par une \u00e9quipe de jeunes, sous la pr\u00e9sidence efficace et d\u00e9vou\u00e9e d&rsquo;Eliette Valat qui ne compte pas son temps. Le foyer rural a donc la gestion de la salle, le mobilier et le mat\u00e9riel sont sa propri\u00e9t\u00e9. Le b\u00e2timent comporte une salle de 80 m2 agr\u00e9ment\u00e9e par la clart\u00e9 d&rsquo;un jeu de vitres et de fermes apparentes, une magnifique chemin\u00e9e ronde telle \u00ab un soleil de rayons de schiste \u00bb (explications de l&rsquo;architecte) permettra, bient\u00f4t les grill\u00e9es de ch\u00e2taignes. Une cabine de projection et un coin cuisine compl\u00e8tent l&rsquo;ensemble \u00e0 la fois accueillant, moderne et bien int\u00e9gr\u00e9 dans le village. La salle n&rsquo;a pas attendu d&rsquo;\u00eatre inaugur\u00e9e pour servir. Les dix premiers mois d&rsquo;utilisation ont d\u00e9montr\u00e9 sa v\u00e9ritable vocation de salle poly-vante : lotos, conf\u00e9rences, permanences de la biblioth\u00e8que, etc. Elle est d&rsquo;ores et d\u00e9j\u00e0 tr\u00e8s appr\u00e9ci\u00e9e des habitants qui l&rsquo;ont prouv\u00e9 en venant nombreux applaudir les personnalit\u00e9s qui coupaient le ruban et les remercier en partageant avec eux la convivialit\u00e9 d&rsquo;un superbe buffet.<\/span><\/strong><\/em><\/span><\/p>\n<p>[\/et_pb_text][\/et_pb_column][\/et_pb_row][\/et_pb_section]<\/p>\n","protected":false},"excerpt":{"rendered":"<p><div class=\"et_pb_module lwp_divi_breadcrumbs lwp_divi_breadcrumbs_0\">\n\t\t\t\t\n\t\t\t\t\n\t\t\t\t\n\t\t\t\t\n\t\t\t\t\n\t\t\t\t\n\t\t\t\t<div class=\"et_pb_module_inner\">\n\t\t\t\t\t<div class=\"lwp-breadcrumbs\"><span class=\"before-icon et-pb-icon\">\ue074<\/span> <span class=\"before\"><\/span> <span vocab=\"https:\/\/schema.org\/\" typeof=\"BreadcrumbList\"><span property=\"itemListElement\" typeof=\"ListItem\"><a property=\"item\" typeof=\"WebPage\" href=\"https:\/\/roussesinfo.fr\/patrimoine\/\" class=\"home\"><span property=\"name\">Home<\/span><\/a><meta property=\"position\" content=\"1\"><\/span> <span class=\"separator et-pb-icon\">&#x39;<\/span> <\/span><\/div>\n\t\t\t\t<\/div>\n\t\t\t<\/div>\u00a0ROUSSES\u00a0 &#8211; Inauguration foyer en 1993 &#8211;\u00a0Une grande salle polyvalente pour lutter contre l&rsquo;exode ruralC&rsquo;\u00e9tait au d\u00e9part une gageure que de se payer une salle polyvalente pour une si petite commune (70 habitants) mais, comme l&rsquo;a soulign\u00e9 le [&hellip;]<\/p>\n","protected":false},"author":1,"featured_media":0,"parent":3710,"menu_order":0,"comment_status":"closed","ping_status":"closed","template":"","meta":{"_et_pb_use_builder":"on","_et_pb_old_content":"","_et_gb_content_width":"","footnotes":""},"class_list":["post-342","page","type-page","status-publish","hentry"],"_links":{"self":[{"href":"https:\/\/roussesinfo.fr\/patrimoine\/wp-json\/wp\/v2\/pages\/342","targetHints":{"allow":["GET"]}}],"collection":[{"href":"https:\/\/roussesinfo.fr\/patrimoine\/wp-json\/wp\/v2\/pages"}],"about":[{"href":"https:\/\/roussesinfo.fr\/patrimoine\/wp-json\/wp\/v2\/types\/page"}],"author":[{"embeddable":true,"href":"https:\/\/roussesinfo.fr\/patrimoine\/wp-json\/wp\/v2\/users\/1"}],"replies":[{"embeddable":true,"href":"https:\/\/roussesinfo.fr\/patrimoine\/wp-json\/wp\/v2\/comments?post=342"}],"version-history":[{"count":0,"href":"https:\/\/roussesinfo.fr\/patrimoine\/wp-json\/wp\/v2\/pages\/342\/revisions"}],"up":[{"embeddable":true,"href":"https:\/\/roussesinfo.fr\/patrimoine\/wp-json\/wp\/v2\/pages\/3710"}],"wp:attachment":[{"href":"https:\/\/roussesinfo.fr\/patrimoine\/wp-json\/wp\/v2\/media?parent=342"}],"curies":[{"name":"wp","href":"https:\/\/api.w.org\/{rel}","templated":true}]}}

<p>[et_pb_section fb_built= »1&Prime; _builder_version= »4.18.0&Prime; _module_preset= »default » background_image= »https://roussesinfo.fr/patrimoine/wp-content/uploads/2022/08/Textures-parcemin_01-scaled.jpg » custom_padding= »10px||||| » global_colors_info= »{} »][et_pb_row admin_label= »Fil arianne » _builder_version= »4.27.4&Prime; _module_preset= »default » width= »95% » max_width= »1711px » custom_padding= »5px||||| » global_colors_info= »{} » theme_builder_area= »post_content »][et_pb_column type= »4_4&Prime; _builder_version= »4.25.2&Prime; _module_preset= »default » global_colors_info= »{} » theme_builder_area= »post_content »][lwp_divi_breadcrumbs use_before_icon= »on » before_icon= »&#xe074;||divi||400&Prime; link_color= »#E02B20&Prime; separator_color= »#0C71C3&Prime; current_text_color= »#000000&Prime; admin_label= »Fil arianne » _builder_version= »4.27.4&Prime; _module_preset= »default » module_font= »Times New Roman|600|on|||||| » module_text_color= »#000000&Prime; module_font_size= »19px » custom_margin= »2px||||| » global_colors_info= »{} » theme_builder_area= »post_content »][/lwp_divi_breadcrumbs][/et_pb_column][/et_pb_row][et_pb_row _builder_version= »4.18.0&Prime; _module_preset= »default » custom_padding= »4px||||| » global_colors_info= »{} »][et_pb_column type= »4_4&Prime; _builder_version= »4.18.0&Prime; _module_preset= »default » global_colors_info= »{} »][et_pb_text _builder_version= »4.18.0&Prime; _module_preset= »default » global_colors_info= »{} »]</p>
<p> <span style="color: #000000;"><em><strong><span style="font-size: 14pt; font-family: 'times new roman', times, serif;">ROUSSES  &#8211; Inauguration foyer en 1993 &#8211; </span></strong></em></span><span style="color: #000000;"><em><strong><span style="font-size: 14pt; font-family: 'times new roman', times, serif;">Une grande salle polyvalente pour lutter contre l&rsquo;exode rural</span></strong></em></span></p>
<p>[/et_pb_text][et_pb_image src= »https://roussesinfo.fr/patrimoine/wp-content/uploads/2022/08/octobre-1993-photo-article-de-press.jpg » title_text= »octobre 1993 photo article de press » _builder_version= »4.18.0&Prime; _module_preset= »default » global_colors_info= »{} »][/et_pb_image][et_pb_text _builder_version= »4.18.0&Prime; _module_preset= »default » global_colors_info= »{} »]</p>
<p style="text-align: justify;"><span style="color: #000000;"><em><strong><span style="font-size: 14pt; font-family: 'times new roman', times, serif;">C&rsquo;était au départ une gageure que de se payer une salle polyvalente pour une si petite commune (70 habitants) mais, comme l&rsquo;a souligné le conseiller général J. Gasperin, lors de l&rsquo;inauguration « quand le maire est venu me solliciter, j&rsquo;ai fait en sorte pour ma part pour que Rousses ait une aide conséquente sur la dotation et nous avons pris ensemble notre bâton de pèlerin pour se tourner vers les grands ». C&rsquo;est ainsi que la région, le conseil général et l&rsquo;Etat ,ont aidé Rousses à se payer une salle qui vaut à peu près le double de son budget. Ce qui valait bien une inauguration en grande pompe avec tous ceux qui avaient participé à la réalisation et Jacques Blanc a coupé le ruban en compagnie de J. Gasperin, représentant Mme Bardou, du député J.J. Delmas et de l&rsquo;architecte. Tous les corps de métiers et la majorité de la population étaient également là. « Y-a-t-il de nombreuses communes en France aussi petites qui puissent faire une inauguration avec tous les députés du département, le président du conseil régional, le conseiller général ? » interrogea Jacques Blanc. « C&rsquo;est un témoignage de l&rsquo;aménagement du territoire. Cela passe aussi par le maintien de la vie dans les petites, communes, la vie dans l&rsquo;espace rural ; ce sera la meilleure réponse aux problèmes du prochain millénaire, il faut maintenir la vie ici ».</span></strong></em></span></p>
<p style="text-align: justify;"> <span style="color: #000000;"><em><strong><span style="font-size: 14pt; font-family: 'times new roman', times, serif;">Les personnalités couplant le traditionnel ruban.</span></strong></em></span></p>
<p style="text-align: justify;"><span style="color: #000000;"><em><strong><span style="font-size: 14pt; font-family: 'times new roman', times, serif;">C&rsquo;est au maire, Maurice Gout: qu&rsquo;est revenue la fonction de remercier tous les part: ici-ponts au projet en en faisant l&rsquo;historique : « Il est dû à la volonté des jeunes &lsquo;locaux, ce bâtiment fut à l&rsquo;origine la forge du maréchal ferrant puis, devenu garage, nous avons décidé d&rsquo;y fi lire une salle à usage communauté eire en 1989 ». Les travaux commencés au début de l&rsquo;année 1992 ont été terminés en décembre sous la conduite du cabinet Proh in. La part de financement de la commune (le projet reviens t à 925.000 F TTC) a été complétée par 330.000 F du con3eil régional, 55.000 F du conseil général, et 62.479 F de l&rsquo;Etat au titre de la DGE, plus un emprunt de 250.000 F. L&rsquo;architecte a expliqué comment , à partir de ce qui existait, a tté réalisé ce qui devait être un</span></strong></em></span></p>
<p style="text-align: justify;"><span style="color: #000000;"><em><strong><span style="font-size: 14pt; font-family: 'times new roman', times, serif;">lieu d&rsquo;accueil pour les habitants du village mais aussi l&rsquo;école ou les réunions de la mairie. Il &lsquo;fallait tenir compte à la fois des soirées châtaignes, des concerts ou des tournois de ping-pong ou de baby-foot ; la salle sert également de salle de cinéma car Rousses a son circuit Cinéco entre au-tres fort nombreuses animations.</span></strong></em></span></p>
<p style="text-align: justify;"><span style="color: #000000;"><em><strong><span style="font-size: 14pt; font-family: 'times new roman', times, serif;">Celles-ci sont l&rsquo;œuvre du foyer rural.- régi par une équipe de jeunes, sous la présidence efficace et dévouée d&rsquo;Eliette Valat qui ne compte pas son temps. Le foyer rural a donc la gestion de la salle, le mobilier et le matériel sont sa propriété. Le bâtiment comporte une salle de 80 m2 agrémentée par la clarté d&rsquo;un jeu de vitres et de fermes apparentes, une magnifique cheminée ronde telle « un soleil de rayons de schiste » (explications de l&rsquo;architecte) permettra, bientôt les grillées de châtaignes. Une cabine de projection et un coin cuisine complètent l&rsquo;ensemble à la fois accueillant, moderne et bien intégré dans le village. La salle n&rsquo;a pas attendu d&rsquo;être inaugurée pour servir. Les dix premiers mois d&rsquo;utilisation ont démontré sa véritable vocation de salle poly-vante : lotos, conférences, permanences de la bibliothèque, etc. Elle est d&rsquo;ores et déjà très appréciée des habitants qui l&rsquo;ont prouvé en venant nombreux applaudir les personnalités qui coupaient le ruban et les remercier en partageant avec eux la convivialité d&rsquo;un superbe buffet.</span></strong></em></span></p>
<p>[/et_pb_text][/et_pb_column][/et_pb_row][/et_pb_section]</p>

<p><div class="et_pb_module lwp_divi_breadcrumbs lwp_divi_breadcrumbs_0">
				
				
				
				
				
				
				<div class="et_pb_module_inner">
					<div class="lwp-breadcrumbs"><span class="before-icon et-pb-icon"></span> <span class="before"></span> <span vocab="https://schema.org/" typeof="BreadcrumbList"><span property="itemListElement" typeof="ListItem"><a property="item" typeof="WebPage" href="https://roussesinfo.fr/patrimoine/" class="home"><span property="name">Home</span></a><meta property="position" content="1"></span> <span class="separator et-pb-icon">&#x39;</span> </span></div>
				</div>
			</div> ROUSSES  &#8211; Inauguration foyer en 1993 &#8211; Une grande salle polyvalente pour lutter contre l&rsquo;exode ruralC&rsquo;était au départ une gageure que de se payer une salle polyvalente pour une si petite commune (70 habitants) mais, comme l&rsquo;a souligné le [&hellip;]</p>
