{"id":3710,"date":"2022-10-01T17:47:51","date_gmt":"2022-10-01T16:47:51","guid":{"rendered":"https:\/\/roussesinfo.fr\/patrimoine\/?page_id=3710"},"modified":"2025-08-22T08:10:11","modified_gmt":"2025-08-22T07:10:11","slug":"foyer-rural","status":"publish","type":"page","link":"https:\/\/roussesinfo.fr\/patrimoine\/activites-sociales-culturelles\/foyer-rural\/","title":{"rendered":"Foyer rural"},"content":{"rendered":"<p>[et_pb_section fb_built=\u00a0\u00bb1&Prime; _builder_version=\u00a0\u00bb4.18.0&Prime; _module_preset=\u00a0\u00bbdefault\u00a0\u00bb background_image=\u00a0\u00bbhttps:\/\/roussesinfo.fr\/patrimoine\/wp-content\/uploads\/2022\/08\/Textures-parcemin_01-scaled.jpg\u00a0\u00bb global_colors_info=\u00a0\u00bb{}\u00a0\u00bb custom_padding=\u00a0\u00bb6px|||||\u00a0\u00bb][et_pb_row admin_label=\u00a0\u00bbFil arianne\u00a0\u00bb _builder_version=\u00a0\u00bb4.27.4&Prime; _module_preset=\u00a0\u00bbdefault\u00a0\u00bb width=\u00a0\u00bb95%\u00a0\u00bb max_width=\u00a0\u00bb1711px\u00a0\u00bb custom_padding=\u00a0\u00bb5px|||||\u00a0\u00bb global_colors_info=\u00a0\u00bb{}\u00a0\u00bb][et_pb_column type=\u00a0\u00bb4_4&Prime; _builder_version=\u00a0\u00bb4.25.2&Prime; _module_preset=\u00a0\u00bbdefault\u00a0\u00bb global_colors_info=\u00a0\u00bb{}\u00a0\u00bb][lwp_divi_breadcrumbs use_before_icon=\u00a0\u00bbon\u00a0\u00bb before_icon=\u00a0\u00bb&#xe074;||divi||400&Prime; link_color=\u00a0\u00bb#E02B20&Prime; separator_color=\u00a0\u00bb#0C71C3&Prime; current_text_color=\u00a0\u00bb#000000&Prime; admin_label=\u00a0\u00bbFil arianne\u00a0\u00bb _builder_version=\u00a0\u00bb4.27.4&Prime; _module_preset=\u00a0\u00bbdefault\u00a0\u00bb module_font=\u00a0\u00bbTimes New Roman|600|on||||||\u00a0\u00bb module_text_color=\u00a0\u00bb#000000&Prime; module_font_size=\u00a0\u00bb19px\u00a0\u00bb custom_margin=\u00a0\u00bb2px|||||\u00a0\u00bb global_colors_info=\u00a0\u00bb{}\u00a0\u00bb][\/lwp_divi_breadcrumbs][\/et_pb_column][\/et_pb_row][et_pb_row _builder_version=\u00a0\u00bb4.18.0&Prime; _module_preset=\u00a0\u00bbdefault\u00a0\u00bb global_colors_info=\u00a0\u00bb{}\u00a0\u00bb][et_pb_column type=\u00a0\u00bb4_4&Prime; _builder_version=\u00a0\u00bb4.18.0&Prime; _module_preset=\u00a0\u00bbdefault\u00a0\u00bb global_colors_info=\u00a0\u00bb{}\u00a0\u00bb][et_pb_text admin_label=\u00a0\u00bbTitre\u00a0\u00bb _builder_version=\u00a0\u00bb4.21.0&Prime; _module_preset=\u00a0\u00bbdefault\u00a0\u00bb global_colors_info=\u00a0\u00bb{}\u00a0\u00bb]<\/p>\n<p style=\"text-align: center;\"><strong><em><span style=\"font-family: 'times new roman', times, serif; font-size: 18pt; color: #000000;\">Foyer rural<\/span><\/em><\/strong><\/p>\n<p>[\/et_pb_text][et_pb_text _builder_version=\u00a0\u00bb4.21.0&Prime; _module_preset=\u00a0\u00bbdefault\u00a0\u00bb global_colors_info=\u00a0\u00bb{}\u00a0\u00bb]<\/p>\n<ul class=\"children\">\n<li><span style=\"color: #000000;\"><em><span style=\"font-size: 14pt; font-family: 'times new roman', times, serif;\"><strong><a style=\"color: #000000;\" href=\"https:\/\/roussesinfo.fr\/patrimoine\/activites-sociales-culturelles\/foyer-rural-inauguration-en-1993\/\">Foyer rural \u2013 Inauguration en 1993<\/a><\/strong><\/span><\/em><\/span><\/li>\n<li class=\"page_item page-item-3725\"><span style=\"color: #000000;\"><strong><em><span style=\"font-size: 14pt; font-family: 'times new roman', times, serif;\"><a style=\"color: #000000;\" href=\"https:\/\/roussesinfo.fr\/patrimoine\/activites-sociales-culturelles\/foyer-rural\/exposition-afrique\/\">Exposition Afrique<\/a><\/span><\/em><\/strong><\/span><\/li>\n<li class=\"page_item page-item-3742\"><span style=\"color: #000000;\"><strong><em><span style=\"font-size: 14pt; font-family: 'times new roman', times, serif;\"><a style=\"color: #000000;\" href=\"https:\/\/roussesinfo.fr\/patrimoine\/activites-sociales-culturelles\/foyer-rural\/fete-de-rousses-en-1989\/\">F\u00eate de Rousses en 1989<\/a><\/span><\/em><\/strong><\/span><\/li>\n<li class=\"page_item page-item-3736\"><span style=\"color: #000000;\"><strong><em><span style=\"font-size: 14pt; font-family: 'times new roman', times, serif;\"><a style=\"color: #000000;\" href=\"https:\/\/roussesinfo.fr\/patrimoine\/activites-en-relation-avec-les-transports\/elise-valat\/la-baraquette-delisee-valat\/\">La baraquette d\u2019Elis\u00e9e Valat<\/a><\/span><\/em><\/strong><\/span><\/li>\n<li class=\"page_item page-item-3721\"><span style=\"color: #000000;\"><strong><em><span style=\"font-size: 14pt; font-family: 'times new roman', times, serif;\"><a style=\"color: #000000;\" href=\"https:\/\/roussesinfo.fr\/patrimoine\/activites-sociales-culturelles\/foyer-rural\/maquettes-de-c-argenson\/\">Maquettes de C. Argenson<\/a><\/span><\/em><\/strong><\/span><\/li>\n<li><a href=\"https:\/\/roussesinfo.fr\/patrimoine\/activites-sociales-culturelles\/foyer-rural\/les-moulins-conference-gerard-caillat-en-2017-au-foyer-rural\/\"><span style=\"font-size: 14pt; color: #000000;\"><em><strong><span style=\"font-family: 'times new roman', times, serif;\">Conf\u00e9rence de G\u00e9rard Caillat sur les moulins \u00e0 eau de la commune<\/span><\/strong><\/em><\/span><\/a><\/li>\n<li class=\"page_item page-item-3731\"><span style=\"color: #000000;\"><strong><em><span style=\"font-size: 14pt; font-family: 'times new roman', times, serif;\"><a style=\"color: #000000;\" href=\"https:\/\/roussesinfo.fr\/patrimoine\/activites-sociales-culturelles\/foyer-rural\/pique-nique-du-11-aout-1991\/\">Pique nique du 11 aout 1991<\/a><\/span><\/em><\/strong><\/span><\/li>\n<li class=\"page_item page-item-3750\"><span style=\"color: #000000;\"><strong><em><span style=\"font-size: 14pt; font-family: 'times new roman', times, serif;\"><a style=\"color: #000000;\" href=\"https:\/\/roussesinfo.fr\/patrimoine\/activites-sociales-culturelles\/foyer-rural\/repas-du-foyer-du-30-avril-2013\/\">repas du foyer du 30 avril 2013<\/a><\/span><\/em><\/strong><\/span><\/li>\n<li class=\"page_item page-item-3714\"><span style=\"color: #000000;\"><strong><em><span style=\"font-size: 14pt; font-family: 'times new roman', times, serif;\"><a style=\"color: #000000;\" href=\"https:\/\/roussesinfo.fr\/patrimoine\/activites-sociales-culturelles\/foyer-rural\/repas-du-foyer-rural-2020\/\">Repas du foyer rural 2020<\/a><\/span><\/em><\/strong><\/span><\/li>\n<\/ul>\n<p>[\/et_pb_text][\/et_pb_column][\/et_pb_row][\/et_pb_section]<\/p>\n","protected":false},"excerpt":{"rendered":"<p><div class=\"et_pb_module lwp_divi_breadcrumbs lwp_divi_breadcrumbs_0\">\n\t\t\t\t\n\t\t\t\t\n\t\t\t\t\n\t\t\t\t\n\t\t\t\t\n\t\t\t\t\n\t\t\t\t<div class=\"et_pb_module_inner\">\n\t\t\t\t\t<div class=\"lwp-breadcrumbs\"><span class=\"before-icon et-pb-icon\">\ue074<\/span> <span class=\"before\"><\/span> <span vocab=\"https:\/\/schema.org\/\" typeof=\"BreadcrumbList\"><span property=\"itemListElement\" typeof=\"ListItem\"><a property=\"item\" typeof=\"WebPage\" href=\"https:\/\/roussesinfo.fr\/patrimoine\/\" class=\"home\"><span property=\"name\">Home<\/span><\/a><meta property=\"position\" content=\"1\"><\/span> <span class=\"separator et-pb-icon\">&#x39;<\/span> <\/span><\/div>\n\t\t\t\t<\/div>\n\t\t\t<\/div>Foyer rural Foyer rural \u2013 Inauguration en 1993 Exposition Afrique F\u00eate de Rousses en 1989 La baraquette d\u2019Elis\u00e9e Valat Maquettes de C. Argenson Conf\u00e9rence de G\u00e9rard Caillat sur les moulins \u00e0 eau de la commune Pique nique du 11 [&hellip;]<\/p>\n","protected":false},"author":1,"featured_media":0,"parent":1762,"menu_order":0,"comment_status":"closed","ping_status":"closed","template":"","meta":{"_et_pb_use_builder":"on","_et_pb_old_content":"","_et_gb_content_width":"","footnotes":""},"class_list":["post-3710","page","type-page","status-publish","hentry"],"_links":{"self":[{"href":"https:\/\/roussesinfo.fr\/patrimoine\/wp-json\/wp\/v2\/pages\/3710","targetHints":{"allow":["GET"]}}],"collection":[{"href":"https:\/\/roussesinfo.fr\/patrimoine\/wp-json\/wp\/v2\/pages"}],"about":[{"href":"https:\/\/roussesinfo.fr\/patrimoine\/wp-json\/wp\/v2\/types\/page"}],"author":[{"embeddable":true,"href":"https:\/\/roussesinfo.fr\/patrimoine\/wp-json\/wp\/v2\/users\/1"}],"replies":[{"embeddable":true,"href":"https:\/\/roussesinfo.fr\/patrimoine\/wp-json\/wp\/v2\/comments?post=3710"}],"version-history":[{"count":0,"href":"https:\/\/roussesinfo.fr\/patrimoine\/wp-json\/wp\/v2\/pages\/3710\/revisions"}],"up":[{"embeddable":true,"href":"https:\/\/roussesinfo.fr\/patrimoine\/wp-json\/wp\/v2\/pages\/1762"}],"wp:attachment":[{"href":"https:\/\/roussesinfo.fr\/patrimoine\/wp-json\/wp\/v2\/media?parent=3710"}],"curies":[{"name":"wp","href":"https:\/\/api.w.org\/{rel}","templated":true}]}}

<p>[et_pb_section fb_built= »1&Prime; _builder_version= »4.18.0&Prime; _module_preset= »default » background_image= »https://roussesinfo.fr/patrimoine/wp-content/uploads/2022/08/Textures-parcemin_01-scaled.jpg » global_colors_info= »{} » custom_padding= »6px||||| »][et_pb_row admin_label= »Fil arianne » _builder_version= »4.27.4&Prime; _module_preset= »default » width= »95% » max_width= »1711px » custom_padding= »5px||||| » global_colors_info= »{} »][et_pb_column type= »4_4&Prime; _builder_version= »4.25.2&Prime; _module_preset= »default » global_colors_info= »{} »][lwp_divi_breadcrumbs use_before_icon= »on » before_icon= »&#xe074;||divi||400&Prime; link_color= »#E02B20&Prime; separator_color= »#0C71C3&Prime; current_text_color= »#000000&Prime; admin_label= »Fil arianne » _builder_version= »4.27.4&Prime; _module_preset= »default » module_font= »Times New Roman|600|on|||||| » module_text_color= »#000000&Prime; module_font_size= »19px » custom_margin= »2px||||| » global_colors_info= »{} »][/lwp_divi_breadcrumbs][/et_pb_column][/et_pb_row][et_pb_row _builder_version= »4.18.0&Prime; _module_preset= »default » global_colors_info= »{} »][et_pb_column type= »4_4&Prime; _builder_version= »4.18.0&Prime; _module_preset= »default » global_colors_info= »{} »][et_pb_text admin_label= »Titre » _builder_version= »4.21.0&Prime; _module_preset= »default » global_colors_info= »{} »]</p>
<p style="text-align: center;"><strong><em><span style="font-family: 'times new roman', times, serif; font-size: 18pt; color: #000000;">Foyer rural</span></em></strong></p>
<p>[/et_pb_text][et_pb_text _builder_version= »4.21.0&Prime; _module_preset= »default » global_colors_info= »{} »]</p>
<ul class="children">
<li><span style="color: #000000;"><em><span style="font-size: 14pt; font-family: 'times new roman', times, serif;"><strong><a style="color: #000000;" href="https://roussesinfo.fr/patrimoine/activites-sociales-culturelles/foyer-rural-inauguration-en-1993/">Foyer rural – Inauguration en 1993</a></strong></span></em></span></li>
<li class="page_item page-item-3725"><span style="color: #000000;"><strong><em><span style="font-size: 14pt; font-family: 'times new roman', times, serif;"><a style="color: #000000;" href="https://roussesinfo.fr/patrimoine/activites-sociales-culturelles/foyer-rural/exposition-afrique/">Exposition Afrique</a></span></em></strong></span></li>
<li class="page_item page-item-3742"><span style="color: #000000;"><strong><em><span style="font-size: 14pt; font-family: 'times new roman', times, serif;"><a style="color: #000000;" href="https://roussesinfo.fr/patrimoine/activites-sociales-culturelles/foyer-rural/fete-de-rousses-en-1989/">Fête de Rousses en 1989</a></span></em></strong></span></li>
<li class="page_item page-item-3736"><span style="color: #000000;"><strong><em><span style="font-size: 14pt; font-family: 'times new roman', times, serif;"><a style="color: #000000;" href="https://roussesinfo.fr/patrimoine/activites-en-relation-avec-les-transports/elise-valat/la-baraquette-delisee-valat/">La baraquette d’Elisée Valat</a></span></em></strong></span></li>
<li class="page_item page-item-3721"><span style="color: #000000;"><strong><em><span style="font-size: 14pt; font-family: 'times new roman', times, serif;"><a style="color: #000000;" href="https://roussesinfo.fr/patrimoine/activites-sociales-culturelles/foyer-rural/maquettes-de-c-argenson/">Maquettes de C. Argenson</a></span></em></strong></span></li>
<li><a href="https://roussesinfo.fr/patrimoine/activites-sociales-culturelles/foyer-rural/les-moulins-conference-gerard-caillat-en-2017-au-foyer-rural/"><span style="font-size: 14pt; color: #000000;"><em><strong><span style="font-family: 'times new roman', times, serif;">Conférence de Gérard Caillat sur les moulins à eau de la commune</span></strong></em></span></a></li>
<li class="page_item page-item-3731"><span style="color: #000000;"><strong><em><span style="font-size: 14pt; font-family: 'times new roman', times, serif;"><a style="color: #000000;" href="https://roussesinfo.fr/patrimoine/activites-sociales-culturelles/foyer-rural/pique-nique-du-11-aout-1991/">Pique nique du 11 aout 1991</a></span></em></strong></span></li>
<li class="page_item page-item-3750"><span style="color: #000000;"><strong><em><span style="font-size: 14pt; font-family: 'times new roman', times, serif;"><a style="color: #000000;" href="https://roussesinfo.fr/patrimoine/activites-sociales-culturelles/foyer-rural/repas-du-foyer-du-30-avril-2013/">repas du foyer du 30 avril 2013</a></span></em></strong></span></li>
<li class="page_item page-item-3714"><span style="color: #000000;"><strong><em><span style="font-size: 14pt; font-family: 'times new roman', times, serif;"><a style="color: #000000;" href="https://roussesinfo.fr/patrimoine/activites-sociales-culturelles/foyer-rural/repas-du-foyer-rural-2020/">Repas du foyer rural 2020</a></span></em></strong></span></li>
</ul>
<p>[/et_pb_text][/et_pb_column][/et_pb_row][/et_pb_section]</p>

<p><div class="et_pb_module lwp_divi_breadcrumbs lwp_divi_breadcrumbs_0">
				
				
				
				
				
				
				<div class="et_pb_module_inner">
					<div class="lwp-breadcrumbs"><span class="before-icon et-pb-icon"></span> <span class="before"></span> <span vocab="https://schema.org/" typeof="BreadcrumbList"><span property="itemListElement" typeof="ListItem"><a property="item" typeof="WebPage" href="https://roussesinfo.fr/patrimoine/" class="home"><span property="name">Home</span></a><meta property="position" content="1"></span> <span class="separator et-pb-icon">&#x39;</span> </span></div>
				</div>
			</div>Foyer rural Foyer rural – Inauguration en 1993 Exposition Afrique Fête de Rousses en 1989 La baraquette d’Elisée Valat Maquettes de C. Argenson Conférence de Gérard Caillat sur les moulins à eau de la commune Pique nique du 11 [&hellip;]</p>
