{"id":4542,"date":"2022-11-20T09:42:27","date_gmt":"2022-11-20T08:42:27","guid":{"rendered":"https:\/\/roussesinfo.fr\/patrimoine\/?page_id=4542"},"modified":"2025-08-22T07:41:10","modified_gmt":"2025-08-22T06:41:10","slug":"inauguration-du-fournil-de-vebron","status":"publish","type":"page","link":"https:\/\/roussesinfo.fr\/patrimoine\/autour-de-rousses\/inauguration-du-fournil-de-vebron\/","title":{"rendered":"Inauguration du fournil de V\u00e9bron"},"content":{"rendered":"<p>[et_pb_section fb_built=\u00a0\u00bb1&Prime; _builder_version=\u00a0\u00bb4.19.1&Prime; _module_preset=\u00a0\u00bbdefault\u00a0\u00bb background_image=\u00a0\u00bbhttps:\/\/roussesinfo.fr\/patrimoine\/wp-content\/uploads\/2022\/08\/Textures-parcemin_01-scaled.jpg\u00a0\u00bb custom_padding=\u00a0\u00bb8px|||||\u00a0\u00bb global_colors_info=\u00a0\u00bb{}\u00a0\u00bb][et_pb_row admin_label=\u00a0\u00bbFil arianne\u00a0\u00bb _builder_version=\u00a0\u00bb4.27.4&Prime; _module_preset=\u00a0\u00bbdefault\u00a0\u00bb width=\u00a0\u00bb95%\u00a0\u00bb max_width=\u00a0\u00bb1711px\u00a0\u00bb custom_padding=\u00a0\u00bb5px|||||\u00a0\u00bb global_colors_info=\u00a0\u00bb{}\u00a0\u00bb theme_builder_area=\u00a0\u00bbpost_content\u00a0\u00bb][et_pb_column type=\u00a0\u00bb4_4&Prime; _builder_version=\u00a0\u00bb4.25.2&Prime; _module_preset=\u00a0\u00bbdefault\u00a0\u00bb global_colors_info=\u00a0\u00bb{}\u00a0\u00bb theme_builder_area=\u00a0\u00bbpost_content\u00a0\u00bb][lwp_divi_breadcrumbs use_before_icon=\u00a0\u00bbon\u00a0\u00bb before_icon=\u00a0\u00bb&#xe074;||divi||400&Prime; link_color=\u00a0\u00bb#E02B20&Prime; separator_color=\u00a0\u00bb#0C71C3&Prime; current_text_color=\u00a0\u00bb#000000&Prime; admin_label=\u00a0\u00bbFil arianne\u00a0\u00bb _builder_version=\u00a0\u00bb4.27.4&Prime; _module_preset=\u00a0\u00bbdefault\u00a0\u00bb module_font=\u00a0\u00bbTimes New Roman|600|on||||||\u00a0\u00bb module_text_color=\u00a0\u00bb#000000&Prime; module_font_size=\u00a0\u00bb19px\u00a0\u00bb custom_margin=\u00a0\u00bb2px|||||\u00a0\u00bb global_colors_info=\u00a0\u00bb{}\u00a0\u00bb theme_builder_area=\u00a0\u00bbpost_content\u00a0\u00bb][\/lwp_divi_breadcrumbs][\/et_pb_column][\/et_pb_row][et_pb_row _builder_version=\u00a0\u00bb4.19.1&Prime; _module_preset=\u00a0\u00bbdefault\u00a0\u00bb width=\u00a0\u00bb90%\u00a0\u00bb max_width=\u00a0\u00bb2324px\u00a0\u00bb custom_padding=\u00a0\u00bb7px|||||\u00a0\u00bb global_colors_info=\u00a0\u00bb{}\u00a0\u00bb][et_pb_column type=\u00a0\u00bb4_4&Prime; _builder_version=\u00a0\u00bb4.19.1&Prime; _module_preset=\u00a0\u00bbdefault\u00a0\u00bb global_colors_info=\u00a0\u00bb{}\u00a0\u00bb][et_pb_text admin_label=\u00a0\u00bbTitre\u00a0\u00bb _builder_version=\u00a0\u00bb4.19.1&Prime; _module_preset=\u00a0\u00bbdefault\u00a0\u00bb global_colors_info=\u00a0\u00bb{}\u00a0\u00bb]<\/p>\n<h1 class=\"style-scope ytd-watch-metadata\" style=\"text-align: center;\"><span style=\"color: #000000;\"><em><strong><span style=\"font-family: 'times new roman', times, serif; font-size: 18pt;\">Inauguration du fournil de V\u00e9bron<\/span><\/strong><\/em><\/span><\/h1>\n<p>[\/et_pb_text][\/et_pb_column][\/et_pb_row][et_pb_row _builder_version=\u00a0\u00bb4.19.1&Prime; _module_preset=\u00a0\u00bbdefault\u00a0\u00bb width=\u00a0\u00bb90%\u00a0\u00bb max_width=\u00a0\u00bb2316px\u00a0\u00bb custom_margin=\u00a0\u00bb-23px|auto||auto||\u00a0\u00bb global_colors_info=\u00a0\u00bb{}\u00a0\u00bb][et_pb_column type=\u00a0\u00bb4_4&Prime; _builder_version=\u00a0\u00bb4.19.1&Prime; _module_preset=\u00a0\u00bbdefault\u00a0\u00bb global_colors_info=\u00a0\u00bb{}\u00a0\u00bb][et_pb_text admin_label=\u00a0\u00bbTexte\u00a0\u00bb _builder_version=\u00a0\u00bb4.19.2&Prime; _module_preset=\u00a0\u00bbdefault\u00a0\u00bb global_colors_info=\u00a0\u00bb{}\u00a0\u00bb]<\/p>\n<p style=\"text-align: justify;\"><span style=\"color: #000000; font-size: 14pt;\"><em><strong><span style=\"font-family: 'times new roman', times, serif;\">Le lundi 31 octobre 2022 se d\u00e9roulait l&rsquo;inauguration du fournil des Vanels, projet longuement men\u00e9 par les membres de l&rsquo;association \u00ab\u00a0Du pain pour demain?\u00a0\u00bb, avec l&rsquo;aide d&rsquo;artisans locaux et de nombreux et nombreuses b\u00e9n\u00e9voles.<\/span><\/strong><\/em><\/span><\/p>\n<p>[\/et_pb_text][\/et_pb_column][\/et_pb_row][et_pb_row _builder_version=\u00a0\u00bb4.19.1&Prime; _module_preset=\u00a0\u00bbdefault\u00a0\u00bb width=\u00a0\u00bb90%\u00a0\u00bb max_width=\u00a0\u00bb2316px\u00a0\u00bb custom_margin=\u00a0\u00bb-23px|auto||auto||\u00a0\u00bb global_colors_info=\u00a0\u00bb{}\u00a0\u00bb][et_pb_column type=\u00a0\u00bb4_4&Prime; _builder_version=\u00a0\u00bb4.19.1&Prime; _module_preset=\u00a0\u00bbdefault\u00a0\u00bb global_colors_info=\u00a0\u00bb{}\u00a0\u00bb][et_pb_text admin_label=\u00a0\u00bbvideo\u00a0\u00bb _builder_version=\u00a0\u00bb4.19.1&Prime; _module_preset=\u00a0\u00bbdefault\u00a0\u00bb global_colors_info=\u00a0\u00bb{}\u00a0\u00bb]<\/p>\n<p style=\"text-align: center;\"><iframe title=\"YouTube video player\"  width=\"840\" height=\"472,5\" frameborder=\"0\" allowfullscreen=\"allowfullscreen\" class=\"lws-optimize-lazyload\" data-src=\"https:\/\/www.youtube.com\/embed\/Gb8eXtg78TA\"><\/iframe><\/p>\n<p>[\/et_pb_text][et_pb_text _builder_version=\u00a0\u00bb4.19.2&Prime; _module_preset=\u00a0\u00bbdefault\u00a0\u00bb global_colors_info=\u00a0\u00bb{}\u00a0\u00bb]<\/p>\n<p><span style=\"font-size: 14pt; color: #000000;\"><strong><em><span style=\"font-family: 'times new roman', times, serif;\">L&rsquo;association :\u00a0<a style=\"color: #000000;\" href=\"https:\/\/www.zeste.coop\/fr\/du-pain-pour-demain\" target=\"_blank\" rel=\"noopener\">https:\/\/www.zeste.coop\/fr\/du-pain-pour-demain<\/a><\/span><\/em><\/strong><\/span><\/p>\n<p><span style=\"font-size: 14pt; color: #000000;\"><strong><em><span style=\"font-family: 'times new roman', times, serif;\">Sur T\u00e9l\u00e9draille :\u00a0 <\/span><\/em><\/strong><\/span><span style=\"color: #000000;\"><em><strong><span style=\"font-size: 14pt; font-family: 'times new roman', times, serif;\"><a style=\"color: #000000;\" href=\"https:\/\/www.teledraille.org\/portail\/index.php?inauguration-du-fournil-collectif-de-vebron\" target=\"_blank\" rel=\"noopener\">https:\/\/www.teledraille.org\/portail\/index.php?inauguration-du-fournil-collectif-de-vebron<\/a><\/span><\/strong><\/em><\/span><\/p>\n<p>&nbsp;<\/p>\n<p>&nbsp;<\/p>\n<p>[\/et_pb_text][\/et_pb_column][\/et_pb_row][\/et_pb_section]<\/p>\n","protected":false},"excerpt":{"rendered":"<p><div class=\"et_pb_module lwp_divi_breadcrumbs lwp_divi_breadcrumbs_0\">\n\t\t\t\t\n\t\t\t\t\n\t\t\t\t\n\t\t\t\t\n\t\t\t\t\n\t\t\t\t\n\t\t\t\t<div class=\"et_pb_module_inner\">\n\t\t\t\t\t<div class=\"lwp-breadcrumbs\"><span class=\"before-icon et-pb-icon\">\ue074<\/span> <span class=\"before\"><\/span> <span vocab=\"https:\/\/schema.org\/\" typeof=\"BreadcrumbList\"><span property=\"itemListElement\" typeof=\"ListItem\"><a property=\"item\" typeof=\"WebPage\" href=\"https:\/\/roussesinfo.fr\/patrimoine\/\" class=\"home\"><span property=\"name\">Home<\/span><\/a><meta property=\"position\" content=\"1\"><\/span> <span class=\"separator et-pb-icon\">&#x39;<\/span> <\/span><\/div>\n\t\t\t\t<\/div>\n\t\t\t<\/div>Inauguration du fournil de V\u00e9bronLe lundi 31 octobre 2022 se d\u00e9roulait l&rsquo;inauguration du fournil des Vanels, projet longuement men\u00e9 par les membres de l&rsquo;association \u00ab\u00a0Du pain pour demain?\u00a0\u00bb, avec l&rsquo;aide d&rsquo;artisans locaux et de nombreux et nombreuses b\u00e9n\u00e9voles.L&rsquo;association [&hellip;]<\/p>\n","protected":false},"author":1,"featured_media":0,"parent":2142,"menu_order":0,"comment_status":"closed","ping_status":"closed","template":"","meta":{"_et_pb_use_builder":"on","_et_pb_old_content":"","_et_gb_content_width":"","footnotes":""},"class_list":["post-4542","page","type-page","status-publish","hentry"],"_links":{"self":[{"href":"https:\/\/roussesinfo.fr\/patrimoine\/wp-json\/wp\/v2\/pages\/4542","targetHints":{"allow":["GET"]}}],"collection":[{"href":"https:\/\/roussesinfo.fr\/patrimoine\/wp-json\/wp\/v2\/pages"}],"about":[{"href":"https:\/\/roussesinfo.fr\/patrimoine\/wp-json\/wp\/v2\/types\/page"}],"author":[{"embeddable":true,"href":"https:\/\/roussesinfo.fr\/patrimoine\/wp-json\/wp\/v2\/users\/1"}],"replies":[{"embeddable":true,"href":"https:\/\/roussesinfo.fr\/patrimoine\/wp-json\/wp\/v2\/comments?post=4542"}],"version-history":[{"count":0,"href":"https:\/\/roussesinfo.fr\/patrimoine\/wp-json\/wp\/v2\/pages\/4542\/revisions"}],"up":[{"embeddable":true,"href":"https:\/\/roussesinfo.fr\/patrimoine\/wp-json\/wp\/v2\/pages\/2142"}],"wp:attachment":[{"href":"https:\/\/roussesinfo.fr\/patrimoine\/wp-json\/wp\/v2\/media?parent=4542"}],"curies":[{"name":"wp","href":"https:\/\/api.w.org\/{rel}","templated":true}]}}

Inauguration du fournil de Vébron

<p>[et_pb_section fb_built= »1&Prime; _builder_version= »4.19.1&Prime; _module_preset= »default » background_image= »https://roussesinfo.fr/patrimoine/wp-content/uploads/2022/08/Textures-parcemin_01-scaled.jpg » custom_padding= »8px||||| » global_colors_info= »{} »][et_pb_row admin_label= »Fil arianne » _builder_version= »4.27.4&Prime; _module_preset= »default » width= »95% » max_width= »1711px » custom_padding= »5px||||| » global_colors_info= »{} » theme_builder_area= »post_content »][et_pb_column type= »4_4&Prime; _builder_version= »4.25.2&Prime; _module_preset= »default » global_colors_info= »{} » theme_builder_area= »post_content »][lwp_divi_breadcrumbs use_before_icon= »on » before_icon= »&#xe074;||divi||400&Prime; link_color= »#E02B20&Prime; separator_color= »#0C71C3&Prime; current_text_color= »#000000&Prime; admin_label= »Fil arianne » _builder_version= »4.27.4&Prime; _module_preset= »default » module_font= »Times New Roman|600|on|||||| » module_text_color= »#000000&Prime; module_font_size= »19px » custom_margin= »2px||||| » global_colors_info= »{} » theme_builder_area= »post_content »][/lwp_divi_breadcrumbs][/et_pb_column][/et_pb_row][et_pb_row _builder_version= »4.19.1&Prime; _module_preset= »default » width= »90% » max_width= »2324px » custom_padding= »7px||||| » global_colors_info= »{} »][et_pb_column type= »4_4&Prime; _builder_version= »4.19.1&Prime; _module_preset= »default » global_colors_info= »{} »][et_pb_text admin_label= »Titre » _builder_version= »4.19.1&Prime; _module_preset= »default » global_colors_info= »{} »]</p>
<h1 class="style-scope ytd-watch-metadata" style="text-align: center;"><span style="color: #000000;"><em><strong><span style="font-family: 'times new roman', times, serif; font-size: 18pt;">Inauguration du fournil de Vébron</span></strong></em></span></h1>
<p>[/et_pb_text][/et_pb_column][/et_pb_row][et_pb_row _builder_version= »4.19.1&Prime; _module_preset= »default » width= »90% » max_width= »2316px » custom_margin= »-23px|auto||auto|| » global_colors_info= »{} »][et_pb_column type= »4_4&Prime; _builder_version= »4.19.1&Prime; _module_preset= »default » global_colors_info= »{} »][et_pb_text admin_label= »Texte » _builder_version= »4.19.2&Prime; _module_preset= »default » global_colors_info= »{} »]</p>
<p style="text-align: justify;"><span style="color: #000000; font-size: 14pt;"><em><strong><span style="font-family: 'times new roman', times, serif;">Le lundi 31 octobre 2022 se déroulait l&rsquo;inauguration du fournil des Vanels, projet longuement mené par les membres de l&rsquo;association « Du pain pour demain? », avec l&rsquo;aide d&rsquo;artisans locaux et de nombreux et nombreuses bénévoles.</span></strong></em></span></p>
<p>[/et_pb_text][/et_pb_column][/et_pb_row][et_pb_row _builder_version= »4.19.1&Prime; _module_preset= »default » width= »90% » max_width= »2316px » custom_margin= »-23px|auto||auto|| » global_colors_info= »{} »][et_pb_column type= »4_4&Prime; _builder_version= »4.19.1&Prime; _module_preset= »default » global_colors_info= »{} »][et_pb_text admin_label= »video » _builder_version= »4.19.1&Prime; _module_preset= »default » global_colors_info= »{} »]</p>
<p style="text-align: center;"><iframe title="YouTube video player"  width="840" height="472,5" frameborder="0" allowfullscreen="allowfullscreen" class="lws-optimize-lazyload" data-src="https://www.youtube.com/embed/Gb8eXtg78TA"></iframe></p>
<p>[/et_pb_text][et_pb_text _builder_version= »4.19.2&Prime; _module_preset= »default » global_colors_info= »{} »]</p>
<p><span style="font-size: 14pt; color: #000000;"><strong><em><span style="font-family: 'times new roman', times, serif;">L&rsquo;association : <a style="color: #000000;" href="https://www.zeste.coop/fr/du-pain-pour-demain" target="_blank" rel="noopener">https://www.zeste.coop/fr/du-pain-pour-demain</a></span></em></strong></span></p>
<p><span style="font-size: 14pt; color: #000000;"><strong><em><span style="font-family: 'times new roman', times, serif;">Sur Télédraille :  </span></em></strong></span><span style="color: #000000;"><em><strong><span style="font-size: 14pt; font-family: 'times new roman', times, serif;"><a style="color: #000000;" href="https://www.teledraille.org/portail/index.php?inauguration-du-fournil-collectif-de-vebron" target="_blank" rel="noopener">https://www.teledraille.org/portail/index.php?inauguration-du-fournil-collectif-de-vebron</a></span></strong></em></span></p>
<p>&nbsp;</p>
<p>&nbsp;</p>
<p>[/et_pb_text][/et_pb_column][/et_pb_row][/et_pb_section]</p>

<p><div class="et_pb_module lwp_divi_breadcrumbs lwp_divi_breadcrumbs_0">
				
				
				
				
				
				
				<div class="et_pb_module_inner">
					<div class="lwp-breadcrumbs"><span class="before-icon et-pb-icon"></span> <span class="before"></span> <span vocab="https://schema.org/" typeof="BreadcrumbList"><span property="itemListElement" typeof="ListItem"><a property="item" typeof="WebPage" href="https://roussesinfo.fr/patrimoine/" class="home"><span property="name">Home</span></a><meta property="position" content="1"></span> <span class="separator et-pb-icon">&#x39;</span> </span></div>
				</div>
			</div>Inauguration du fournil de VébronLe lundi 31 octobre 2022 se déroulait l&rsquo;inauguration du fournil des Vanels, projet longuement mené par les membres de l&rsquo;association « Du pain pour demain? », avec l&rsquo;aide d&rsquo;artisans locaux et de nombreux et nombreuses bénévoles.L&rsquo;association [&hellip;]</p>
