{"id":5277,"date":"2023-06-25T10:24:52","date_gmt":"2023-06-25T09:24:52","guid":{"rendered":"https:\/\/roussesinfo.fr\/patrimoine\/?page_id=5277"},"modified":"2023-10-01T10:02:28","modified_gmt":"2023-10-01T09:02:28","slug":"liste-des-instituteurs-jusquan-1909","status":"publish","type":"page","link":"https:\/\/roussesinfo.fr\/patrimoine\/activites-educatives\/liste-des-instituteurs-jusquan-1909\/","title":{"rendered":"Liste des instituteurs jusqu&rsquo;an 1909"},"content":{"rendered":"<p>[et_pb_section fb_built=\u00a0\u00bb1&Prime; _builder_version=\u00a0\u00bb4.22.2&Prime; _module_preset=\u00a0\u00bbdefault\u00a0\u00bb background_image=\u00a0\u00bbhttps:\/\/roussesinfo.fr\/patrimoine\/wp-content\/uploads\/2022\/08\/Textures-parcemin_01-scaled.jpg\u00a0\u00bb global_colors_info=\u00a0\u00bb{}\u00a0\u00bb custom_padding=\u00a0\u00bb12px|||||\u00a0\u00bb][et_pb_row _builder_version=\u00a0\u00bb4.21.0&Prime; _module_preset=\u00a0\u00bbdefault\u00a0\u00bb global_colors_info=\u00a0\u00bb{}\u00a0\u00bb][et_pb_column type=\u00a0\u00bb4_4&Prime; _builder_version=\u00a0\u00bb4.21.0&Prime; _module_preset=\u00a0\u00bbdefault\u00a0\u00bb global_colors_info=\u00a0\u00bb{}\u00a0\u00bb][et_pb_text _builder_version=\u00a0\u00bb4.22.2&Prime; _module_preset=\u00a0\u00bbdefault\u00a0\u00bb global_colors_info=\u00a0\u00bb{}\u00a0\u00bb]<\/p>\n<p style=\"text-align: center;\"><em><strong><span style=\"font-size: 18pt; font-family: 'times new roman', times, serif; color: #000000;\">Instituteurs de Rousses jusqu&rsquo;an 1909.<\/span><\/strong><\/em><\/p>\n<ul>\n<li><span style=\"font-size: 14pt; font-family: 'times new roman', times, serif; color: #000000;\"><strong>Louis TARDRES <\/strong>(..a)\u00a0: t\u00e9moin de la naissance de Delphine CAULET le 15\/10\/<strong>1841<\/strong><\/span><\/li>\n<li><span style=\"font-size: 14pt; font-family: 'times new roman', times, serif; color: #000000;\"><strong>Emile PASCAL<\/strong> (n\u00e9 vers 1820) instituteur communal en <strong>1859<\/strong> (voir\u00a0: mariage de Paul Vincent AGULHON &amp; Sophie Rosine DAUNIS le 12\/1\/1859 \u00e0 Rousses).<\/span><\/li>\n<li><span style=\"font-size: 14pt; font-family: 'times new roman', times, serif; color: #000000;\"><strong>Alexandre RODIER<\/strong>: rapport sur Rousses \u00e0 la demande de l\u2019inspecteur (30\/6\/<strong>1862<\/strong>).<\/span><\/li>\n<li><span style=\"font-size: 14pt; font-family: 'times new roman', times, serif; color: #000000;\"><strong>Aim\u00e9 DAUNIS (<\/strong>23a<strong>) <\/strong>[\u00e0 n\u00e9 vers 1848]: t\u00e9moin \u00e0 la naissance de L\u00e9on Aim\u00e9 LAGET le <strong>31\/8\/1871<\/strong> (cote AD48 \u2013 4E130\/6 \u2013 Acte n\u00b017 p.9) T\u00e9moin aussi au mariage de Albin Augustin PIC &amp; Emily LAGET le 5\/10\/<strong>1872<\/strong> (cote AD48 \u2013 4E130\/6 \u2013 Acte n18 p.10\/11).<\/span><\/li>\n<li><span style=\"font-size: 14pt; font-family: 'times new roman', times, serif; color: #000000;\"><strong> TARDES<\/strong>: instituteur \u00e0 Massevaques\u00a0: rapport \u00e0 l\u2019inspecteur (12\/5\/<strong>1874<\/strong>).<\/span><\/li>\n<li><span style=\"font-size: 14pt; font-family: 'times new roman', times, serif; color: #000000;\"><strong>[Victor] Hippolyte PUECH<\/strong> t\u00e9moin (25a) du mariage de H\u00e8lie GEMINARD &amp; de Rosine POUJOL \u00e0 Rousses le <strong>22\/6\/1879<\/strong>\u00a0; t\u00e9moin (34a) au d\u00e9c\u00e8s de Louis Auguste CAULET le 27\/7\/<strong>1886<\/strong> [\u00e0 n\u00e9 vers 1852]. T\u00e9moin \u00e0 la naissance de LAGET L\u00e9ontine Delphine le 21\/4\/<strong>1887<\/strong> (cote AD48 \u2013 4E130\/7 \u2013 Acte n\u00b017 p.11). T\u00e9moin \u00e9galement (40a \u00e0 n\u00e9 vers 1855) au d\u00e9c\u00e8s de Jean Louis CAULET le 20\/2\/<strong>1895<\/strong>. <em>[il est pr\u00e9sent dans la g\u00e9n\u00e9alogie de la maison]<\/em>.<\/span><\/li>\n<li><span style=\"font-size: 14pt; font-family: 'times new roman', times, serif; color: #000000;\"><strong>Suzanne Marie LAGET <\/strong>(n\u00e9e \u00e0 Rousses le 14\/5\/1863): institutrice \u00e0 Rousses lors de son mariage, le 7\/5\/<strong>1885<\/strong> avec Jean Camille MEZIN (24a) tailleur d\u2019habits \u00e0 Meyrueis (cote AD48 \u2013 4E130\/7 \u2013 Acte n\u00b013 p.8\/9)<\/span><\/li>\n<li><span style=\"font-size: 14pt; font-family: 'times new roman', times, serif; color: #000000;\"><strong>Th\u00e9ophile BOURGADE<\/strong> (34a) [\u00e0 n\u00e9 vers 1874], instituteur domicili\u00e9 \u00e0 Massevaques. T\u00e9moin du mariage \u00e0 Cabrillac de Marthe Lucie Rosine POUJOL &amp; Arthur Eug\u00e8ne MARION le <strong>20\/6\/1908<\/strong>.<\/span><\/li>\n<li><span style=\"font-size: 14pt; font-family: 'times new roman', times, serif; color: #000000;\"><strong>Phil\u00e9mon Paul Th\u00e9ophile ROUQUETTE <\/strong>instituteur propri\u00e9taire domicili\u00e9 au Prat Nouvel, n\u00e9 vers 1846 <em>[mentionn\u00e9 dans l\u2019acte de mariage de sa fille N\u00e9lie Marthe ROUQUETTE avec Louis Elie SALTEL, instituteur natif de Rousses, le 19\/8\/<strong>1909<\/strong> (cote AD48 &#8211; 4E130\/9 &#8211; Acte n\u00b016 p.11)]<\/em>. Il n\u2019a peut-\u00eatre pas exerc\u00e9 \u00e0 Rousses\u00a0?<\/span><\/li>\n<li><span style=\"font-size: 14pt; font-family: 'times new roman', times, serif; color: #000000;\"><strong>Zulma ROUQUETTE <\/strong>n\u00e9e vers 1849 <em>[mentionn\u00e9e dans l\u2019acte de mariage de sa ni\u00e8ce N\u00e9lie Marthe ROUQUETTE avec Louis Elie SALTEL, instituteur natif de Rousses, le 19\/8\/<strong>1909<\/strong> (cote AD48 &#8211; 4E130\/9 &#8211; Acte n\u00b016 p.11)]<\/em>. Elle n\u2019a peut-\u00eatre pas exerc\u00e9 \u00e0 Rousses\u00a0?<\/span><\/li>\n<\/ul>\n<p><span style=\"color: #000000;\"><em><strong><span style=\"font-size: 12pt; font-family: 'times new roman', times, serif;\">Extrait du livre \u00ab Nous les ma\u00eetres d\u2019\u00e9cole \u00bb Jacques OZOUF &#8211; Gallimard<\/span><\/strong><\/em><\/span><\/p>\n<p>&nbsp;<\/p>\n<p>&nbsp;<\/p>\n<p>&nbsp;<\/p>\n<p>[\/et_pb_text][\/et_pb_column][\/et_pb_row][\/et_pb_section]<\/p>\n","protected":false},"excerpt":{"rendered":"<p>Instituteurs de Rousses jusqu&rsquo;an 1909. Louis TARDRES (..a)\u00a0: t\u00e9moin de la naissance de Delphine CAULET le 15\/10\/1841 Emile PASCAL (n\u00e9 vers 1820) instituteur communal en 1859 (voir\u00a0: mariage de Paul Vincent AGULHON &amp; Sophie Rosine DAUNIS le 12\/1\/1859 \u00e0 Rousses). Alexandre RODIER: rapport sur Rousses \u00e0 la demande de l\u2019inspecteur (30\/6\/1862). Aim\u00e9 DAUNIS (23a) [\u00e0 [&hellip;]<\/p>\n","protected":false},"author":1,"featured_media":0,"parent":1758,"menu_order":0,"comment_status":"closed","ping_status":"closed","template":"","meta":{"_et_pb_use_builder":"on","_et_pb_old_content":"","_et_gb_content_width":"","footnotes":""},"class_list":["post-5277","page","type-page","status-publish","hentry"],"_links":{"self":[{"href":"https:\/\/roussesinfo.fr\/patrimoine\/wp-json\/wp\/v2\/pages\/5277","targetHints":{"allow":["GET"]}}],"collection":[{"href":"https:\/\/roussesinfo.fr\/patrimoine\/wp-json\/wp\/v2\/pages"}],"about":[{"href":"https:\/\/roussesinfo.fr\/patrimoine\/wp-json\/wp\/v2\/types\/page"}],"author":[{"embeddable":true,"href":"https:\/\/roussesinfo.fr\/patrimoine\/wp-json\/wp\/v2\/users\/1"}],"replies":[{"embeddable":true,"href":"https:\/\/roussesinfo.fr\/patrimoine\/wp-json\/wp\/v2\/comments?post=5277"}],"version-history":[{"count":0,"href":"https:\/\/roussesinfo.fr\/patrimoine\/wp-json\/wp\/v2\/pages\/5277\/revisions"}],"up":[{"embeddable":true,"href":"https:\/\/roussesinfo.fr\/patrimoine\/wp-json\/wp\/v2\/pages\/1758"}],"wp:attachment":[{"href":"https:\/\/roussesinfo.fr\/patrimoine\/wp-json\/wp\/v2\/media?parent=5277"}],"curies":[{"name":"wp","href":"https:\/\/api.w.org\/{rel}","templated":true}]}}