{"id":743,"date":"2022-08-24T10:06:41","date_gmt":"2022-08-24T09:06:41","guid":{"rendered":"https:\/\/roussesinfo.fr\/patrimoine\/?page_id=743"},"modified":"2025-08-22T07:06:17","modified_gmt":"2025-08-22T06:06:17","slug":"charrue-brabant","status":"publish","type":"page","link":"https:\/\/roussesinfo.fr\/patrimoine\/activites-agricoles\/charrue-brabant\/","title":{"rendered":"Charrue Brabant"},"content":{"rendered":"<p>[et_pb_section fb_built=\u00a0\u00bb1&Prime; _builder_version=\u00a0\u00bb4.18.0&Prime; _module_preset=\u00a0\u00bbdefault\u00a0\u00bb background_image=\u00a0\u00bbhttps:\/\/roussesinfo.fr\/patrimoine\/wp-content\/uploads\/2022\/08\/Textures-parcemin_01-scaled.jpg\u00a0\u00bb custom_padding=\u00a0\u00bb17px|||||\u00a0\u00bb global_colors_info=\u00a0\u00bb{}\u00a0\u00bb][et_pb_row admin_label=\u00a0\u00bbFil arianne\u00a0\u00bb _builder_version=\u00a0\u00bb4.27.4&Prime; _module_preset=\u00a0\u00bbdefault\u00a0\u00bb width=\u00a0\u00bb95%\u00a0\u00bb max_width=\u00a0\u00bb1711px\u00a0\u00bb custom_padding=\u00a0\u00bb5px|||||\u00a0\u00bb hover_enabled=\u00a0\u00bb0&Prime; global_colors_info=\u00a0\u00bb{}\u00a0\u00bb sticky_enabled=\u00a0\u00bb0&Prime;][et_pb_column type=\u00a0\u00bb4_4&Prime; _builder_version=\u00a0\u00bb4.25.2&Prime; _module_preset=\u00a0\u00bbdefault\u00a0\u00bb global_colors_info=\u00a0\u00bb{}\u00a0\u00bb][lwp_divi_breadcrumbs use_before_icon=\u00a0\u00bbon\u00a0\u00bb before_icon=\u00a0\u00bb&#xe074;||divi||400&Prime; link_color=\u00a0\u00bb#E02B20&Prime; separator_color=\u00a0\u00bb#0C71C3&Prime; current_text_color=\u00a0\u00bb#000000&Prime; admin_label=\u00a0\u00bbFil arianne\u00a0\u00bb _builder_version=\u00a0\u00bb4.27.4&Prime; _module_preset=\u00a0\u00bbdefault\u00a0\u00bb module_font=\u00a0\u00bbTimes New Roman|600|on||||||\u00a0\u00bb module_text_color=\u00a0\u00bb#000000&Prime; module_font_size=\u00a0\u00bb19px\u00a0\u00bb custom_margin=\u00a0\u00bb2px|||||\u00a0\u00bb global_colors_info=\u00a0\u00bb{}\u00a0\u00bb][\/lwp_divi_breadcrumbs][\/et_pb_column][\/et_pb_row][et_pb_row _builder_version=\u00a0\u00bb4.18.0&Prime; _module_preset=\u00a0\u00bbdefault\u00a0\u00bb width=\u00a0\u00bb85%\u00a0\u00bb max_width=\u00a0\u00bb2174px\u00a0\u00bb custom_padding=\u00a0\u00bb11px||3px|||\u00a0\u00bb global_colors_info=\u00a0\u00bb{}\u00a0\u00bb][et_pb_column type=\u00a0\u00bb4_4&Prime; _builder_version=\u00a0\u00bb4.18.0&Prime; _module_preset=\u00a0\u00bbdefault\u00a0\u00bb global_colors_info=\u00a0\u00bb{}\u00a0\u00bb][et_pb_text _builder_version=\u00a0\u00bb4.18.0&Prime; _module_preset=\u00a0\u00bbdefault\u00a0\u00bb custom_padding=\u00a0\u00bb||0px|||\u00a0\u00bb global_colors_info=\u00a0\u00bb{}\u00a0\u00bb]<\/p>\n<p><span style=\"color: #000000;\"><span style=\"font-size: 18pt;\"><em><span style=\"font-family: 'times new roman', times, serif;\"><strong>Charrue Brabant r\u00e9versible trouv\u00e9e dans la cave de la maison MEYNADIER \/ CAPELIER<\/strong><\/span><\/em><\/span><\/span><\/p>\n<p style=\"text-align: right;\"><a href=\"https:\/\/roussesinfo.fr\/patrimoine\/wp-content\/uploads\/2022\/09\/2022-04-13-Charrue-trouvee-dans-la-maison-CAPELIERa.pdf\" target=\"_blank\" rel=\"attachment noopener wp-att-2868\"><span style=\"font-size: 12pt; font-family: 'times new roman', times, serif; color: #000000;\"><strong><em>Voir &amp; t\u00e9l\u00e9charger en pdf<\/em><\/strong><\/span><\/a><\/p>\n<p style=\"text-align: justify;\"><span style=\"font-size: 14pt; font-family: 'times new roman', times, serif;\"><strong><em><span style=\"color: #000000;\">La Charrue brabant double\u00a0aurait \u00e9t\u00e9 invent\u00e9e en 1825 par Fondeur, mar\u00e9chal artisan dans l&rsquo;Aisne. L&rsquo;instrument est compos\u00e9 de deux corps de charrue superpos\u00e9s. Ce qui explique le qualificatif \u00ab\u00a0double\u00a0\u00bb. Lorsqu&rsquo;il arrive \u00e0 l&rsquo;extr\u00e9mit\u00e9 de son sillon, le laboureur fait pivoter de 180\u00b0 ou de 90\u00b0 (cas du brabant dit 1\/4 de tour) autour de l&rsquo;axe. On se retrouve donc avec deux coutres, deux socs, deux versoirs, etc&#8230; Ce type de charrue est particuli\u00e8rement appr\u00e9ci\u00e9 d\u00e8s le milieu du XIXe si\u00e8cle.\u00a0<\/span><\/em><\/strong><\/span><\/p>\n<p>[\/et_pb_text][et_pb_image src=\u00a0\u00bbhttps:\/\/roussesinfo.fr\/patrimoine\/wp-content\/uploads\/2022\/08\/charue-ligne-01.jpg\u00a0\u00bb title_text=\u00a0\u00bbcharue ligne 01&Prime; align=\u00a0\u00bbcenter\u00a0\u00bb _builder_version=\u00a0\u00bb4.18.0&Prime; _module_preset=\u00a0\u00bbdefault\u00a0\u00bb global_colors_info=\u00a0\u00bb{}\u00a0\u00bb][\/et_pb_image][et_pb_text _builder_version=\u00a0\u00bb4.18.0&Prime; _module_preset=\u00a0\u00bbdefault\u00a0\u00bb custom_padding=\u00a0\u00bb10px|||||\u00a0\u00bb global_colors_info=\u00a0\u00bb{}\u00a0\u00bb]<\/p>\n<p style=\"text-align: justify;\"><span style=\"color: #000000;\"><strong><span style=\"font-size: 14pt; font-family: 'times new roman', times, serif;\"><em>Le socle et le montant de la roue \u00e9taient reli\u00e9s par une barre en bois de section h= 100mm\u00a0; l=50mm\u00a0; L=1200mm environ (il y avait deux bras en bois fix\u00e9s \u00a0dessus, de part et d\u2019autre, c\u00f4t\u00e9 socle<\/em><\/span><\/strong><\/span><\/p>\n<p>[\/et_pb_text][et_pb_image src=\u00a0\u00bbhttps:\/\/roussesinfo.fr\/patrimoine\/wp-content\/uploads\/2022\/08\/charue-ligne-02.jpg\u00a0\u00bb title_text=\u00a0\u00bbcharue ligne 02&Prime; align=\u00a0\u00bbcenter\u00a0\u00bb _builder_version=\u00a0\u00bb4.18.0&Prime; _module_preset=\u00a0\u00bbdefault\u00a0\u00bb global_colors_info=\u00a0\u00bb{}\u00a0\u00bb][\/et_pb_image][et_pb_text _builder_version=\u00a0\u00bb4.18.0&Prime; _module_preset=\u00a0\u00bbdefault\u00a0\u00bb custom_padding=\u00a0\u00bb||10px|||\u00a0\u00bb global_colors_info=\u00a0\u00bb{}\u00a0\u00bb]<\/p>\n<p style=\"text-align: center;\"><strong><em><span style=\"font-family: 'times new roman', times, serif; font-size: 14pt; color: #000000;\">.\u2026\u2026\u2026.\u00a0\u00a0 D\u00e9tails\u00a0 \u2026\u2026.<\/span><\/em><\/strong><\/p>\n<p style=\"text-align: justify;\"><strong><em><span style=\"font-family: 'times new roman', times, serif; font-size: 14pt; color: #000000;\">La famille Martin avait la m\u00eame. La plupart des charrues de ce type observ\u00e9es sur internet ont deux roues bien plus grandes, et la liaison entre celles-ci et le socle est g\u00e9n\u00e9ralement m\u00e9tallique. Le choix de la roue unique a-t-il un rapport avec la pente des terrains\u00a0? Son maniement devait \u00eatre plus p\u00e9nible<\/span><\/em><\/strong><\/p>\n<p style=\"text-align: justify;\"><strong><em><span style=\"font-family: 'times new roman', times, serif; font-size: 14pt; color: #000000;\">Voir d\u00e9monstrations sur les sites\u00a0: <a style=\"color: #000000;\" href=\"https:\/\/troismuseesprissac.jimdofree.com\/l-objet-du-mois\/juin-2021\/juillet-2021\/janvier-2014\/#:~:text=La%20Charrue%20brabant%20double%20aurait%20%C3%A9t%C3%A9%20invent%C3%A9e%20en,charrue%20superpos%C3%A9s.%20Ce%20qui%20explique%20le%20qualificatif%20%22double%22.?msclkid=37d6d013bde811ec9935f6c0ac27ae83\" target=\"_blank\" rel=\"noopener\">Janvier : la charrue brabant double &#8211; troismuseesprissacs jimdo page! (jimdofree.com)<\/a> &amp; <a style=\"color: #000000;\" href=\"https:\/\/www.bing.com\/videos\/search?q=charrue+pour+les+labours&amp;view=detail&amp;mid=7C412895E379AC9F6C877C412895E379AC9F6C87&amp;FORM=VIRE&amp;msclkid=ec729c76bb2e11ecaa7ef96bc31cd750\" target=\"_blank\" rel=\"noopener\">Une charrue pour bien labourer &#8211; Bing video<\/a> (avec un mod\u00e8le plus moderne )<\/span><\/em><\/strong><\/p>\n<p><strong><em><span style=\"font-family: 'times new roman', times, serif; font-size: 14pt; color: #000000;\"><\/span><\/em><\/strong><\/p>\n<p><strong><em><span style=\"font-family: 'times new roman', times, serif; font-size: 14pt; color: #000000;\"><\/span><\/em><\/strong><\/p>\n<div class=\"et_pb_text_inner\">\n<div data-shortcode-id=\"0.0.0.5-1661332725153\" data-quickaccess-editable=\"yes\" class=\"et-fb-popover-tinymce\">\n<div class=\"mce-content-body\" contenteditable=\"true\" style=\"position: relative;\">\n<p style=\"text-align: right;\"><span style=\"color: #000000;\"><em><strong><span style=\"font-size: 12pt; font-family: 'times new roman', times, serif;\">Article de Jean Paul Eymery du 13 avril 2022\u00a0\u00a0<\/span><\/strong><\/em><\/span><\/p>\n<\/div>\n<\/div>\n<\/div>\n<p>[\/et_pb_text][\/et_pb_column][\/et_pb_row][\/et_pb_section]<\/p>\n","protected":false},"excerpt":{"rendered":"<p><div class=\"et_pb_module lwp_divi_breadcrumbs lwp_divi_breadcrumbs_0\">\n\t\t\t\t\n\t\t\t\t\n\t\t\t\t\n\t\t\t\t\n\t\t\t\t\n\t\t\t\t\n\t\t\t\t<div class=\"et_pb_module_inner\">\n\t\t\t\t\t<div class=\"lwp-breadcrumbs\"><span class=\"before-icon et-pb-icon\">\ue074<\/span> <span class=\"before\"><\/span> <span vocab=\"https:\/\/schema.org\/\" typeof=\"BreadcrumbList\"><span property=\"itemListElement\" typeof=\"ListItem\"><a property=\"item\" typeof=\"WebPage\" href=\"https:\/\/roussesinfo.fr\/patrimoine\/\" class=\"home\"><span property=\"name\">Home<\/span><\/a><meta property=\"position\" content=\"1\"><\/span> <span class=\"separator et-pb-icon\">&#x39;<\/span> <\/span><\/div>\n\t\t\t\t<\/div>\n\t\t\t<\/div>Charrue Brabant r\u00e9versible trouv\u00e9e dans la cave de la maison MEYNADIER \/ CAPELIER Voir &amp; t\u00e9l\u00e9charger en pdf La Charrue brabant double\u00a0aurait \u00e9t\u00e9 invent\u00e9e en 1825 par Fondeur, mar\u00e9chal artisan dans l&rsquo;Aisne. L&rsquo;instrument est compos\u00e9 de deux corps de [&hellip;]<\/p>\n","protected":false},"author":1,"featured_media":0,"parent":1748,"menu_order":0,"comment_status":"closed","ping_status":"closed","template":"","meta":{"_et_pb_use_builder":"on","_et_pb_old_content":"","_et_gb_content_width":"","footnotes":""},"class_list":["post-743","page","type-page","status-publish","hentry"],"_links":{"self":[{"href":"https:\/\/roussesinfo.fr\/patrimoine\/wp-json\/wp\/v2\/pages\/743","targetHints":{"allow":["GET"]}}],"collection":[{"href":"https:\/\/roussesinfo.fr\/patrimoine\/wp-json\/wp\/v2\/pages"}],"about":[{"href":"https:\/\/roussesinfo.fr\/patrimoine\/wp-json\/wp\/v2\/types\/page"}],"author":[{"embeddable":true,"href":"https:\/\/roussesinfo.fr\/patrimoine\/wp-json\/wp\/v2\/users\/1"}],"replies":[{"embeddable":true,"href":"https:\/\/roussesinfo.fr\/patrimoine\/wp-json\/wp\/v2\/comments?post=743"}],"version-history":[{"count":0,"href":"https:\/\/roussesinfo.fr\/patrimoine\/wp-json\/wp\/v2\/pages\/743\/revisions"}],"up":[{"embeddable":true,"href":"https:\/\/roussesinfo.fr\/patrimoine\/wp-json\/wp\/v2\/pages\/1748"}],"wp:attachment":[{"href":"https:\/\/roussesinfo.fr\/patrimoine\/wp-json\/wp\/v2\/media?parent=743"}],"curies":[{"name":"wp","href":"https:\/\/api.w.org\/{rel}","templated":true}]}}

<p>[et_pb_section fb_built= »1&Prime; _builder_version= »4.18.0&Prime; _module_preset= »default » background_image= »https://roussesinfo.fr/patrimoine/wp-content/uploads/2022/08/Textures-parcemin_01-scaled.jpg » custom_padding= »17px||||| » global_colors_info= »{} »][et_pb_row admin_label= »Fil arianne » _builder_version= »4.27.4&Prime; _module_preset= »default » width= »95% » max_width= »1711px » custom_padding= »5px||||| » hover_enabled= »0&Prime; global_colors_info= »{} » sticky_enabled= »0&Prime;][et_pb_column type= »4_4&Prime; _builder_version= »4.25.2&Prime; _module_preset= »default » global_colors_info= »{} »][lwp_divi_breadcrumbs use_before_icon= »on » before_icon= »&#xe074;||divi||400&Prime; link_color= »#E02B20&Prime; separator_color= »#0C71C3&Prime; current_text_color= »#000000&Prime; admin_label= »Fil arianne » _builder_version= »4.27.4&Prime; _module_preset= »default » module_font= »Times New Roman|600|on|||||| » module_text_color= »#000000&Prime; module_font_size= »19px » custom_margin= »2px||||| » global_colors_info= »{} »][/lwp_divi_breadcrumbs][/et_pb_column][/et_pb_row][et_pb_row _builder_version= »4.18.0&Prime; _module_preset= »default » width= »85% » max_width= »2174px » custom_padding= »11px||3px||| » global_colors_info= »{} »][et_pb_column type= »4_4&Prime; _builder_version= »4.18.0&Prime; _module_preset= »default » global_colors_info= »{} »][et_pb_text _builder_version= »4.18.0&Prime; _module_preset= »default » custom_padding= »||0px||| » global_colors_info= »{} »]</p>
<p><span style="color: #000000;"><span style="font-size: 18pt;"><em><span style="font-family: 'times new roman', times, serif;"><strong>Charrue Brabant réversible trouvée dans la cave de la maison MEYNADIER / CAPELIER</strong></span></em></span></span></p>
<p style="text-align: right;"><a href="https://roussesinfo.fr/patrimoine/wp-content/uploads/2022/09/2022-04-13-Charrue-trouvee-dans-la-maison-CAPELIERa.pdf" target="_blank" rel="attachment noopener wp-att-2868"><span style="font-size: 12pt; font-family: 'times new roman', times, serif; color: #000000;"><strong><em>Voir &amp; télécharger en pdf</em></strong></span></a></p>
<p style="text-align: justify;"><span style="font-size: 14pt; font-family: 'times new roman', times, serif;"><strong><em><span style="color: #000000;">La Charrue brabant double aurait été inventée en 1825 par Fondeur, maréchal artisan dans l&rsquo;Aisne. L&rsquo;instrument est composé de deux corps de charrue superposés. Ce qui explique le qualificatif « double ». Lorsqu&rsquo;il arrive à l&rsquo;extrémité de son sillon, le laboureur fait pivoter de 180° ou de 90° (cas du brabant dit 1/4 de tour) autour de l&rsquo;axe. On se retrouve donc avec deux coutres, deux socs, deux versoirs, etc&#8230; Ce type de charrue est particulièrement apprécié dès le milieu du XIXe siècle. </span></em></strong></span></p>
<p>[/et_pb_text][et_pb_image src= »https://roussesinfo.fr/patrimoine/wp-content/uploads/2022/08/charue-ligne-01.jpg » title_text= »charue ligne 01&Prime; align= »center » _builder_version= »4.18.0&Prime; _module_preset= »default » global_colors_info= »{} »][/et_pb_image][et_pb_text _builder_version= »4.18.0&Prime; _module_preset= »default » custom_padding= »10px||||| » global_colors_info= »{} »]</p>
<p style="text-align: justify;"><span style="color: #000000;"><strong><span style="font-size: 14pt; font-family: 'times new roman', times, serif;"><em>Le socle et le montant de la roue étaient reliés par une barre en bois de section h= 100mm ; l=50mm ; L=1200mm environ (il y avait deux bras en bois fixés  dessus, de part et d’autre, côté socle</em></span></strong></span></p>
<p>[/et_pb_text][et_pb_image src= »https://roussesinfo.fr/patrimoine/wp-content/uploads/2022/08/charue-ligne-02.jpg » title_text= »charue ligne 02&Prime; align= »center » _builder_version= »4.18.0&Prime; _module_preset= »default » global_colors_info= »{} »][/et_pb_image][et_pb_text _builder_version= »4.18.0&Prime; _module_preset= »default » custom_padding= »||10px||| » global_colors_info= »{} »]</p>
<p style="text-align: center;"><strong><em><span style="font-family: 'times new roman', times, serif; font-size: 14pt; color: #000000;">.……….   Détails  …….</span></em></strong></p>
<p style="text-align: justify;"><strong><em><span style="font-family: 'times new roman', times, serif; font-size: 14pt; color: #000000;">La famille Martin avait la même. La plupart des charrues de ce type observées sur internet ont deux roues bien plus grandes, et la liaison entre celles-ci et le socle est généralement métallique. Le choix de la roue unique a-t-il un rapport avec la pente des terrains ? Son maniement devait être plus pénible</span></em></strong></p>
<p style="text-align: justify;"><strong><em><span style="font-family: 'times new roman', times, serif; font-size: 14pt; color: #000000;">Voir démonstrations sur les sites : <a style="color: #000000;" href="https://troismuseesprissac.jimdofree.com/l-objet-du-mois/juin-2021/juillet-2021/janvier-2014/#:~:text=La%20Charrue%20brabant%20double%20aurait%20%C3%A9t%C3%A9%20invent%C3%A9e%20en,charrue%20superpos%C3%A9s.%20Ce%20qui%20explique%20le%20qualificatif%20%22double%22.?msclkid=37d6d013bde811ec9935f6c0ac27ae83" target="_blank" rel="noopener">Janvier : la charrue brabant double &#8211; troismuseesprissacs jimdo page! (jimdofree.com)</a> &amp; <a style="color: #000000;" href="https://www.bing.com/videos/search?q=charrue+pour+les+labours&amp;view=detail&amp;mid=7C412895E379AC9F6C877C412895E379AC9F6C87&amp;FORM=VIRE&amp;msclkid=ec729c76bb2e11ecaa7ef96bc31cd750" target="_blank" rel="noopener">Une charrue pour bien labourer &#8211; Bing video</a> (avec un modèle plus moderne )</span></em></strong></p>
<p><strong><em><span style="font-family: 'times new roman', times, serif; font-size: 14pt; color: #000000;"></span></em></strong></p>
<p><strong><em><span style="font-family: 'times new roman', times, serif; font-size: 14pt; color: #000000;"></span></em></strong></p>
<div class="et_pb_text_inner">
<div data-shortcode-id="0.0.0.5-1661332725153" data-quickaccess-editable="yes" class="et-fb-popover-tinymce">
<div class="mce-content-body" contenteditable="true" style="position: relative;">
<p style="text-align: right;"><span style="color: #000000;"><em><strong><span style="font-size: 12pt; font-family: 'times new roman', times, serif;">Article de Jean Paul Eymery du 13 avril 2022  </span></strong></em></span></p>
</div>
</div>
</div>
<p>[/et_pb_text][/et_pb_column][/et_pb_row][/et_pb_section]</p>

<p><div class="et_pb_module lwp_divi_breadcrumbs lwp_divi_breadcrumbs_0">
				
				
				
				
				
				
				<div class="et_pb_module_inner">
					<div class="lwp-breadcrumbs"><span class="before-icon et-pb-icon"></span> <span class="before"></span> <span vocab="https://schema.org/" typeof="BreadcrumbList"><span property="itemListElement" typeof="ListItem"><a property="item" typeof="WebPage" href="https://roussesinfo.fr/patrimoine/" class="home"><span property="name">Home</span></a><meta property="position" content="1"></span> <span class="separator et-pb-icon">&#x39;</span> </span></div>
				</div>
			</div>Charrue Brabant réversible trouvée dans la cave de la maison MEYNADIER / CAPELIER Voir &amp; télécharger en pdf La Charrue brabant double aurait été inventée en 1825 par Fondeur, maréchal artisan dans l&rsquo;Aisne. L&rsquo;instrument est composé de deux corps de [&hellip;]</p>
