{"id":766,"date":"2022-08-24T10:24:00","date_gmt":"2022-08-24T09:24:00","guid":{"rendered":"https:\/\/roussesinfo.fr\/patrimoine\/?page_id=766"},"modified":"2025-08-30T07:41:40","modified_gmt":"2025-08-30T06:41:40","slug":"la-fontaine-du-village","status":"publish","type":"page","link":"https:\/\/roussesinfo.fr\/patrimoine\/activites-agricoles\/la-fontaine-du-village\/","title":{"rendered":"La fontaine du village"},"content":{"rendered":"<p>[et_pb_section fb_built=\u00a0\u00bb1&Prime; _builder_version=\u00a0\u00bb4.18.0&Prime; _module_preset=\u00a0\u00bbdefault\u00a0\u00bb background_image=\u00a0\u00bbhttps:\/\/roussesinfo.fr\/patrimoine\/wp-content\/uploads\/2022\/08\/Textures-parcemin_01-scaled.jpg\u00a0\u00bb custom_padding=\u00a0\u00bb16px|||||\u00a0\u00bb global_colors_info=\u00a0\u00bb{}\u00a0\u00bb][et_pb_row admin_label=\u00a0\u00bbFil arianne\u00a0\u00bb _builder_version=\u00a0\u00bb4.27.4&Prime; _module_preset=\u00a0\u00bbdefault\u00a0\u00bb width=\u00a0\u00bb95%\u00a0\u00bb max_width=\u00a0\u00bb1711px\u00a0\u00bb custom_padding=\u00a0\u00bb5px|||||\u00a0\u00bb global_colors_info=\u00a0\u00bb{}\u00a0\u00bb][et_pb_column type=\u00a0\u00bb4_4&Prime; _builder_version=\u00a0\u00bb4.25.2&Prime; _module_preset=\u00a0\u00bbdefault\u00a0\u00bb global_colors_info=\u00a0\u00bb{}\u00a0\u00bb][lwp_divi_breadcrumbs use_before_icon=\u00a0\u00bbon\u00a0\u00bb before_icon=\u00a0\u00bb&#xe074;||divi||400&Prime; link_color=\u00a0\u00bb#E02B20&Prime; separator_color=\u00a0\u00bb#0C71C3&Prime; current_text_color=\u00a0\u00bb#000000&Prime; admin_label=\u00a0\u00bbFil arianne\u00a0\u00bb _builder_version=\u00a0\u00bb4.27.4&Prime; _module_preset=\u00a0\u00bbdefault\u00a0\u00bb module_font=\u00a0\u00bbTimes New Roman|600|on||||||\u00a0\u00bb module_text_color=\u00a0\u00bb#000000&Prime; module_font_size=\u00a0\u00bb19px\u00a0\u00bb custom_margin=\u00a0\u00bb2px||-1px|||\u00a0\u00bb global_colors_info=\u00a0\u00bb{}\u00a0\u00bb][\/lwp_divi_breadcrumbs][\/et_pb_column][\/et_pb_row][et_pb_row _builder_version=\u00a0\u00bb4.18.0&Prime; _module_preset=\u00a0\u00bbdefault\u00a0\u00bb width=\u00a0\u00bb85%\u00a0\u00bb max_width=\u00a0\u00bb2183px\u00a0\u00bb custom_padding=\u00a0\u00bb10px|||||\u00a0\u00bb global_colors_info=\u00a0\u00bb{}\u00a0\u00bb][et_pb_column type=\u00a0\u00bb4_4&Prime; _builder_version=\u00a0\u00bb4.18.0&Prime; _module_preset=\u00a0\u00bbdefault\u00a0\u00bb global_colors_info=\u00a0\u00bb{}\u00a0\u00bb][et_pb_text _builder_version=\u00a0\u00bb4.18.0&Prime; _module_preset=\u00a0\u00bbdefault\u00a0\u00bb global_colors_info=\u00a0\u00bb{}\u00a0\u00bb custom_margin=\u00a0\u00bb-22px||0px|||\u00a0\u00bb]<\/p>\n<p style=\"text-align: center;\"><span style=\"font-size: 18pt;\"><strong><em><span style=\"font-family: 'times new roman', times, serif; color: #000000;\">La fontaine du village<\/span><\/em><\/strong><\/span><\/p>\n<p style=\"text-align: right;\"><em><strong><span style=\"font-size: 12pt; font-family: 'times new roman', times, serif;\"><a href=\"https:\/\/roussesinfo.fr\/patrimoine\/wp-content\/uploads\/2022\/08\/fontaine-du-village.pdf\" target=\"_blank\" rel=\"attachment noopener wp-att-1623\">Voir &amp; T\u00e9l\u00e9charger le \u00a0\u00bb Pdf \u00a0\u00bb\u00a0\u00a0\u00a0\u00a0\u00a0<\/a><\/span><\/strong><\/em><\/p>\n<p>[\/et_pb_text][\/et_pb_column][\/et_pb_row][et_pb_row column_structure=\u00a0\u00bb1_3,2_3&Prime; _builder_version=\u00a0\u00bb4.18.0&Prime; _module_preset=\u00a0\u00bbdefault\u00a0\u00bb width=\u00a0\u00bb85%\u00a0\u00bb max_width=\u00a0\u00bb2177px\u00a0\u00bb custom_padding=\u00a0\u00bb0px|||||\u00a0\u00bb global_colors_info=\u00a0\u00bb{}\u00a0\u00bb][et_pb_column type=\u00a0\u00bb1_3&Prime; _builder_version=\u00a0\u00bb4.18.0&Prime; _module_preset=\u00a0\u00bbdefault\u00a0\u00bb global_colors_info=\u00a0\u00bb{}\u00a0\u00bb][et_pb_image src=\u00a0\u00bbhttps:\/\/roussesinfo.fr\/patrimoine\/wp-content\/uploads\/2022\/08\/photo-fontaine-village.jpg\u00a0\u00bb title_text=\u00a0\u00bbphoto fontaine village\u00a0\u00bb align=\u00a0\u00bbcenter\u00a0\u00bb _builder_version=\u00a0\u00bb4.18.0&Prime; _module_preset=\u00a0\u00bbdefault\u00a0\u00bb custom_margin=\u00a0\u00bb||-5px|||\u00a0\u00bb global_colors_info=\u00a0\u00bb{}\u00a0\u00bb][\/et_pb_image][\/et_pb_column][et_pb_column type=\u00a0\u00bb2_3&Prime; _builder_version=\u00a0\u00bb4.18.0&Prime; _module_preset=\u00a0\u00bbdefault\u00a0\u00bb global_colors_info=\u00a0\u00bb{}\u00a0\u00bb][et_pb_text _builder_version=\u00a0\u00bb4.18.0&Prime; _module_preset=\u00a0\u00bbdefault\u00a0\u00bb min_height=\u00a0\u00bb131px\u00a0\u00bb custom_margin=\u00a0\u00bb||31px|||\u00a0\u00bb global_colors_info=\u00a0\u00bb{}\u00a0\u00bb]<\/p>\n<p><strong><em><span style=\"font-size: 14pt; font-family: 'times new roman', times, serif; color: #000000;\"><\/span><\/em><\/strong><\/p>\n<p><strong><em><span style=\"font-size: 14pt; font-family: 'times new roman', times, serif; color: #000000;\"><\/span><\/em><\/strong><\/p>\n<p><strong><\/strong><\/p>\n<p><strong><\/strong><\/p>\n<p><strong><em><span style=\"font-size: 14pt; font-family: 'times new roman', times, serif; color: #000000;\"><\/span><\/em><\/strong><\/p>\n<p style=\"text-align: justify;\"><strong><em><span style=\"font-size: 14pt; font-family: 'times new roman', times, serif; color: #000000;\">Le \u00abhangar\u00bb qui existait est r\u00e9par\u00e9 et trois auges sont \u00abconfectionn\u00e9es selon l&rsquo;usage du pays \u00bb. Les habitants \u00abconviennent d&rsquo;un commun accord que l&rsquo;auge qui re\u00e7oit l&rsquo;eau de la source doit rester toujours propre avec d\u00e9fense expresse de rien y laver, cette auge \u00e9tant destin\u00e9e \u00e0 l&rsquo;abreuvage des bestiaux, quant aux autres deux elles serviront pour laver le linge et autres choses\u00bb. Les travaux sont confi\u00e9s \u00e0 Jean Pierre Chabal, ma\u00e7on de Rousses, pour la somme de 142 francs 50 centimes.<\/span><\/em><\/strong><\/p>\n<p>[\/et_pb_text][\/et_pb_column][\/et_pb_row][et_pb_row column_structure=\u00a0\u00bb2_3,1_3&Prime; _builder_version=\u00a0\u00bb4.18.0&Prime; _module_preset=\u00a0\u00bbdefault\u00a0\u00bb width=\u00a0\u00bb85%\u00a0\u00bb max_width=\u00a0\u00bb2177px\u00a0\u00bb custom_margin=\u00a0\u00bb|auto|-36px|auto||\u00a0\u00bb custom_padding=\u00a0\u00bb0px|||||\u00a0\u00bb global_colors_info=\u00a0\u00bb{}\u00a0\u00bb][et_pb_column type=\u00a0\u00bb2_3&Prime; _builder_version=\u00a0\u00bb4.18.0&Prime; _module_preset=\u00a0\u00bbdefault\u00a0\u00bb global_colors_info=\u00a0\u00bb{}\u00a0\u00bb][et_pb_text _builder_version=\u00a0\u00bb4.18.0&Prime; _module_preset=\u00a0\u00bbdefault\u00a0\u00bb global_colors_info=\u00a0\u00bb{}\u00a0\u00bb]<\/p>\n<p style=\"text-align: justify;\"><strong><em><span style=\"font-size: 14pt; font-family: 'times new roman', times, serif; color: #000000;\">La source de la fontaine du Village est situ\u00e9e entre deux bras du Valat [*] de Dondign\u00e9, qui collectent les eaux de pluie tombant sur les versants \u00e0 forte d\u00e9clivit\u00e9 dominant le sud de Rousses, avant de rejoindre le Tarnon. Ces ruisseaux, de nature torrentueuse, ne sont actifs qu\u2019occasionnellement, apr\u00e8s de fortes pluies. Le reste du temps ils sont \u00e0 sec avec quelques retenues d\u2019eau plus ou moins importantes, de-ci de- l\u00e0. Ils sont donc peu adapt\u00e9s pour r\u00e9pondre aux besoins quotidiens en eau de la population. C\u2019est la raison pour laquelle des r\u00e9servoirs avaient \u00e9t\u00e9 construits pour conserver l\u2019eau destin\u00e9e \u00e0 l\u2019arrosage des jardins en terrasses proches, et pour faire boire le b\u00e9tail.<\/span><\/em><\/strong><\/p>\n<p style=\"text-align: justify;\"><strong><em><span style=\"font-size: 14pt; font-family: 'times new roman', times, serif; color: #000000;\">Diverses sources et mines d\u2019eau compl\u00e9taient ce dispositif.<\/span><\/em><\/strong><\/p>\n<p style=\"text-align: right;\"><a href=\"https:\/\/roussesinfo.fr\/patrimoine\/wp-content\/uploads\/2022\/09\/Description-de-la-source-de-la-fontaine-du-village-1.pdf\" target=\"_blank\" rel=\"attachment noopener wp-att-2794\"><span style=\"font-family: 'times new roman', times, serif; font-size: 14pt; color: #ff6600;\"><em><strong>En savoir plus sur la description de la source de la fontaine du villag<a style=\"color: #ff6600;\" href=\"https:\/\/roussesinfo.fr\/patrimoine\/wp-content\/uploads\/2022\/09\/Description-de-la-source-de-la-fontaine-du-village.pdf\" target=\"_blank\" rel=\"attachment noopener wp-att-2791\">e<\/a><\/strong><\/em><\/span><\/a><\/p>\n<p style=\"text-align: justify;\">[\/et_pb_text][\/et_pb_column][et_pb_column type=\u00a0\u00bb1_3&Prime; _builder_version=\u00a0\u00bb4.18.0&Prime; _module_preset=\u00a0\u00bbdefault\u00a0\u00bb global_colors_info=\u00a0\u00bb{}\u00a0\u00bb][et_pb_image src=\u00a0\u00bbhttps:\/\/roussesinfo.fr\/patrimoine\/wp-content\/uploads\/2022\/08\/plan-fontaine-village.jpg\u00a0\u00bb title_text=\u00a0\u00bbplan fontaine village\u00a0\u00bb align=\u00a0\u00bbcenter\u00a0\u00bb _builder_version=\u00a0\u00bb4.18.0&Prime; _module_preset=\u00a0\u00bbdefault\u00a0\u00bb custom_margin=\u00a0\u00bb-81px|||||\u00a0\u00bb global_colors_info=\u00a0\u00bb{}\u00a0\u00bb][\/et_pb_image][\/et_pb_column][\/et_pb_row][\/et_pb_section]<\/p>\n","protected":false},"excerpt":{"rendered":"<p><div class=\"et_pb_module lwp_divi_breadcrumbs lwp_divi_breadcrumbs_0\">\n\t\t\t\t\n\t\t\t\t\n\t\t\t\t\n\t\t\t\t\n\t\t\t\t\n\t\t\t\t\n\t\t\t\t<div class=\"et_pb_module_inner\">\n\t\t\t\t\t<div class=\"lwp-breadcrumbs\"><span class=\"before-icon et-pb-icon\">\ue074<\/span> <span class=\"before\"><\/span> <span vocab=\"https:\/\/schema.org\/\" typeof=\"BreadcrumbList\"><span property=\"itemListElement\" typeof=\"ListItem\"><a property=\"item\" typeof=\"WebPage\" href=\"https:\/\/roussesinfo.fr\/patrimoine\/\" class=\"home\"><span property=\"name\">Home<\/span><\/a><meta property=\"position\" content=\"1\"><\/span> <span class=\"separator et-pb-icon\">&#x39;<\/span> <\/span><\/div>\n\t\t\t\t<\/div>\n\t\t\t<\/div>La fontaine du village Voir &amp; T\u00e9l\u00e9charger le \u00a0\u00bb Pdf \u00a0\u00bb\u00a0\u00a0\u00a0\u00a0\u00a0 Le \u00abhangar\u00bb qui existait est r\u00e9par\u00e9 et trois auges sont \u00abconfectionn\u00e9es selon l&rsquo;usage du pays \u00bb. Les habitants \u00abconviennent d&rsquo;un commun accord que l&rsquo;auge qui re\u00e7oit l&rsquo;eau de [&hellip;]<\/p>\n","protected":false},"author":1,"featured_media":0,"parent":1748,"menu_order":0,"comment_status":"closed","ping_status":"closed","template":"","meta":{"_et_pb_use_builder":"on","_et_pb_old_content":"","_et_gb_content_width":"","footnotes":""},"class_list":["post-766","page","type-page","status-publish","hentry"],"_links":{"self":[{"href":"https:\/\/roussesinfo.fr\/patrimoine\/wp-json\/wp\/v2\/pages\/766","targetHints":{"allow":["GET"]}}],"collection":[{"href":"https:\/\/roussesinfo.fr\/patrimoine\/wp-json\/wp\/v2\/pages"}],"about":[{"href":"https:\/\/roussesinfo.fr\/patrimoine\/wp-json\/wp\/v2\/types\/page"}],"author":[{"embeddable":true,"href":"https:\/\/roussesinfo.fr\/patrimoine\/wp-json\/wp\/v2\/users\/1"}],"replies":[{"embeddable":true,"href":"https:\/\/roussesinfo.fr\/patrimoine\/wp-json\/wp\/v2\/comments?post=766"}],"version-history":[{"count":0,"href":"https:\/\/roussesinfo.fr\/patrimoine\/wp-json\/wp\/v2\/pages\/766\/revisions"}],"up":[{"embeddable":true,"href":"https:\/\/roussesinfo.fr\/patrimoine\/wp-json\/wp\/v2\/pages\/1748"}],"wp:attachment":[{"href":"https:\/\/roussesinfo.fr\/patrimoine\/wp-json\/wp\/v2\/media?parent=766"}],"curies":[{"name":"wp","href":"https:\/\/api.w.org\/{rel}","templated":true}]}}

<p>[et_pb_section fb_built= »1&Prime; _builder_version= »4.18.0&Prime; _module_preset= »default » background_image= »https://roussesinfo.fr/patrimoine/wp-content/uploads/2022/08/Textures-parcemin_01-scaled.jpg » custom_padding= »16px||||| » global_colors_info= »{} »][et_pb_row admin_label= »Fil arianne » _builder_version= »4.27.4&Prime; _module_preset= »default » width= »95% » max_width= »1711px » custom_padding= »5px||||| » global_colors_info= »{} »][et_pb_column type= »4_4&Prime; _builder_version= »4.25.2&Prime; _module_preset= »default » global_colors_info= »{} »][lwp_divi_breadcrumbs use_before_icon= »on » before_icon= »&#xe074;||divi||400&Prime; link_color= »#E02B20&Prime; separator_color= »#0C71C3&Prime; current_text_color= »#000000&Prime; admin_label= »Fil arianne » _builder_version= »4.27.4&Prime; _module_preset= »default » module_font= »Times New Roman|600|on|||||| » module_text_color= »#000000&Prime; module_font_size= »19px » custom_margin= »2px||-1px||| » global_colors_info= »{} »][/lwp_divi_breadcrumbs][/et_pb_column][/et_pb_row][et_pb_row _builder_version= »4.18.0&Prime; _module_preset= »default » width= »85% » max_width= »2183px » custom_padding= »10px||||| » global_colors_info= »{} »][et_pb_column type= »4_4&Prime; _builder_version= »4.18.0&Prime; _module_preset= »default » global_colors_info= »{} »][et_pb_text _builder_version= »4.18.0&Prime; _module_preset= »default » global_colors_info= »{} » custom_margin= »-22px||0px||| »]</p>
<p style="text-align: center;"><span style="font-size: 18pt;"><strong><em><span style="font-family: 'times new roman', times, serif; color: #000000;">La fontaine du village</span></em></strong></span></p>
<p style="text-align: right;"><em><strong><span style="font-size: 12pt; font-family: 'times new roman', times, serif;"><a href="https://roussesinfo.fr/patrimoine/wp-content/uploads/2022/08/fontaine-du-village.pdf" target="_blank" rel="attachment noopener wp-att-1623">Voir &amp; Télécharger le  » Pdf  »     </a></span></strong></em></p>
<p>[/et_pb_text][/et_pb_column][/et_pb_row][et_pb_row column_structure= »1_3,2_3&Prime; _builder_version= »4.18.0&Prime; _module_preset= »default » width= »85% » max_width= »2177px » custom_padding= »0px||||| » global_colors_info= »{} »][et_pb_column type= »1_3&Prime; _builder_version= »4.18.0&Prime; _module_preset= »default » global_colors_info= »{} »][et_pb_image src= »https://roussesinfo.fr/patrimoine/wp-content/uploads/2022/08/photo-fontaine-village.jpg » title_text= »photo fontaine village » align= »center » _builder_version= »4.18.0&Prime; _module_preset= »default » custom_margin= »||-5px||| » global_colors_info= »{} »][/et_pb_image][/et_pb_column][et_pb_column type= »2_3&Prime; _builder_version= »4.18.0&Prime; _module_preset= »default » global_colors_info= »{} »][et_pb_text _builder_version= »4.18.0&Prime; _module_preset= »default » min_height= »131px » custom_margin= »||31px||| » global_colors_info= »{} »]</p>
<p><strong><em><span style="font-size: 14pt; font-family: 'times new roman', times, serif; color: #000000;"></span></em></strong></p>
<p><strong><em><span style="font-size: 14pt; font-family: 'times new roman', times, serif; color: #000000;"></span></em></strong></p>
<p><strong></strong></p>
<p><strong></strong></p>
<p><strong><em><span style="font-size: 14pt; font-family: 'times new roman', times, serif; color: #000000;"></span></em></strong></p>
<p style="text-align: justify;"><strong><em><span style="font-size: 14pt; font-family: 'times new roman', times, serif; color: #000000;">Le «hangar» qui existait est réparé et trois auges sont «confectionnées selon l&rsquo;usage du pays ». Les habitants «conviennent d&rsquo;un commun accord que l&rsquo;auge qui reçoit l&rsquo;eau de la source doit rester toujours propre avec défense expresse de rien y laver, cette auge étant destinée à l&rsquo;abreuvage des bestiaux, quant aux autres deux elles serviront pour laver le linge et autres choses». Les travaux sont confiés à Jean Pierre Chabal, maçon de Rousses, pour la somme de 142 francs 50 centimes.</span></em></strong></p>
<p>[/et_pb_text][/et_pb_column][/et_pb_row][et_pb_row column_structure= »2_3,1_3&Prime; _builder_version= »4.18.0&Prime; _module_preset= »default » width= »85% » max_width= »2177px » custom_margin= »|auto|-36px|auto|| » custom_padding= »0px||||| » global_colors_info= »{} »][et_pb_column type= »2_3&Prime; _builder_version= »4.18.0&Prime; _module_preset= »default » global_colors_info= »{} »][et_pb_text _builder_version= »4.18.0&Prime; _module_preset= »default » global_colors_info= »{} »]</p>
<p style="text-align: justify;"><strong><em><span style="font-size: 14pt; font-family: 'times new roman', times, serif; color: #000000;">La source de la fontaine du Village est située entre deux bras du Valat [*] de Dondigné, qui collectent les eaux de pluie tombant sur les versants à forte déclivité dominant le sud de Rousses, avant de rejoindre le Tarnon. Ces ruisseaux, de nature torrentueuse, ne sont actifs qu’occasionnellement, après de fortes pluies. Le reste du temps ils sont à sec avec quelques retenues d’eau plus ou moins importantes, de-ci de- là. Ils sont donc peu adaptés pour répondre aux besoins quotidiens en eau de la population. C’est la raison pour laquelle des réservoirs avaient été construits pour conserver l’eau destinée à l’arrosage des jardins en terrasses proches, et pour faire boire le bétail.</span></em></strong></p>
<p style="text-align: justify;"><strong><em><span style="font-size: 14pt; font-family: 'times new roman', times, serif; color: #000000;">Diverses sources et mines d’eau complétaient ce dispositif.</span></em></strong></p>
<p style="text-align: right;"><a href="https://roussesinfo.fr/patrimoine/wp-content/uploads/2022/09/Description-de-la-source-de-la-fontaine-du-village-1.pdf" target="_blank" rel="attachment noopener wp-att-2794"><span style="font-family: 'times new roman', times, serif; font-size: 14pt; color: #ff6600;"><em><strong>En savoir plus sur la description de la source de la fontaine du villag<a style="color: #ff6600;" href="https://roussesinfo.fr/patrimoine/wp-content/uploads/2022/09/Description-de-la-source-de-la-fontaine-du-village.pdf" target="_blank" rel="attachment noopener wp-att-2791">e</a></strong></em></span></a></p>
<p style="text-align: justify;">[/et_pb_text][/et_pb_column][et_pb_column type= »1_3&Prime; _builder_version= »4.18.0&Prime; _module_preset= »default » global_colors_info= »{} »][et_pb_image src= »https://roussesinfo.fr/patrimoine/wp-content/uploads/2022/08/plan-fontaine-village.jpg » title_text= »plan fontaine village » align= »center » _builder_version= »4.18.0&Prime; _module_preset= »default » custom_margin= »-81px||||| » global_colors_info= »{} »][/et_pb_image][/et_pb_column][/et_pb_row][/et_pb_section]</p>

<p><div class="et_pb_module lwp_divi_breadcrumbs lwp_divi_breadcrumbs_0">
				
				
				
				
				
				
				<div class="et_pb_module_inner">
					<div class="lwp-breadcrumbs"><span class="before-icon et-pb-icon"></span> <span class="before"></span> <span vocab="https://schema.org/" typeof="BreadcrumbList"><span property="itemListElement" typeof="ListItem"><a property="item" typeof="WebPage" href="https://roussesinfo.fr/patrimoine/" class="home"><span property="name">Home</span></a><meta property="position" content="1"></span> <span class="separator et-pb-icon">&#x39;</span> </span></div>
				</div>
			</div>La fontaine du village Voir &amp; Télécharger le  » Pdf  »      Le «hangar» qui existait est réparé et trois auges sont «confectionnées selon l&rsquo;usage du pays ». Les habitants «conviennent d&rsquo;un commun accord que l&rsquo;auge qui reçoit l&rsquo;eau de [&hellip;]</p>
