{"id":988,"date":"2022-08-25T10:55:38","date_gmt":"2022-08-25T09:55:38","guid":{"rendered":"https:\/\/roussesinfo.fr\/patrimoine\/?page_id=988"},"modified":"2025-08-30T08:15:40","modified_gmt":"2025-08-30T07:15:40","slug":"1875-battue-contre-les-loups","status":"publish","type":"page","link":"https:\/\/roussesinfo.fr\/patrimoine\/activites-militaires-et-chasse\/1875-battue-contre-les-loups\/","title":{"rendered":"1875 Battue contre les loups"},"content":{"rendered":"<p>[et_pb_section fb_built=\u00a0\u00bb1&Prime; _builder_version=\u00a0\u00bb4.18.0&Prime; _module_preset=\u00a0\u00bbdefault\u00a0\u00bb background_image=\u00a0\u00bbhttps:\/\/roussesinfo.fr\/patrimoine\/wp-content\/uploads\/2022\/08\/Textures-parcemin_01-scaled.jpg\u00a0\u00bb custom_padding=\u00a0\u00bb11px|||||\u00a0\u00bb global_colors_info=\u00a0\u00bb{}\u00a0\u00bb][et_pb_row admin_label=\u00a0\u00bbFil arianne\u00a0\u00bb _builder_version=\u00a0\u00bb4.27.4&Prime; _module_preset=\u00a0\u00bbdefault\u00a0\u00bb width=\u00a0\u00bb95%\u00a0\u00bb max_width=\u00a0\u00bb1711px\u00a0\u00bb custom_padding=\u00a0\u00bb5px|||||\u00a0\u00bb global_colors_info=\u00a0\u00bb{}\u00a0\u00bb theme_builder_area=\u00a0\u00bbpost_content\u00a0\u00bb][et_pb_column type=\u00a0\u00bb4_4&Prime; _builder_version=\u00a0\u00bb4.25.2&Prime; _module_preset=\u00a0\u00bbdefault\u00a0\u00bb global_colors_info=\u00a0\u00bb{}\u00a0\u00bb theme_builder_area=\u00a0\u00bbpost_content\u00a0\u00bb][lwp_divi_breadcrumbs use_before_icon=\u00a0\u00bbon\u00a0\u00bb before_icon=\u00a0\u00bb&#xe074;||divi||400&Prime; link_color=\u00a0\u00bb#E02B20&Prime; separator_color=\u00a0\u00bb#0C71C3&Prime; current_text_color=\u00a0\u00bb#000000&Prime; admin_label=\u00a0\u00bbFil arianne\u00a0\u00bb _builder_version=\u00a0\u00bb4.27.4&Prime; _module_preset=\u00a0\u00bbdefault\u00a0\u00bb module_font=\u00a0\u00bbTimes New Roman|600|on||||||\u00a0\u00bb module_text_color=\u00a0\u00bb#000000&Prime; module_font_size=\u00a0\u00bb19px\u00a0\u00bb custom_margin=\u00a0\u00bb2px|||||\u00a0\u00bb global_colors_info=\u00a0\u00bb{}\u00a0\u00bb theme_builder_area=\u00a0\u00bbpost_content\u00a0\u00bb][\/lwp_divi_breadcrumbs][\/et_pb_column][\/et_pb_row][et_pb_row _builder_version=\u00a0\u00bb4.18.0&Prime; _module_preset=\u00a0\u00bbdefault\u00a0\u00bb custom_padding=\u00a0\u00bb15px|||||\u00a0\u00bb global_colors_info=\u00a0\u00bb{}\u00a0\u00bb][et_pb_column type=\u00a0\u00bb4_4&Prime; _builder_version=\u00a0\u00bb4.18.0&Prime; _module_preset=\u00a0\u00bbdefault\u00a0\u00bb global_colors_info=\u00a0\u00bb{}\u00a0\u00bb][et_pb_text _builder_version=\u00a0\u00bb4.18.0&Prime; _module_preset=\u00a0\u00bbdefault\u00a0\u00bb global_colors_info=\u00a0\u00bb{}\u00a0\u00bb]<\/p>\n<p style=\"text-align: center;\"><strong><em><span style=\"font-size: 18pt; font-family: 'times new roman', times, serif; color: #000000;\">1875 &#8211; Battue contre les loups<\/span><\/em><\/strong><\/p>\n<p>[\/et_pb_text][et_pb_text _builder_version=\u00a0\u00bb4.18.0&Prime; _module_preset=\u00a0\u00bbdefault\u00a0\u00bb global_colors_info=\u00a0\u00bb{}\u00a0\u00bb]<\/p>\n<p style=\"text-align: justify;\"><span style=\"color: #000000;\"><strong><em><span style=\"font-family: 'times new roman', times, serif; font-size: 14pt;\">Le pr\u00e9fet de la Loz\u00e8re Vu la lettre de M. de Fenouillet lieutenant de louveterie&#8230;<\/span><\/em><\/strong><\/span><\/p>\n<p style=\"text-align: justify;\"><span style=\"color: #000000;\"><strong><em><span style=\"font-family: 'times new roman', times, serif; font-size: 14pt;\">Vu l\u2019avis de M. l\u2019inspecteur des for\u00eats du d\u00e9partement,<\/span><\/em><\/strong><\/span><\/p>\n<p style=\"text-align: justify;\"><span style=\"color: #000000;\"><strong><em><span style=\"font-family: 'times new roman', times, serif; font-size: 14pt;\">Vu l\u2019arr\u00eat\u00e9 du 19 pluviose an V, le r\u00e8glement du 20 ao\u00fbt 1814 et les circulaires minist\u00e9rielles des 9 juillet 1818 et 22 juillet 1851<\/span><\/em><\/strong><\/span><\/p>\n<p style=\"text-align: justify;\"><span style=\"color: #000000;\"><strong><em><span style=\"font-family: 'times new roman', times, serif; font-size: 14pt;\">Vu l\u2019avis de M. le Sous-Pr\u00e9fet de Florac Arr\u00eate :<\/span><\/em><\/strong><\/span><\/p>\n<p style=\"text-align: justify;\"><span style=\"color: #000000;\"><strong><em><span style=\"font-family: 'times new roman', times, serif; font-size: 14pt;\">Article 1 er . Une battue aux loups sera effectu\u00e9e le dimanche 25 juillet dans les communes de Meyrueis, Gatuzi\u00e8res, Rousses, Fraissinet de Fourques et Bassurels.<\/span><\/em><\/strong><\/span><\/p>\n<p style=\"text-align: justify;\"><span style=\"color: #000000;\"><strong><em><span style=\"font-family: 'times new roman', times, serif; font-size: 14pt;\">Article 2. La direction de cette battue est confi\u00e9e \u00e0 M. de Fenouillet&#8230;<\/span><\/em><\/strong><\/span><\/p>\n<p style=\"text-align: justify;\"><span style=\"color: #000000;\"><strong><em><span style=\"font-family: 'times new roman', times, serif; font-size: 14pt;\">Article 3. Les communes sur les territoires desquelles cette battue doit s\u2019effectuer auront \u00e0 fournir sur la r\u00e9quisition de M. le Maire, des traqueurs dans la proportion de 10 % de la population, ind\u00e9pendamment des meilleurs tireurs de chaque localit\u00e9&#8230;<\/span><\/em><\/strong><\/span><\/p>\n<p style=\"text-align: justify;\"><span style=\"color: #000000;\"><strong><em><span style=\"font-family: 'times new roman', times, serif; font-size: 14pt;\">Article 4. les chasseurs et les traqueurs se r\u00e9uniront \u00e0 5 heures tr\u00e8s pr\u00e9cises du matin. Les tireurs de la commune de Meyrueis devront se r\u00e9unir \u00e0 la fontaine de l\u2019H\u00e9rault et les traqueurs au village des Aubrets. Les chasseurs des autres communes devront se r\u00e9unir \u00e0 Fonfr\u00e8ge et les traqueurs au village de Cabrillac&#8230;<\/span><\/em><\/strong><\/span><\/p>\n<p style=\"text-align: justify;\"><span style=\"color: #000000;\"><strong><em><span style=\"font-family: 'times new roman', times, serif; font-size: 14pt;\">Fait \u00e0 Mende le 13 juillet 1875. Le Pr\u00e9fet de la Loz\u00e8re Lorois<\/span><\/em><\/strong><\/span><\/p>\n<p style=\"text-align: justify;\"><span style=\"color: #000000;\"><strong><em><span style=\"font-family: 'times new roman', times, serif; font-size: 14pt;\">Massevaques : Roussel Th\u00e9odore, Prosper et Jean Louis, Tardres Auguste, Malaval Marcelin, Bourgade Florent, Daunis Laurent, Saumade Adolphe et Eug\u00e8ne<\/span><\/em><\/strong><\/span><\/p>\n<p style=\"text-align: justify;\"><span style=\"color: #000000;\"><strong><em><span style=\"font-family: 'times new roman', times, serif; font-size: 14pt;\">Carnac : Maurel Victor, Molines Laurent, Martin Dupon et Couderc David<\/span><\/em><\/strong><\/span><\/p>\n<p style=\"text-align: justify;\"><span style=\"color: #000000;\"><strong><em><span style=\"font-family: 'times new roman', times, serif; font-size: 14pt;\">Le Gua : Pautard fermier au Gua, Roumejon Pierre, B\u00e9c\u00e8de Camille<\/span><\/em><\/strong><\/span><\/p>\n<p style=\"text-align: justify;\"><span style=\"color: #000000;\"><strong><em><span style=\"font-family: 'times new roman', times, serif; font-size: 14pt;\">Ablatas : Aures Jean Pierre, Laget Vincent, Agulhon Eug\u00e8ne<\/span><\/em><\/strong><\/span><\/p>\n<p style=\"text-align: justify;\"><span style=\"color: #000000;\"><strong><em><span style=\"font-family: 'times new roman', times, serif; font-size: 14pt;\">Rousses : Verdier C\u00e9sar, Libourel Jules, Pontier Pierre, Daunis David, Broussous Jean Pierre, Laget Louis, Pic Camille et Maurice, Gout Auguste, Hours Casimir, Laget F\u00e9lix Tardres Junior<\/span><\/em><\/strong><\/span><\/p>\n<p style=\"text-align: justify;\"><span style=\"color: #000000;\"><strong><em><span style=\"font-family: 'times new roman', times, serif; font-size: 14pt;\">Noms ray\u00e9s : Laget Jean Louis Ablats, Libourel Eug\u00e8ne Rousses, Pastre Seiguier, Daunis Auguste, Molherac, S\u00e9guin Ernest, Daunis Laurent, Pin, Gout, G\u00e9minard, Pontier Eug\u00e8ne Massevaques, Fesq<\/span><\/em><\/strong><\/span><\/p>\n<p style=\"text-align: right;\"><span style=\"font-size: 12pt; font-family: 'times new roman', times, serif; color: #000000;\"><strong><em>Document transcrit par G\u00e9rard Caillat<\/em><\/strong><\/span><\/p>\n<p>[\/et_pb_text][\/et_pb_column][\/et_pb_row][\/et_pb_section]<\/p>\n","protected":false},"excerpt":{"rendered":"<p><div class=\"et_pb_module lwp_divi_breadcrumbs lwp_divi_breadcrumbs_0\">\n\t\t\t\t\n\t\t\t\t\n\t\t\t\t\n\t\t\t\t\n\t\t\t\t\n\t\t\t\t\n\t\t\t\t<div class=\"et_pb_module_inner\">\n\t\t\t\t\t<div class=\"lwp-breadcrumbs\"><span class=\"before-icon et-pb-icon\">\ue074<\/span> <span class=\"before\"><\/span> <span vocab=\"https:\/\/schema.org\/\" typeof=\"BreadcrumbList\"><span property=\"itemListElement\" typeof=\"ListItem\"><a property=\"item\" typeof=\"WebPage\" href=\"https:\/\/roussesinfo.fr\/patrimoine\/\" class=\"home\"><span property=\"name\">Home<\/span><\/a><meta property=\"position\" content=\"1\"><\/span> <span class=\"separator et-pb-icon\">&#x39;<\/span> <\/span><\/div>\n\t\t\t\t<\/div>\n\t\t\t<\/div>1875 &#8211; Battue contre les loupsLe pr\u00e9fet de la Loz\u00e8re Vu la lettre de M. de Fenouillet lieutenant de louveterie&#8230; Vu l\u2019avis de M. l\u2019inspecteur des for\u00eats du d\u00e9partement, Vu l\u2019arr\u00eat\u00e9 du 19 pluviose an V, le r\u00e8glement [&hellip;]<\/p>\n","protected":false},"author":1,"featured_media":0,"parent":1766,"menu_order":0,"comment_status":"closed","ping_status":"closed","template":"","meta":{"_et_pb_use_builder":"on","_et_pb_old_content":"","_et_gb_content_width":"","footnotes":""},"class_list":["post-988","page","type-page","status-publish","hentry"],"_links":{"self":[{"href":"https:\/\/roussesinfo.fr\/patrimoine\/wp-json\/wp\/v2\/pages\/988","targetHints":{"allow":["GET"]}}],"collection":[{"href":"https:\/\/roussesinfo.fr\/patrimoine\/wp-json\/wp\/v2\/pages"}],"about":[{"href":"https:\/\/roussesinfo.fr\/patrimoine\/wp-json\/wp\/v2\/types\/page"}],"author":[{"embeddable":true,"href":"https:\/\/roussesinfo.fr\/patrimoine\/wp-json\/wp\/v2\/users\/1"}],"replies":[{"embeddable":true,"href":"https:\/\/roussesinfo.fr\/patrimoine\/wp-json\/wp\/v2\/comments?post=988"}],"version-history":[{"count":0,"href":"https:\/\/roussesinfo.fr\/patrimoine\/wp-json\/wp\/v2\/pages\/988\/revisions"}],"up":[{"embeddable":true,"href":"https:\/\/roussesinfo.fr\/patrimoine\/wp-json\/wp\/v2\/pages\/1766"}],"wp:attachment":[{"href":"https:\/\/roussesinfo.fr\/patrimoine\/wp-json\/wp\/v2\/media?parent=988"}],"curies":[{"name":"wp","href":"https:\/\/api.w.org\/{rel}","templated":true}]}}

<p>[et_pb_section fb_built= »1&Prime; _builder_version= »4.18.0&Prime; _module_preset= »default » background_image= »https://roussesinfo.fr/patrimoine/wp-content/uploads/2022/08/Textures-parcemin_01-scaled.jpg » custom_padding= »11px||||| » global_colors_info= »{} »][et_pb_row admin_label= »Fil arianne » _builder_version= »4.27.4&Prime; _module_preset= »default » width= »95% » max_width= »1711px » custom_padding= »5px||||| » global_colors_info= »{} » theme_builder_area= »post_content »][et_pb_column type= »4_4&Prime; _builder_version= »4.25.2&Prime; _module_preset= »default » global_colors_info= »{} » theme_builder_area= »post_content »][lwp_divi_breadcrumbs use_before_icon= »on » before_icon= »&#xe074;||divi||400&Prime; link_color= »#E02B20&Prime; separator_color= »#0C71C3&Prime; current_text_color= »#000000&Prime; admin_label= »Fil arianne » _builder_version= »4.27.4&Prime; _module_preset= »default » module_font= »Times New Roman|600|on|||||| » module_text_color= »#000000&Prime; module_font_size= »19px » custom_margin= »2px||||| » global_colors_info= »{} » theme_builder_area= »post_content »][/lwp_divi_breadcrumbs][/et_pb_column][/et_pb_row][et_pb_row _builder_version= »4.18.0&Prime; _module_preset= »default » custom_padding= »15px||||| » global_colors_info= »{} »][et_pb_column type= »4_4&Prime; _builder_version= »4.18.0&Prime; _module_preset= »default » global_colors_info= »{} »][et_pb_text _builder_version= »4.18.0&Prime; _module_preset= »default » global_colors_info= »{} »]</p>
<p style="text-align: center;"><strong><em><span style="font-size: 18pt; font-family: 'times new roman', times, serif; color: #000000;">1875 &#8211; Battue contre les loups</span></em></strong></p>
<p>[/et_pb_text][et_pb_text _builder_version= »4.18.0&Prime; _module_preset= »default » global_colors_info= »{} »]</p>
<p style="text-align: justify;"><span style="color: #000000;"><strong><em><span style="font-family: 'times new roman', times, serif; font-size: 14pt;">Le préfet de la Lozère Vu la lettre de M. de Fenouillet lieutenant de louveterie&#8230;</span></em></strong></span></p>
<p style="text-align: justify;"><span style="color: #000000;"><strong><em><span style="font-family: 'times new roman', times, serif; font-size: 14pt;">Vu l’avis de M. l’inspecteur des forêts du département,</span></em></strong></span></p>
<p style="text-align: justify;"><span style="color: #000000;"><strong><em><span style="font-family: 'times new roman', times, serif; font-size: 14pt;">Vu l’arrêté du 19 pluviose an V, le règlement du 20 août 1814 et les circulaires ministérielles des 9 juillet 1818 et 22 juillet 1851</span></em></strong></span></p>
<p style="text-align: justify;"><span style="color: #000000;"><strong><em><span style="font-family: 'times new roman', times, serif; font-size: 14pt;">Vu l’avis de M. le Sous-Préfet de Florac Arrête :</span></em></strong></span></p>
<p style="text-align: justify;"><span style="color: #000000;"><strong><em><span style="font-family: 'times new roman', times, serif; font-size: 14pt;">Article 1 er . Une battue aux loups sera effectuée le dimanche 25 juillet dans les communes de Meyrueis, Gatuzières, Rousses, Fraissinet de Fourques et Bassurels.</span></em></strong></span></p>
<p style="text-align: justify;"><span style="color: #000000;"><strong><em><span style="font-family: 'times new roman', times, serif; font-size: 14pt;">Article 2. La direction de cette battue est confiée à M. de Fenouillet&#8230;</span></em></strong></span></p>
<p style="text-align: justify;"><span style="color: #000000;"><strong><em><span style="font-family: 'times new roman', times, serif; font-size: 14pt;">Article 3. Les communes sur les territoires desquelles cette battue doit s’effectuer auront à fournir sur la réquisition de M. le Maire, des traqueurs dans la proportion de 10 % de la population, indépendamment des meilleurs tireurs de chaque localité&#8230;</span></em></strong></span></p>
<p style="text-align: justify;"><span style="color: #000000;"><strong><em><span style="font-family: 'times new roman', times, serif; font-size: 14pt;">Article 4. les chasseurs et les traqueurs se réuniront à 5 heures très précises du matin. Les tireurs de la commune de Meyrueis devront se réunir à la fontaine de l’Hérault et les traqueurs au village des Aubrets. Les chasseurs des autres communes devront se réunir à Fonfrège et les traqueurs au village de Cabrillac&#8230;</span></em></strong></span></p>
<p style="text-align: justify;"><span style="color: #000000;"><strong><em><span style="font-family: 'times new roman', times, serif; font-size: 14pt;">Fait à Mende le 13 juillet 1875. Le Préfet de la Lozère Lorois</span></em></strong></span></p>
<p style="text-align: justify;"><span style="color: #000000;"><strong><em><span style="font-family: 'times new roman', times, serif; font-size: 14pt;">Massevaques : Roussel Théodore, Prosper et Jean Louis, Tardres Auguste, Malaval Marcelin, Bourgade Florent, Daunis Laurent, Saumade Adolphe et Eugène</span></em></strong></span></p>
<p style="text-align: justify;"><span style="color: #000000;"><strong><em><span style="font-family: 'times new roman', times, serif; font-size: 14pt;">Carnac : Maurel Victor, Molines Laurent, Martin Dupon et Couderc David</span></em></strong></span></p>
<p style="text-align: justify;"><span style="color: #000000;"><strong><em><span style="font-family: 'times new roman', times, serif; font-size: 14pt;">Le Gua : Pautard fermier au Gua, Roumejon Pierre, Bécède Camille</span></em></strong></span></p>
<p style="text-align: justify;"><span style="color: #000000;"><strong><em><span style="font-family: 'times new roman', times, serif; font-size: 14pt;">Ablatas : Aures Jean Pierre, Laget Vincent, Agulhon Eugène</span></em></strong></span></p>
<p style="text-align: justify;"><span style="color: #000000;"><strong><em><span style="font-family: 'times new roman', times, serif; font-size: 14pt;">Rousses : Verdier César, Libourel Jules, Pontier Pierre, Daunis David, Broussous Jean Pierre, Laget Louis, Pic Camille et Maurice, Gout Auguste, Hours Casimir, Laget Félix Tardres Junior</span></em></strong></span></p>
<p style="text-align: justify;"><span style="color: #000000;"><strong><em><span style="font-family: 'times new roman', times, serif; font-size: 14pt;">Noms rayés : Laget Jean Louis Ablats, Libourel Eugène Rousses, Pastre Seiguier, Daunis Auguste, Molherac, Séguin Ernest, Daunis Laurent, Pin, Gout, Géminard, Pontier Eugène Massevaques, Fesq</span></em></strong></span></p>
<p style="text-align: right;"><span style="font-size: 12pt; font-family: 'times new roman', times, serif; color: #000000;"><strong><em>Document transcrit par Gérard Caillat</em></strong></span></p>
<p>[/et_pb_text][/et_pb_column][/et_pb_row][/et_pb_section]</p>

<p><div class="et_pb_module lwp_divi_breadcrumbs lwp_divi_breadcrumbs_0">
				
				
				
				
				
				
				<div class="et_pb_module_inner">
					<div class="lwp-breadcrumbs"><span class="before-icon et-pb-icon"></span> <span class="before"></span> <span vocab="https://schema.org/" typeof="BreadcrumbList"><span property="itemListElement" typeof="ListItem"><a property="item" typeof="WebPage" href="https://roussesinfo.fr/patrimoine/" class="home"><span property="name">Home</span></a><meta property="position" content="1"></span> <span class="separator et-pb-icon">&#x39;</span> </span></div>
				</div>
			</div>1875 &#8211; Battue contre les loupsLe préfet de la Lozère Vu la lettre de M. de Fenouillet lieutenant de louveterie&#8230; Vu l’avis de M. l’inspecteur des forêts du département, Vu l’arrêté du 19 pluviose an V, le règlement [&hellip;]</p>
