{"id":207,"date":"2025-09-30T08:18:54","date_gmt":"2025-09-30T06:18:54","guid":{"rendered":"https:\/\/roussesinfo.fr\/souvenirs\/?page_id=207"},"modified":"2026-03-22T10:29:13","modified_gmt":"2026-03-22T09:29:13","slug":"effet-du-temps-sur-la-vegetation","status":"publish","type":"page","link":"https:\/\/roussesinfo.fr\/souvenirs\/photos-et-videos\/effet-du-temps-sur-la-vegetation\/","title":{"rendered":"Effet du temps sur la v\u00e9g\u00e9tation"},"content":{"rendered":"<p>[et_pb_section fb_built=\u00a0\u00bb1&Prime; _builder_version=\u00a0\u00bb4.27.6&Prime; _module_preset=\u00a0\u00bbdefault\u00a0\u00bb background_image=\u00a0\u00bbhttps:\/\/roussesinfo.fr\/souvenirs\/wp-content\/uploads\/2025\/09\/fond-pour-souvenirs.jpg\u00a0\u00bb global_colors_info=\u00a0\u00bb{}\u00a0\u00bb][et_pb_row use_custom_gutter=\u00a0\u00bbon\u00a0\u00bb _builder_version=\u00a0\u00bb4.27.6&Prime; _module_preset=\u00a0\u00bbdefault\u00a0\u00bb width=\u00a0\u00bb95%\u00a0\u00bb max_width=\u00a0\u00bb1600px\u00a0\u00bb max_height=\u00a0\u00bb997px\u00a0\u00bb custom_margin=\u00a0\u00bb-53px|auto||84px|false|false\u00a0\u00bb custom_padding=\u00a0\u00bb3px|||2px|false|false\u00a0\u00bb global_colors_info=\u00a0\u00bb{}\u00a0\u00bb][et_pb_column type=\u00a0\u00bb4_4&Prime; _builder_version=\u00a0\u00bb4.27.6&Prime; _module_preset=\u00a0\u00bbdefault\u00a0\u00bb global_colors_info=\u00a0\u00bb{}\u00a0\u00bb][lwp_divi_breadcrumbs home_text=\u00a0\u00bbAccueil\u00a0\u00bb font_icon=\u00a0\u00bb&#xf101;||fa||900&Prime; use_before_icon=\u00a0\u00bbon\u00a0\u00bb before_icon=\u00a0\u00bb&#xe009;||divi||400&Prime; use_custom_home_link=\u00a0\u00bbon\u00a0\u00bb home_link=\u00a0\u00bbhttps:\/\/roussesinfo.fr\/souvenirs\/\u00a0\u00bb link_color=\u00a0\u00bb#0C71C3&Prime; separator_color=\u00a0\u00bb#000000&Prime; current_text_color=\u00a0\u00bb#E02B20&Prime; _builder_version=\u00a0\u00bb4.27.6&Prime; _module_preset=\u00a0\u00bbdefault\u00a0\u00bb module_font=\u00a0\u00bbTimes New Roman|600|on||||||\u00a0\u00bb module_text_align=\u00a0\u00bbleft\u00a0\u00bb module_text_color=\u00a0\u00bb#000000&Prime; module_font_size=\u00a0\u00bb18px\u00a0\u00bb text_orientation=\u00a0\u00bbleft\u00a0\u00bb global_colors_info=\u00a0\u00bb{}\u00a0\u00bb][\/lwp_divi_breadcrumbs][\/et_pb_column][\/et_pb_row][et_pb_row _builder_version=\u00a0\u00bb4.27.4&Prime; _module_preset=\u00a0\u00bbdefault\u00a0\u00bb global_colors_info=\u00a0\u00bb{}\u00a0\u00bb][et_pb_column type=\u00a0\u00bb4_4&Prime; _builder_version=\u00a0\u00bb4.27.4&Prime; _module_preset=\u00a0\u00bbdefault\u00a0\u00bb global_colors_info=\u00a0\u00bb{}\u00a0\u00bb][et_pb_text _builder_version=\u00a0\u00bb4.27.4&Prime; _module_preset=\u00a0\u00bbdefault\u00a0\u00bb custom_margin=\u00a0\u00bb-26px|||||\u00a0\u00bb custom_padding=\u00a0\u00bb45px|||||\u00a0\u00bb global_colors_info=\u00a0\u00bb{}\u00a0\u00bb]<\/p>\n<p style=\"text-align: center;\"><strong><em><span style=\"font-family: 'times new roman', times, serif; font-size: 24pt; color: #000000;\">L&rsquo;effet du temps sur la v\u00e9g\u00e9tation<\/span><\/em><\/strong><\/p>\n<p>[\/et_pb_text][\/et_pb_column][\/et_pb_row][et_pb_row column_structure=\u00a0\u00bb1_3,1_3,1_3&Prime; use_custom_gutter=\u00a0\u00bbon\u00a0\u00bb gutter_width=\u00a0\u00bb1&Prime; _builder_version=\u00a0\u00bb4.27.6&Prime; _module_preset=\u00a0\u00bbdefault\u00a0\u00bb width=\u00a0\u00bb95%\u00a0\u00bb max_width=\u00a0\u00bb1600px\u00a0\u00bb custom_margin=\u00a0\u00bb43px|auto||auto||\u00a0\u00bb global_colors_info=\u00a0\u00bb{}\u00a0\u00bb][et_pb_column type=\u00a0\u00bb1_3&Prime; _builder_version=\u00a0\u00bb4.27.4&Prime; _module_preset=\u00a0\u00bbdefault\u00a0\u00bb global_colors_info=\u00a0\u00bb{}\u00a0\u00bb][et_pb_text admin_label=\u00a0\u00bbquillette\u00a0\u00bb _builder_version=\u00a0\u00bb4.27.6&Prime; _module_preset=\u00a0\u00bbdefault\u00a0\u00bb custom_margin=\u00a0\u00bb||139px|||\u00a0\u00bb global_colors_info=\u00a0\u00bb{}\u00a0\u00bb]<\/p>\n<p style=\"text-align: center;\"><span style=\"color: #000000; font-size: 24pt;\"><em><strong><span style=\"font-family: 'times new roman', times, serif;\">La quillette<\/span><\/strong><\/em><\/span><\/p>\n<p>[\/et_pb_text][et_pb_video src=\u00a0\u00bbhttps:\/\/filedn.eu\/lg3AL4ukEAJhGtjeTgGWd00\/Vid%C3%A9os%20pour%20le%20site%20de%20Rousses\/Evolution%20de%20la%20v%C3%A9g%C3%A9tation.MP4&Prime; _builder_version=\u00a0\u00bb4.27.6&Prime; _module_preset=\u00a0\u00bbdefault\u00a0\u00bb width=\u00a0\u00bb95%\u00a0\u00bb global_colors_info=\u00a0\u00bb{}\u00a0\u00bb][\/et_pb_video][\/et_pb_column][et_pb_column type=\u00a0\u00bb1_3&Prime; _builder_version=\u00a0\u00bb4.27.4&Prime; _module_preset=\u00a0\u00bbdefault\u00a0\u00bb global_colors_info=\u00a0\u00bb{}\u00a0\u00bb][et_pb_text admin_label=\u00a0\u00bbla poste\u00a0\u00bb _builder_version=\u00a0\u00bb4.27.6&Prime; _module_preset=\u00a0\u00bbdefault\u00a0\u00bb custom_margin=\u00a0\u00bb||1px|||\u00a0\u00bb custom_padding=\u00a0\u00bb||2px|||\u00a0\u00bb global_colors_info=\u00a0\u00bb{}\u00a0\u00bb]<\/p>\n<p style=\"text-align: center;\"><span style=\"color: #000000; font-size: 24pt;\"><em><strong><span style=\"font-family: 'times new roman', times, serif;\">La poste<\/span><\/strong><\/em><\/span><\/p>\n<p>[\/et_pb_text][et_pb_image src=\u00a0\u00bbhttps:\/\/roussesinfo.fr\/souvenirs\/wp-content\/uploads\/2025\/09\/La-poste-autrefois.jpg\u00a0\u00bb title_text=\u00a0\u00bbLa poste autrefois\u00a0\u00bb url=\u00a0\u00bbhttps:\/\/roussesinfo.fr\/souvenirs\/wp-content\/uploads\/2025\/09\/laposte-entre-1945-et-2025.pdf\u00a0\u00bb url_new_window=\u00a0\u00bbon\u00a0\u00bb align=\u00a0\u00bbcenter\u00a0\u00bb _builder_version=\u00a0\u00bb4.27.4&Prime; _module_preset=\u00a0\u00bbdefault\u00a0\u00bb custom_margin=\u00a0\u00bb88px|||||\u00a0\u00bb global_colors_info=\u00a0\u00bb{}\u00a0\u00bb][\/et_pb_image][\/et_pb_column][et_pb_column type=\u00a0\u00bb1_3&Prime; _builder_version=\u00a0\u00bb4.27.4&Prime; _module_preset=\u00a0\u00bbdefault\u00a0\u00bb global_colors_info=\u00a0\u00bb{}\u00a0\u00bb][et_pb_text admin_label=\u00a0\u00bbpont de rousses\u00a0\u00bb _builder_version=\u00a0\u00bb4.27.6&Prime; _module_preset=\u00a0\u00bbdefault\u00a0\u00bb custom_margin=\u00a0\u00bb||41px|||\u00a0\u00bb global_colors_info=\u00a0\u00bb{}\u00a0\u00bb]<\/p>\n<p style=\"text-align: center;\"><span style=\"color: #000000; font-size: 24pt;\"><em><strong><span style=\"font-family: 'times new roman', times, serif;\">Pont de Rousses<\/span><\/strong><\/em><\/span><\/p>\n<p>[\/et_pb_text][et_pb_video src=\u00a0\u00bbhttps:\/\/filedn.eu\/lg3AL4ukEAJhGtjeTgGWd00\/Vid%C3%A9os%20pour%20le%20site%20de%20Rousses\/Une-photo-de-Rousses-en-1925-et-2010.mp4&Prime; _builder_version=\u00a0\u00bb4.27.4&Prime; _module_preset=\u00a0\u00bbdefault\u00a0\u00bb custom_margin=\u00a0\u00bb117px|||||\u00a0\u00bb custom_padding=\u00a0\u00bb|||29px||\u00a0\u00bb global_colors_info=\u00a0\u00bb{}\u00a0\u00bb][\/et_pb_video][\/et_pb_column][\/et_pb_row][\/et_pb_section]<\/p>\n","protected":false},"excerpt":{"rendered":"<p><div class=\"et_pb_module lwp_divi_breadcrumbs lwp_divi_breadcrumbs_0\">\n\t\t\t\t\n\t\t\t\t\n\t\t\t\t\n\t\t\t\t\n\t\t\t\t\n\t\t\t\t\n\t\t\t\t<div class=\"et_pb_module_inner\">\n\t\t\t\t\t<div class=\"lwp-breadcrumbs\"><span class=\"before-icon et-pb-icon\">\ue009<\/span> <span class=\"before\"><\/span> <span vocab=\"https:\/\/schema.org\/\" typeof=\"BreadcrumbList\"><span property=\"itemListElement\" typeof=\"ListItem\"><a property=\"item\" typeof=\"WebPage\" href=\"https:\/\/roussesinfo.fr\/souvenirs\/\" class=\"home\"><span property=\"name\">Accueil<\/span><\/a><meta property=\"position\" content=\"1\"><\/span> <span class=\"separator et-pb-icon\">\uf101<\/span> <\/span><\/div>\n\t\t\t\t<\/div>\n\t\t\t<\/div>L&rsquo;effet du temps sur la v\u00e9g\u00e9tationLa quilletteLa postePont de Rousses<\/p>\n","protected":false},"author":1,"featured_media":0,"parent":16,"menu_order":0,"comment_status":"closed","ping_status":"closed","template":"","meta":{"_et_pb_use_builder":"on","_et_pb_old_content":"","_et_gb_content_width":"","footnotes":""},"class_list":["post-207","page","type-page","status-publish","hentry"],"yoast_head":"<!-- This site is optimized with the Yoast SEO plugin v27.5 - https:\/\/yoast.com\/product\/yoast-seo-wordpress\/ -->\n<title>Effet du temps sur la v\u00e9g\u00e9tation - Nos souvenirs<\/title>\n<meta name=\"robots\" content=\"index, follow, max-snippet:-1, max-image-preview:large, max-video-preview:-1\" \/>\n<link rel=\"canonical\" href=\"https:\/\/roussesinfo.fr\/souvenirs\/photos-et-videos\/effet-du-temps-sur-la-vegetation\/\" \/>\n<meta property=\"og:locale\" content=\"fr_FR\" \/>\n<meta property=\"og:type\" content=\"article\" \/>\n<meta property=\"og:title\" content=\"Effet du temps sur la v\u00e9g\u00e9tation - Nos souvenirs\" \/>\n<meta property=\"og:description\" content=\"L&#039;effet du temps sur la v\u00e9g\u00e9tationLa quilletteLa postePont de Rousses\" \/>\n<meta property=\"og:url\" content=\"https:\/\/roussesinfo.fr\/souvenirs\/photos-et-videos\/effet-du-temps-sur-la-vegetation\/\" \/>\n<meta property=\"og:site_name\" content=\"Nos souvenirs\" \/>\n<meta property=\"article:modified_time\" content=\"2026-03-22T09:29:13+00:00\" \/>\n<meta property=\"og:image\" content=\"https:\/\/roussesinfo.fr\/souvenirs\/wp-content\/uploads\/2025\/09\/logo-souvenirs_lwsoptimized.webp\" \/>\n\t<meta property=\"og:image:width\" content=\"563\" \/>\n\t<meta property=\"og:image:height\" content=\"563\" \/>\n\t<meta property=\"og:image:type\" content=\"image\/webp\" \/>\n<meta name=\"twitter:card\" content=\"summary_large_image\" \/>\n<meta name=\"twitter:label1\" content=\"Dur\u00e9e de lecture estim\u00e9e\" \/>\n\t<meta name=\"twitter:data1\" content=\"1 minute\" \/>\n<script type=\"application\/ld+json\" class=\"yoast-schema-graph\">{\"@context\":\"https:\\\/\\\/schema.org\",\"@graph\":[{\"@type\":\"WebPage\",\"@id\":\"https:\\\/\\\/roussesinfo.fr\\\/souvenirs\\\/photos-et-videos\\\/effet-du-temps-sur-la-vegetation\\\/\",\"url\":\"https:\\\/\\\/roussesinfo.fr\\\/souvenirs\\\/photos-et-videos\\\/effet-du-temps-sur-la-vegetation\\\/\",\"name\":\"Effet du temps sur la v\u00e9g\u00e9tation - Nos souvenirs\",\"isPartOf\":{\"@id\":\"https:\\\/\\\/roussesinfo.fr\\\/souvenirs\\\/#website\"},\"datePublished\":\"2025-09-30T06:18:54+00:00\",\"dateModified\":\"2026-03-22T09:29:13+00:00\",\"breadcrumb\":{\"@id\":\"https:\\\/\\\/roussesinfo.fr\\\/souvenirs\\\/photos-et-videos\\\/effet-du-temps-sur-la-vegetation\\\/#breadcrumb\"},\"inLanguage\":\"fr-FR\",\"potentialAction\":[{\"@type\":\"ReadAction\",\"target\":[\"https:\\\/\\\/roussesinfo.fr\\\/souvenirs\\\/photos-et-videos\\\/effet-du-temps-sur-la-vegetation\\\/\"]}]},{\"@type\":\"BreadcrumbList\",\"@id\":\"https:\\\/\\\/roussesinfo.fr\\\/souvenirs\\\/photos-et-videos\\\/effet-du-temps-sur-la-vegetation\\\/#breadcrumb\",\"itemListElement\":[{\"@type\":\"ListItem\",\"position\":1,\"name\":\"Accueil\",\"item\":\"https:\\\/\\\/roussesinfo.fr\\\/souvenirs\\\/\"},{\"@type\":\"ListItem\",\"position\":2,\"name\":\"Photos et Vid\u00e9os\",\"item\":\"https:\\\/\\\/roussesinfo.fr\\\/souvenirs\\\/photos-et-videos\\\/\"},{\"@type\":\"ListItem\",\"position\":3,\"name\":\"Effet du temps sur la v\u00e9g\u00e9tation\"}]},{\"@type\":\"WebSite\",\"@id\":\"https:\\\/\\\/roussesinfo.fr\\\/souvenirs\\\/#website\",\"url\":\"https:\\\/\\\/roussesinfo.fr\\\/souvenirs\\\/\",\"name\":\"Nos souvenirs\",\"description\":\"Pour le plaisir de revoir notre pass\u00e9\",\"publisher\":{\"@id\":\"https:\\\/\\\/roussesinfo.fr\\\/souvenirs\\\/#\\\/schema\\\/person\\\/51fe11abd8906c923334a0b92e9ee061\"},\"potentialAction\":[{\"@type\":\"SearchAction\",\"target\":{\"@type\":\"EntryPoint\",\"urlTemplate\":\"https:\\\/\\\/roussesinfo.fr\\\/souvenirs\\\/?s={search_term_string}\"},\"query-input\":{\"@type\":\"PropertyValueSpecification\",\"valueRequired\":true,\"valueName\":\"search_term_string\"}}],\"inLanguage\":\"fr-FR\"},{\"@type\":[\"Person\",\"Organization\"],\"@id\":\"https:\\\/\\\/roussesinfo.fr\\\/souvenirs\\\/#\\\/schema\\\/person\\\/51fe11abd8906c923334a0b92e9ee061\",\"name\":\"admin\",\"image\":{\"@type\":\"ImageObject\",\"inLanguage\":\"fr-FR\",\"@id\":\"https:\\\/\\\/secure.gravatar.com\\\/avatar\\\/dd6f6724eb1cb3496726f1f2d02cac624f2c197cddc3f037aabbaaf15720ce82?s=96&d=mm&r=g\",\"url\":\"https:\\\/\\\/secure.gravatar.com\\\/avatar\\\/dd6f6724eb1cb3496726f1f2d02cac624f2c197cddc3f037aabbaaf15720ce82?s=96&d=mm&r=g\",\"contentUrl\":\"https:\\\/\\\/secure.gravatar.com\\\/avatar\\\/dd6f6724eb1cb3496726f1f2d02cac624f2c197cddc3f037aabbaaf15720ce82?s=96&d=mm&r=g\",\"caption\":\"admin\"},\"logo\":{\"@id\":\"https:\\\/\\\/secure.gravatar.com\\\/avatar\\\/dd6f6724eb1cb3496726f1f2d02cac624f2c197cddc3f037aabbaaf15720ce82?s=96&d=mm&r=g\"},\"sameAs\":[\"https:\\\/\\\/roussesinfo.fr\\\/souvenirs\"]}]}<\/script>\n<!-- \/ Yoast SEO plugin. -->","yoast_head_json":{"title":"Effet du temps sur la v\u00e9g\u00e9tation - Nos souvenirs","robots":{"index":"index","follow":"follow","max-snippet":"max-snippet:-1","max-image-preview":"max-image-preview:large","max-video-preview":"max-video-preview:-1"},"canonical":"https:\/\/roussesinfo.fr\/souvenirs\/photos-et-videos\/effet-du-temps-sur-la-vegetation\/","og_locale":"fr_FR","og_type":"article","og_title":"Effet du temps sur la v\u00e9g\u00e9tation - Nos souvenirs","og_description":"L'effet du temps sur la v\u00e9g\u00e9tationLa quilletteLa postePont de Rousses","og_url":"https:\/\/roussesinfo.fr\/souvenirs\/photos-et-videos\/effet-du-temps-sur-la-vegetation\/","og_site_name":"Nos souvenirs","article_modified_time":"2026-03-22T09:29:13+00:00","og_image":[{"width":563,"height":563,"url":"https:\/\/roussesinfo.fr\/souvenirs\/wp-content\/uploads\/2025\/09\/logo-souvenirs_lwsoptimized.webp","type":"image\/webp"}],"twitter_card":"summary_large_image","twitter_misc":{"Dur\u00e9e de lecture estim\u00e9e":"1 minute"},"schema":{"@context":"https:\/\/schema.org","@graph":[{"@type":"WebPage","@id":"https:\/\/roussesinfo.fr\/souvenirs\/photos-et-videos\/effet-du-temps-sur-la-vegetation\/","url":"https:\/\/roussesinfo.fr\/souvenirs\/photos-et-videos\/effet-du-temps-sur-la-vegetation\/","name":"Effet du temps sur la v\u00e9g\u00e9tation - Nos souvenirs","isPartOf":{"@id":"https:\/\/roussesinfo.fr\/souvenirs\/#website"},"datePublished":"2025-09-30T06:18:54+00:00","dateModified":"2026-03-22T09:29:13+00:00","breadcrumb":{"@id":"https:\/\/roussesinfo.fr\/souvenirs\/photos-et-videos\/effet-du-temps-sur-la-vegetation\/#breadcrumb"},"inLanguage":"fr-FR","potentialAction":[{"@type":"ReadAction","target":["https:\/\/roussesinfo.fr\/souvenirs\/photos-et-videos\/effet-du-temps-sur-la-vegetation\/"]}]},{"@type":"BreadcrumbList","@id":"https:\/\/roussesinfo.fr\/souvenirs\/photos-et-videos\/effet-du-temps-sur-la-vegetation\/#breadcrumb","itemListElement":[{"@type":"ListItem","position":1,"name":"Accueil","item":"https:\/\/roussesinfo.fr\/souvenirs\/"},{"@type":"ListItem","position":2,"name":"Photos et Vid\u00e9os","item":"https:\/\/roussesinfo.fr\/souvenirs\/photos-et-videos\/"},{"@type":"ListItem","position":3,"name":"Effet du temps sur la v\u00e9g\u00e9tation"}]},{"@type":"WebSite","@id":"https:\/\/roussesinfo.fr\/souvenirs\/#website","url":"https:\/\/roussesinfo.fr\/souvenirs\/","name":"Nos souvenirs","description":"Pour le plaisir de revoir notre pass\u00e9","publisher":{"@id":"https:\/\/roussesinfo.fr\/souvenirs\/#\/schema\/person\/51fe11abd8906c923334a0b92e9ee061"},"potentialAction":[{"@type":"SearchAction","target":{"@type":"EntryPoint","urlTemplate":"https:\/\/roussesinfo.fr\/souvenirs\/?s={search_term_string}"},"query-input":{"@type":"PropertyValueSpecification","valueRequired":true,"valueName":"search_term_string"}}],"inLanguage":"fr-FR"},{"@type":["Person","Organization"],"@id":"https:\/\/roussesinfo.fr\/souvenirs\/#\/schema\/person\/51fe11abd8906c923334a0b92e9ee061","name":"admin","image":{"@type":"ImageObject","inLanguage":"fr-FR","@id":"https:\/\/secure.gravatar.com\/avatar\/dd6f6724eb1cb3496726f1f2d02cac624f2c197cddc3f037aabbaaf15720ce82?s=96&d=mm&r=g","url":"https:\/\/secure.gravatar.com\/avatar\/dd6f6724eb1cb3496726f1f2d02cac624f2c197cddc3f037aabbaaf15720ce82?s=96&d=mm&r=g","contentUrl":"https:\/\/secure.gravatar.com\/avatar\/dd6f6724eb1cb3496726f1f2d02cac624f2c197cddc3f037aabbaaf15720ce82?s=96&d=mm&r=g","caption":"admin"},"logo":{"@id":"https:\/\/secure.gravatar.com\/avatar\/dd6f6724eb1cb3496726f1f2d02cac624f2c197cddc3f037aabbaaf15720ce82?s=96&d=mm&r=g"},"sameAs":["https:\/\/roussesinfo.fr\/souvenirs"]}]}},"_links":{"self":[{"href":"https:\/\/roussesinfo.fr\/souvenirs\/wp-json\/wp\/v2\/pages\/207","targetHints":{"allow":["GET"]}}],"collection":[{"href":"https:\/\/roussesinfo.fr\/souvenirs\/wp-json\/wp\/v2\/pages"}],"about":[{"href":"https:\/\/roussesinfo.fr\/souvenirs\/wp-json\/wp\/v2\/types\/page"}],"author":[{"embeddable":true,"href":"https:\/\/roussesinfo.fr\/souvenirs\/wp-json\/wp\/v2\/users\/1"}],"replies":[{"embeddable":true,"href":"https:\/\/roussesinfo.fr\/souvenirs\/wp-json\/wp\/v2\/comments?post=207"}],"version-history":[{"count":0,"href":"https:\/\/roussesinfo.fr\/souvenirs\/wp-json\/wp\/v2\/pages\/207\/revisions"}],"up":[{"embeddable":true,"href":"https:\/\/roussesinfo.fr\/souvenirs\/wp-json\/wp\/v2\/pages\/16"}],"wp:attachment":[{"href":"https:\/\/roussesinfo.fr\/souvenirs\/wp-json\/wp\/v2\/media?parent=207"}],"curies":[{"name":"wp","href":"https:\/\/api.w.org\/{rel}","templated":true}]}}