{"id":255,"date":"2025-10-15T17:31:56","date_gmt":"2025-10-15T15:31:56","guid":{"rendered":"https:\/\/roussesinfo.fr\/souvenirs\/?page_id=255"},"modified":"2026-03-21T17:57:55","modified_gmt":"2026-03-21T16:57:55","slug":"souvenirs-denfance-de-claude-grellier","status":"publish","type":"page","link":"https:\/\/roussesinfo.fr\/souvenirs\/souvenirs-denfance-de-claude-grellier\/","title":{"rendered":"Souvenirs d&rsquo;enfance de Claude Grellier"},"content":{"rendered":"<p>[et_pb_section fb_built=\u00a0\u00bb1&Prime; _builder_version=\u00a0\u00bb4.27.4&Prime; _module_preset=\u00a0\u00bbdefault\u00a0\u00bb background_image=\u00a0\u00bbhttps:\/\/roussesinfo.fr\/souvenirs\/wp-content\/uploads\/2025\/09\/fond-pour-souvenirs.jpg\u00a0\u00bb custom_padding=\u00a0\u00bb50px|||||\u00a0\u00bb global_colors_info=\u00a0\u00bb{}\u00a0\u00bb][et_pb_row use_custom_gutter=\u00a0\u00bbon\u00a0\u00bb _builder_version=\u00a0\u00bb4.27.6&Prime; _module_preset=\u00a0\u00bbdefault\u00a0\u00bb width=\u00a0\u00bb95%\u00a0\u00bb max_width=\u00a0\u00bb1600px\u00a0\u00bb max_height=\u00a0\u00bb997px\u00a0\u00bb custom_margin=\u00a0\u00bb-53px|auto||84px|false|false\u00a0\u00bb custom_padding=\u00a0\u00bb3px|||2px|false|false\u00a0\u00bb global_colors_info=\u00a0\u00bb{}\u00a0\u00bb theme_builder_area=\u00a0\u00bbpost_content\u00a0\u00bb][et_pb_column type=\u00a0\u00bb4_4&Prime; _builder_version=\u00a0\u00bb4.27.6&Prime; _module_preset=\u00a0\u00bbdefault\u00a0\u00bb global_colors_info=\u00a0\u00bb{}\u00a0\u00bb theme_builder_area=\u00a0\u00bbpost_content\u00a0\u00bb][lwp_divi_breadcrumbs home_text=\u00a0\u00bbAccueil\u00a0\u00bb font_icon=\u00a0\u00bb&#xf101;||fa||900&Prime; use_before_icon=\u00a0\u00bbon\u00a0\u00bb before_icon=\u00a0\u00bb&#xe009;||divi||400&Prime; use_custom_home_link=\u00a0\u00bbon\u00a0\u00bb home_link=\u00a0\u00bbhttps:\/\/roussesinfo.fr\/souvenirs\/\u00a0\u00bb link_color=\u00a0\u00bb#0C71C3&Prime; separator_color=\u00a0\u00bb#000000&Prime; current_text_color=\u00a0\u00bb#E02B20&Prime; _builder_version=\u00a0\u00bb4.27.6&Prime; _module_preset=\u00a0\u00bbdefault\u00a0\u00bb module_font=\u00a0\u00bbTimes New Roman|600|on||||||\u00a0\u00bb module_text_align=\u00a0\u00bbleft\u00a0\u00bb module_text_color=\u00a0\u00bb#000000&Prime; module_font_size=\u00a0\u00bb18px\u00a0\u00bb text_orientation=\u00a0\u00bbleft\u00a0\u00bb global_colors_info=\u00a0\u00bb{}\u00a0\u00bb theme_builder_area=\u00a0\u00bbpost_content\u00a0\u00bb][\/lwp_divi_breadcrumbs][\/et_pb_column][\/et_pb_row][et_pb_row _builder_version=\u00a0\u00bb4.27.4&Prime; _module_preset=\u00a0\u00bbdefault\u00a0\u00bb width=\u00a0\u00bb90%\u00a0\u00bb max_width=\u00a0\u00bb2286px\u00a0\u00bb global_colors_info=\u00a0\u00bb{}\u00a0\u00bb][et_pb_column type=\u00a0\u00bb4_4&Prime; _builder_version=\u00a0\u00bb4.27.4&Prime; _module_preset=\u00a0\u00bbdefault\u00a0\u00bb global_colors_info=\u00a0\u00bb{}\u00a0\u00bb][et_pb_text _builder_version=\u00a0\u00bb4.27.4&Prime; _module_preset=\u00a0\u00bbdefault\u00a0\u00bb text_orientation=\u00a0\u00bbjustified\u00a0\u00bb custom_margin=\u00a0\u00bb-17px||2px|||\u00a0\u00bb global_colors_info=\u00a0\u00bb{}\u00a0\u00bb]<\/p>\n<p><span style=\"color: #000000;\"><strong><span style=\"font-size: 14pt;\"><em><span style=\"font-family: 'times new roman', times, serif;\">Je me souviens : Claude Grellier le mardi 14 oct. 15:39<\/span><\/em><\/span><\/strong><\/span><\/p>\n<p><span style=\"color: #000000;\"><strong><em><span style=\"font-size: 14pt; font-family: 'times new roman', times, serif;\">Je me souviens, \u00e0 Cabrillac &#8211; j&rsquo;y viens depuis 1952 !- de Paul Poujol, grand p\u00e8re maternel de Serge et Catherine Gout ( Agrinier) qui attelait ses boeufs en leur posant tranquillement un joug sur la nuque avec une habilet\u00e9 qu&rsquo;enfants mes fr\u00e8res et moi admirions, qui tapait pour l&rsquo;aiguiser sa faux puis coupait l&rsquo;herbe de juin juillet en un geste auguste et r\u00e9gulier, qui, parfois, le soir venu, prenait son harmonica et restituait des m\u00e9lodies connues au Maroc o\u00f9 il avait \u00e9t\u00e9 soldat au tout d\u00e9but des ann\u00e9es 1920.<\/span><\/em><\/strong><\/span><br \/><span style=\"color: #000000;\"><strong><em><span style=\"font-size: 14pt; font-family: 'times new roman', times, serif;\">Je me souviens de l&rsquo;arriv\u00e9e \u00e0 Cabrillac aux petites vacances de la Toussaint, o\u00f9 nous prenions le d\u00eener pr\u00e9par\u00e9 par Marie Poujol ( n\u00e9e Hubac) la femme de Paul, cousine germaine de ma grand m\u00e8re maternelle.<\/span><\/em><\/strong><\/span><br \/><span style=\"color: #000000;\"><strong><em><span style=\"font-size: 14pt; font-family: 'times new roman', times, serif;\">Je me souviens des visites \u00e0 Massevaques, d&rsquo;abord \u00e0 v\u00e9lo, ensuite en voiture, o\u00f9 la grand m\u00e8re de Robert Chaze et de Jean Paul Martin nous vendait du fromage d&rsquo;une qualit\u00e9 telle que je n&rsquo;en ai plus jamais retrouv\u00e9 d&rsquo;aussi bons.<\/span><\/em><\/strong><\/span><br \/><span style=\"color: #000000;\"><strong><em><span style=\"font-size: 14pt; font-family: 'times new roman', times, serif;\">Je me souviens d&rsquo;un No\u00ebl o\u00f9, bien avant d&rsquo;atteindre la Brasque, la D 119 \u00e9tait si enneig\u00e9e que nous avons trouv\u00e9 refuge chez Andr\u00e9 et Alice Argenson qui nous ont, mon fr\u00e8re Bernard et moi, chaleureusement accueillis.<\/span><\/em><\/strong><\/span><br \/><span style=\"color: #000000;\"><strong><em><span style=\"font-size: 14pt; font-family: 'times new roman', times, serif;\">Je me souviens des passages des troupeaux transhumants, avec sonnailles et pompons , traversant, fin septembre (la rentr\u00e9e des classes avait lieu le 1er octobre, et elles ne nous ont jamais paru trop longues) le hameau , comme un flux qui semblait ne jamais devoir finir. Ils venaient du causse M\u00e9jean ou de Conilhergues , puis prenaient la direction du col Salid\u00e8s ou de la Luzette<\/span><\/em><\/strong><\/span><br \/><span style=\"color: #000000;\"><strong><em><span style=\"font-size: 14pt; font-family: 'times new roman', times, serif;\">Je me souviens des travaux, en 1979, de contournement de Cabrillac et de l&rsquo;animation qu&rsquo;ils ont caus\u00e9e.<br \/><\/span><\/em><\/strong><\/span><\/p>\n<p>[\/et_pb_text][\/et_pb_column][\/et_pb_row][\/et_pb_section]<\/p>\n","protected":false},"excerpt":{"rendered":"<p><div class=\"et_pb_module lwp_divi_breadcrumbs lwp_divi_breadcrumbs_0\">\n\t\t\t\t\n\t\t\t\t\n\t\t\t\t\n\t\t\t\t\n\t\t\t\t\n\t\t\t\t\n\t\t\t\t<div class=\"et_pb_module_inner\">\n\t\t\t\t\t<div class=\"lwp-breadcrumbs\"><span class=\"before-icon et-pb-icon\">\ue009<\/span> <span class=\"before\"><\/span> <span vocab=\"https:\/\/schema.org\/\" typeof=\"BreadcrumbList\"><span property=\"itemListElement\" typeof=\"ListItem\"><a property=\"item\" typeof=\"WebPage\" href=\"https:\/\/roussesinfo.fr\/souvenirs\/\" class=\"home\"><span property=\"name\">Accueil<\/span><\/a><meta property=\"position\" content=\"1\"><\/span> <span class=\"separator et-pb-icon\">\uf101<\/span> <\/span><\/div>\n\t\t\t\t<\/div>\n\t\t\t<\/div>Je me souviens : Claude Grellier le mardi 14 oct. 15:39 Je me souviens, \u00e0 Cabrillac &#8211; j&rsquo;y viens depuis 1952 !- de Paul Poujol, grand p\u00e8re maternel de Serge et Catherine Gout ( Agrinier) [&hellip;]<\/p>\n","protected":false},"author":1,"featured_media":0,"parent":0,"menu_order":0,"comment_status":"closed","ping_status":"closed","template":"","meta":{"_et_pb_use_builder":"on","_et_pb_old_content":"","_et_gb_content_width":"","footnotes":""},"class_list":["post-255","page","type-page","status-publish","hentry"],"yoast_head":"<!-- This site is optimized with the Yoast SEO plugin v27.5 - https:\/\/yoast.com\/product\/yoast-seo-wordpress\/ -->\n<title>Souvenirs d&#039;enfance de Claude Grellier - Nos souvenirs<\/title>\n<meta name=\"robots\" content=\"index, follow, max-snippet:-1, max-image-preview:large, max-video-preview:-1\" \/>\n<link rel=\"canonical\" href=\"https:\/\/roussesinfo.fr\/souvenirs\/souvenirs-denfance-de-claude-grellier\/\" \/>\n<meta property=\"og:locale\" content=\"fr_FR\" \/>\n<meta property=\"og:type\" content=\"article\" \/>\n<meta property=\"og:title\" content=\"Souvenirs d&#039;enfance de Claude Grellier - Nos souvenirs\" \/>\n<meta property=\"og:description\" content=\"Je me souviens : Claude Grellier le mardi 14 oct. 15:39 Je me souviens, \u00e0 Cabrillac - j&#039;y viens depuis 1952 !- de Paul Poujol, grand p\u00e8re maternel de Serge et Catherine Gout ( Agrinier) [&hellip;]\" \/>\n<meta property=\"og:url\" content=\"https:\/\/roussesinfo.fr\/souvenirs\/souvenirs-denfance-de-claude-grellier\/\" \/>\n<meta property=\"og:site_name\" content=\"Nos souvenirs\" \/>\n<meta property=\"article:modified_time\" content=\"2026-03-21T16:57:55+00:00\" \/>\n<meta property=\"og:image\" content=\"https:\/\/roussesinfo.fr\/souvenirs\/wp-content\/uploads\/2025\/09\/logo-souvenirs_lwsoptimized.webp\" \/>\n\t<meta property=\"og:image:width\" content=\"563\" \/>\n\t<meta property=\"og:image:height\" content=\"563\" \/>\n\t<meta property=\"og:image:type\" content=\"image\/webp\" \/>\n<meta name=\"twitter:card\" content=\"summary_large_image\" \/>\n<meta name=\"twitter:label1\" content=\"Dur\u00e9e de lecture estim\u00e9e\" \/>\n\t<meta name=\"twitter:data1\" content=\"2 minutes\" \/>\n<script type=\"application\/ld+json\" class=\"yoast-schema-graph\">{\"@context\":\"https:\\\/\\\/schema.org\",\"@graph\":[{\"@type\":\"WebPage\",\"@id\":\"https:\\\/\\\/roussesinfo.fr\\\/souvenirs\\\/souvenirs-denfance-de-claude-grellier\\\/\",\"url\":\"https:\\\/\\\/roussesinfo.fr\\\/souvenirs\\\/souvenirs-denfance-de-claude-grellier\\\/\",\"name\":\"Souvenirs d'enfance de Claude Grellier - Nos souvenirs\",\"isPartOf\":{\"@id\":\"https:\\\/\\\/roussesinfo.fr\\\/souvenirs\\\/#website\"},\"datePublished\":\"2025-10-15T15:31:56+00:00\",\"dateModified\":\"2026-03-21T16:57:55+00:00\",\"breadcrumb\":{\"@id\":\"https:\\\/\\\/roussesinfo.fr\\\/souvenirs\\\/souvenirs-denfance-de-claude-grellier\\\/#breadcrumb\"},\"inLanguage\":\"fr-FR\",\"potentialAction\":[{\"@type\":\"ReadAction\",\"target\":[\"https:\\\/\\\/roussesinfo.fr\\\/souvenirs\\\/souvenirs-denfance-de-claude-grellier\\\/\"]}]},{\"@type\":\"BreadcrumbList\",\"@id\":\"https:\\\/\\\/roussesinfo.fr\\\/souvenirs\\\/souvenirs-denfance-de-claude-grellier\\\/#breadcrumb\",\"itemListElement\":[{\"@type\":\"ListItem\",\"position\":1,\"name\":\"Accueil\",\"item\":\"https:\\\/\\\/roussesinfo.fr\\\/souvenirs\\\/\"},{\"@type\":\"ListItem\",\"position\":2,\"name\":\"Souvenirs d&rsquo;enfance de Claude Grellier\"}]},{\"@type\":\"WebSite\",\"@id\":\"https:\\\/\\\/roussesinfo.fr\\\/souvenirs\\\/#website\",\"url\":\"https:\\\/\\\/roussesinfo.fr\\\/souvenirs\\\/\",\"name\":\"Nos souvenirs\",\"description\":\"Pour le plaisir de revoir notre pass\u00e9\",\"publisher\":{\"@id\":\"https:\\\/\\\/roussesinfo.fr\\\/souvenirs\\\/#\\\/schema\\\/person\\\/51fe11abd8906c923334a0b92e9ee061\"},\"potentialAction\":[{\"@type\":\"SearchAction\",\"target\":{\"@type\":\"EntryPoint\",\"urlTemplate\":\"https:\\\/\\\/roussesinfo.fr\\\/souvenirs\\\/?s={search_term_string}\"},\"query-input\":{\"@type\":\"PropertyValueSpecification\",\"valueRequired\":true,\"valueName\":\"search_term_string\"}}],\"inLanguage\":\"fr-FR\"},{\"@type\":[\"Person\",\"Organization\"],\"@id\":\"https:\\\/\\\/roussesinfo.fr\\\/souvenirs\\\/#\\\/schema\\\/person\\\/51fe11abd8906c923334a0b92e9ee061\",\"name\":\"admin\",\"image\":{\"@type\":\"ImageObject\",\"inLanguage\":\"fr-FR\",\"@id\":\"https:\\\/\\\/secure.gravatar.com\\\/avatar\\\/dd6f6724eb1cb3496726f1f2d02cac624f2c197cddc3f037aabbaaf15720ce82?s=96&d=mm&r=g\",\"url\":\"https:\\\/\\\/secure.gravatar.com\\\/avatar\\\/dd6f6724eb1cb3496726f1f2d02cac624f2c197cddc3f037aabbaaf15720ce82?s=96&d=mm&r=g\",\"contentUrl\":\"https:\\\/\\\/secure.gravatar.com\\\/avatar\\\/dd6f6724eb1cb3496726f1f2d02cac624f2c197cddc3f037aabbaaf15720ce82?s=96&d=mm&r=g\",\"caption\":\"admin\"},\"logo\":{\"@id\":\"https:\\\/\\\/secure.gravatar.com\\\/avatar\\\/dd6f6724eb1cb3496726f1f2d02cac624f2c197cddc3f037aabbaaf15720ce82?s=96&d=mm&r=g\"},\"sameAs\":[\"https:\\\/\\\/roussesinfo.fr\\\/souvenirs\"]}]}<\/script>\n<!-- \/ Yoast SEO plugin. -->","yoast_head_json":{"title":"Souvenirs d'enfance de Claude Grellier - Nos souvenirs","robots":{"index":"index","follow":"follow","max-snippet":"max-snippet:-1","max-image-preview":"max-image-preview:large","max-video-preview":"max-video-preview:-1"},"canonical":"https:\/\/roussesinfo.fr\/souvenirs\/souvenirs-denfance-de-claude-grellier\/","og_locale":"fr_FR","og_type":"article","og_title":"Souvenirs d'enfance de Claude Grellier - Nos souvenirs","og_description":"Je me souviens : Claude Grellier le mardi 14 oct. 15:39 Je me souviens, \u00e0 Cabrillac - j'y viens depuis 1952 !- de Paul Poujol, grand p\u00e8re maternel de Serge et Catherine Gout ( Agrinier) [&hellip;]","og_url":"https:\/\/roussesinfo.fr\/souvenirs\/souvenirs-denfance-de-claude-grellier\/","og_site_name":"Nos souvenirs","article_modified_time":"2026-03-21T16:57:55+00:00","og_image":[{"width":563,"height":563,"url":"https:\/\/roussesinfo.fr\/souvenirs\/wp-content\/uploads\/2025\/09\/logo-souvenirs_lwsoptimized.webp","type":"image\/webp"}],"twitter_card":"summary_large_image","twitter_misc":{"Dur\u00e9e de lecture estim\u00e9e":"2 minutes"},"schema":{"@context":"https:\/\/schema.org","@graph":[{"@type":"WebPage","@id":"https:\/\/roussesinfo.fr\/souvenirs\/souvenirs-denfance-de-claude-grellier\/","url":"https:\/\/roussesinfo.fr\/souvenirs\/souvenirs-denfance-de-claude-grellier\/","name":"Souvenirs d'enfance de Claude Grellier - Nos souvenirs","isPartOf":{"@id":"https:\/\/roussesinfo.fr\/souvenirs\/#website"},"datePublished":"2025-10-15T15:31:56+00:00","dateModified":"2026-03-21T16:57:55+00:00","breadcrumb":{"@id":"https:\/\/roussesinfo.fr\/souvenirs\/souvenirs-denfance-de-claude-grellier\/#breadcrumb"},"inLanguage":"fr-FR","potentialAction":[{"@type":"ReadAction","target":["https:\/\/roussesinfo.fr\/souvenirs\/souvenirs-denfance-de-claude-grellier\/"]}]},{"@type":"BreadcrumbList","@id":"https:\/\/roussesinfo.fr\/souvenirs\/souvenirs-denfance-de-claude-grellier\/#breadcrumb","itemListElement":[{"@type":"ListItem","position":1,"name":"Accueil","item":"https:\/\/roussesinfo.fr\/souvenirs\/"},{"@type":"ListItem","position":2,"name":"Souvenirs d&rsquo;enfance de Claude Grellier"}]},{"@type":"WebSite","@id":"https:\/\/roussesinfo.fr\/souvenirs\/#website","url":"https:\/\/roussesinfo.fr\/souvenirs\/","name":"Nos souvenirs","description":"Pour le plaisir de revoir notre pass\u00e9","publisher":{"@id":"https:\/\/roussesinfo.fr\/souvenirs\/#\/schema\/person\/51fe11abd8906c923334a0b92e9ee061"},"potentialAction":[{"@type":"SearchAction","target":{"@type":"EntryPoint","urlTemplate":"https:\/\/roussesinfo.fr\/souvenirs\/?s={search_term_string}"},"query-input":{"@type":"PropertyValueSpecification","valueRequired":true,"valueName":"search_term_string"}}],"inLanguage":"fr-FR"},{"@type":["Person","Organization"],"@id":"https:\/\/roussesinfo.fr\/souvenirs\/#\/schema\/person\/51fe11abd8906c923334a0b92e9ee061","name":"admin","image":{"@type":"ImageObject","inLanguage":"fr-FR","@id":"https:\/\/secure.gravatar.com\/avatar\/dd6f6724eb1cb3496726f1f2d02cac624f2c197cddc3f037aabbaaf15720ce82?s=96&d=mm&r=g","url":"https:\/\/secure.gravatar.com\/avatar\/dd6f6724eb1cb3496726f1f2d02cac624f2c197cddc3f037aabbaaf15720ce82?s=96&d=mm&r=g","contentUrl":"https:\/\/secure.gravatar.com\/avatar\/dd6f6724eb1cb3496726f1f2d02cac624f2c197cddc3f037aabbaaf15720ce82?s=96&d=mm&r=g","caption":"admin"},"logo":{"@id":"https:\/\/secure.gravatar.com\/avatar\/dd6f6724eb1cb3496726f1f2d02cac624f2c197cddc3f037aabbaaf15720ce82?s=96&d=mm&r=g"},"sameAs":["https:\/\/roussesinfo.fr\/souvenirs"]}]}},"_links":{"self":[{"href":"https:\/\/roussesinfo.fr\/souvenirs\/wp-json\/wp\/v2\/pages\/255","targetHints":{"allow":["GET"]}}],"collection":[{"href":"https:\/\/roussesinfo.fr\/souvenirs\/wp-json\/wp\/v2\/pages"}],"about":[{"href":"https:\/\/roussesinfo.fr\/souvenirs\/wp-json\/wp\/v2\/types\/page"}],"author":[{"embeddable":true,"href":"https:\/\/roussesinfo.fr\/souvenirs\/wp-json\/wp\/v2\/users\/1"}],"replies":[{"embeddable":true,"href":"https:\/\/roussesinfo.fr\/souvenirs\/wp-json\/wp\/v2\/comments?post=255"}],"version-history":[{"count":0,"href":"https:\/\/roussesinfo.fr\/souvenirs\/wp-json\/wp\/v2\/pages\/255\/revisions"}],"wp:attachment":[{"href":"https:\/\/roussesinfo.fr\/souvenirs\/wp-json\/wp\/v2\/media?parent=255"}],"curies":[{"name":"wp","href":"https:\/\/api.w.org\/{rel}","templated":true}]}}